{"id":3398,"date":"2022-08-10T17:52:31","date_gmt":"2022-08-10T17:52:31","guid":{"rendered":"https:\/\/www2.unifap.br\/jornalismo\/?page_id=3398"},"modified":"2025-09-26T17:24:09","modified_gmt":"2025-09-26T17:24:09","slug":"__trashed","status":"publish","type":"page","link":"https:\/\/www2.unifap.br\/jornalismo\/__trashed\/","title":{"rendered":"REGIMENTOS E REGULAMENTOS (TCC, ACC EST\u00c1GIO)"},"content":{"rendered":"<p><a href=\"http:\/\/www2.unifap.br\/jornalismo\/files\/2023\/03\/Modelo-Projeto-Experimental-2023_aprovado-final.pdf\">Modelo Projeto Experimental 2023_aprovado final <\/a><\/p>\n<p><a href=\"http:\/\/www2.unifap.br\/jornalismo\/files\/2024\/01\/REGIMENTO-ACC-2023.pdf\">REGIMENTO-ACC 2023<\/a><\/p>\n<p><a href=\"http:\/\/www2.unifap.br\/jornalismo\/files\/2022\/09\/FORMULARIO-DE-ENTREGA-DE-ACC-ATUALIZADO-1.pdf\">FORMUL\u00c1RIO DE ENTREGA DE ACC ATUALIZADO<\/a><\/p>\n<p><strong><a href=\"http:\/\/www2.unifap.br\/jornalismo\/files\/2025\/09\/REGIMENTO_TCC_ATUALIZADO_FORMATADO-1.pdf\" rel=\"attachment wp-att-3360\">REGIMENTO DE TCC ATUALIZADO EM AGOSTO DE 2025<\/a><\/strong><\/p>\n<p><strong><a href=\"http:\/\/www2.unifap.br\/jornalismo\/documentos\/modelo-de-relatorio-de-experiencia-profissional\/\" rel=\"attachment wp-att-3306\">MODELO DE RELAT\u00d3RIO DE EXPERI\u00caNCIA PROFISSIONAL <\/a><\/strong><\/p>\n<p><strong><a href=\"http:\/\/www2.unifap.br\/jornalismo\/files\/2013\/12\/AP\u00caNDICES_-ANEXOS.pdf\">AP\u00caNDICES_ ANEXOS<\/a>\u00a0,\u00a0<a href=\"http:\/\/www2.unifap.br\/jornalismo\/files\/2013\/12\/Declara\u00e7\u00e3o-n\u00e3o-inscri\u00e7\u00e3o-TCC.doc\">DECLARA\u00c7\u00c3O DE N\u00c3O INSCRI\u00c7\u00c3O<\/a><\/strong><\/p>\n<p><strong><a href=\"http:\/\/www2.unifap.br\/jornalismo\/files\/2022\/09\/DECLARACAO-DE-AUTORIA-E-AUTORIZACAO-PARA-PUBLICACAO_ATUAL.pdf\">DECLARA\u00c7\u00c3O-DE-AUTORIA-E-AUTORIZA\u00c7\u00c3O-PARA-PUBLICA\u00c7\u00c3O_ATUAL<\/a>\u00a0<\/strong><\/p>\n<p><strong><a href=\"http:\/\/www2.unifap.br\/jornalismo\/files\/2013\/12\/REGULAMENTO-EST\u00c1GIO-SUPERVISIONADO-EM-JORNALISMO.pdf\">REGULAMENTO EST\u00c1GIO SUPERVISIONADO EM JORNALISMO<\/a>\u00a0E ANEXOS:\u00a0<a href=\"http:\/\/www2.unifap.br\/jornalismo\/files\/2013\/12\/ficha-de-avalia\u00e7\u00e3o-para-est\u00e1gio-supervisor-acad\u00eamico.doc\">Ficha de Avalia\u00e7\u00e3o<\/a><\/strong><\/p>\n<p><strong><a href=\"http:\/\/www2.unifap.br\/jornalismo\/documentos\/requerimento-de-convalidacao-de-estagio-em-jornalismo\/\" rel=\"attachment wp-att-3320\">REQUERIMENTO DE CONVALIDA\u00c7\u00c3O DE EST\u00c1GIO EM JORNALISMO<\/a><\/strong><\/p>\n<p><strong><a href=\"http:\/\/www2.unifap.br\/jornalismo\/files\/2013\/12\/REGULAMENTO_CONCESS\u00c3O_EQUIPAMENTOS.pdf\">REGULAMENTO_CONCESS\u00c3O_EQUIPAMENTOS<\/a><\/strong><\/p>\n<p><strong><a href=\"http:\/\/www2.unifap.br\/jornalismo\/files\/2013\/12\/REGIMENTO_COLEGIADO-DE-CURSO.pdf\">REGIMENTO_COLEGIADO DE CURSO<\/a><\/strong><\/p>\n<p><strong>\u00a0<\/strong><\/p>\n","protected":false},"excerpt":{"rendered":"<p>Modelo Projeto Experimental 2023_aprovado final REGIMENTO-ACC 2023 FORMUL\u00c1RIO DE ENTREGA DE ACC ATUALIZADO REGIMENTO DE TCC ATUALIZADO EM AGOSTO DE 2025 MODELO DE RELAT\u00d3RIO DE EXPERI\u00caNCIA PROFISSIONAL AP\u00caNDICES_ ANEXOS\u00a0,\u00a0DECLARA\u00c7\u00c3O DE N\u00c3O INSCRI\u00c7\u00c3O DECLARA\u00c7\u00c3O-DE-AUTORIA-E-AUTORIZA\u00c7\u00c3O-PARA-PUBLICA\u00c7\u00c3O_ATUAL\u00a0 REGULAMENTO EST\u00c1GIO SUPERVISIONADO EM JORNALISMO\u00a0E ANEXOS:\u00a0Ficha de&hellip; <\/p>\n<p><a href=\"https:\/\/www2.unifap.br\/jornalismo\/__trashed\/\" class=\"readmore-button\">Continue Reading<\/a><\/p>\n","protected":false},"author":830,"featured_media":0,"parent":0,"menu_order":0,"comment_status":"open","ping_status":"open","template":"","meta":{"inline_featured_image":false,"ngg_post_thumbnail":0,"footnotes":""},"class_list":["post-3398","page","type-page","status-publish","hentry"],"_links":{"self":[{"href":"https:\/\/www2.unifap.br\/jornalismo\/wp-json\/wp\/v2\/pages\/3398","targetHints":{"allow":["GET"]}}],"collection":[{"href":"https:\/\/www2.unifap.br\/jornalismo\/wp-json\/wp\/v2\/pages"}],"about":[{"href":"https:\/\/www2.unifap.br\/jornalismo\/wp-json\/wp\/v2\/types\/page"}],"author":[{"embeddable":true,"href":"https:\/\/www2.unifap.br\/jornalismo\/wp-json\/wp\/v2\/users\/830"}],"replies":[{"embeddable":true,"href":"https:\/\/www2.unifap.br\/jornalismo\/wp-json\/wp\/v2\/comments?post=3398"}],"version-history":[{"count":14,"href":"https:\/\/www2.unifap.br\/jornalismo\/wp-json\/wp\/v2\/pages\/3398\/revisions"}],"predecessor-version":[{"id":3732,"href":"https:\/\/www2.unifap.br\/jornalismo\/wp-json\/wp\/v2\/pages\/3398\/revisions\/3732"}],"wp:attachment":[{"href":"https:\/\/www2.unifap.br\/jornalismo\/wp-json\/wp\/v2\/media?parent=3398"}],"curies":[{"name":"wp","href":"https:\/\/api.w.org\/{rel}","templated":true}]}}