{"id":287,"date":"2022-12-08T11:31:28","date_gmt":"2022-12-08T14:31:28","guid":{"rendered":"https:\/\/www2.unifap.br\/labot\/?page_id=287"},"modified":"2023-01-30T11:06:33","modified_gmt":"2023-01-30T14:06:33","slug":"ferramentas-academicas","status":"publish","type":"page","link":"https:\/\/www2.unifap.br\/labot\/ferramentas-academicas\/","title":{"rendered":"Ferramentas acad\u00eamicas"},"content":{"rendered":"<p><img fetchpriority=\"high\" decoding=\"async\" class=\"alignnone wp-image-265\" src=\"http:\/\/www2.unifap.br\/labot\/files\/2022\/12\/WhatsApp-Image-2022-12-07-at-14.05.10.jpeg\" alt=\"\" width=\"435\" height=\"435\"><\/p>\n<p><img decoding=\"async\" class=\"alignnone size-full wp-image-340\" src=\"http:\/\/www2.unifap.br\/labot\/files\/2023\/01\/WhatsApp-Image-2023-01-28-at-13.16.55.jpeg\" alt=\"\" width=\"901\" height=\"1600\"> <img decoding=\"async\" class=\"alignnone wp-image-341\" src=\"http:\/\/www2.unifap.br\/labot\/files\/2023\/01\/WhatsApp-Image-2023-01-28-at-13.16.54.jpeg\" alt=\"\" width=\"347\" height=\"610\"><\/p>\n<p>O Grupo de Estudos em Fisiologia Vegetal (GEF) da Universidade Federal do Amap\u00e1 (UNIFAP) promove no dia 21 de janeiro a oficina \u201cFerramentas Acad\u00eamicas\u201d. A oficina ir\u00e1 aportar o uso das ferramentas BIORENDER, MENDELEY e do programa estat\u00edstico SISVAR.<\/p>\n<p>Ferramentas<\/p>\n<p>O Biorender \u00e9 uma plataforma especializada na cria\u00e7\u00e3o de imagens aplic\u00e1veis ao ensino de biologia, em especial aquelas ligadas \u00e0 microbiologia, gen\u00e9tica ou biologia celular. O Mendeley \u00e9 um gerenciador de refer\u00eancias bibliogr\u00e1ficas gratuito que tamb\u00e9m pode ser utilizado como uma rede social acad\u00eamica.<\/p>\n<p>O Sisvar \u00e9 um programa de an\u00e1lise estat\u00edstica e planejamento de experimentos.<\/p>\n<p>S\u00e3o 14 vagas dispon\u00edveis e o valor da inscri\u00e7\u00e3o \u00e9 de 10 reais. Mais informa\u00e7\u00f5es, acesse o Instagram do grupo (https:\/\/www.instagram.com\/fisiologiavegetal.gef\/) e no site https:\/\/www2.unifap.br\/labot\/<\/p>\n<p>&nbsp;<\/p>\n","protected":false},"excerpt":{"rendered":"<p>O Grupo de Estudos em Fisiologia Vegetal (GEF) da Universidade Federal do Amap\u00e1 (UNIFAP) promove no dia 21 de janeiro a oficina \u201cFerramentas Acad\u00eamicas\u201d. A oficina ir\u00e1 aportar o uso das ferramentas BIORENDER, MENDELEY e do programa estat\u00edstico SISVAR. Ferramentas O Biorender \u00e9 uma plataforma especializada na cria\u00e7\u00e3o de imagens aplic\u00e1veis ao ensino de biologia,&#8230;<\/p>\n","protected":false},"author":3941,"featured_media":0,"parent":0,"menu_order":0,"comment_status":"closed","ping_status":"closed","template":"","meta":{"inline_featured_image":false,"ngg_post_thumbnail":0,"footnotes":""},"class_list":["post-287","page","type-page","status-publish","hentry","entry"],"_links":{"self":[{"href":"https:\/\/www2.unifap.br\/labot\/wp-json\/wp\/v2\/pages\/287","targetHints":{"allow":["GET"]}}],"collection":[{"href":"https:\/\/www2.unifap.br\/labot\/wp-json\/wp\/v2\/pages"}],"about":[{"href":"https:\/\/www2.unifap.br\/labot\/wp-json\/wp\/v2\/types\/page"}],"author":[{"embeddable":true,"href":"https:\/\/www2.unifap.br\/labot\/wp-json\/wp\/v2\/users\/3941"}],"replies":[{"embeddable":true,"href":"https:\/\/www2.unifap.br\/labot\/wp-json\/wp\/v2\/comments?post=287"}],"version-history":[{"count":4,"href":"https:\/\/www2.unifap.br\/labot\/wp-json\/wp\/v2\/pages\/287\/revisions"}],"predecessor-version":[{"id":344,"href":"https:\/\/www2.unifap.br\/labot\/wp-json\/wp\/v2\/pages\/287\/revisions\/344"}],"wp:attachment":[{"href":"https:\/\/www2.unifap.br\/labot\/wp-json\/wp\/v2\/media?parent=287"}],"curies":[{"name":"wp","href":"https:\/\/api.w.org\/{rel}","templated":true}]}}