{"id":33,"date":"2022-09-21T16:42:35","date_gmt":"2022-09-21T19:42:35","guid":{"rendered":"https:\/\/www2.unifap.br\/labot\/?page_id=33"},"modified":"2022-09-22T09:42:26","modified_gmt":"2022-09-22T12:42:26","slug":"processo-seletivo","status":"publish","type":"page","link":"https:\/\/www2.unifap.br\/labot\/gef\/processo-seletivo\/","title":{"rendered":"Processo seletivo"},"content":{"rendered":"<p>Processo seletivo aberto, a inscri\u00e7\u00e3o vai at\u00e9 dia 25 de Setembro. Podem participar da sele\u00e7\u00e3o alunos de qualquer institui\u00e7\u00e3o p\u00fablica ou privada de ensino superior dos cursos de Ci\u00eancias Biol\u00f3gicas, Engenharia Agron\u00f4mica, Ci\u00eancias Naturais, Ci\u00eancias Ambientais e Engenharia Florestal que queiram entender sobre os processos funcionais das plantas.<\/p>\n<p>Para fazer sua inscri\u00e7\u00e3o \u00e9 necess\u00e1rio preencher suas informa\u00e7\u00f5es no formul\u00e1rio: https:\/\/docs.google.com\/forms\/d\/e\/1FAIpQLSfJiYGOTRqxaqhEUaAP4iTstA7W0UdRn_QjrbGBDwM61AskzQ\/viewform<\/p>\n","protected":false},"excerpt":{"rendered":"<p>Processo seletivo aberto, a inscri\u00e7\u00e3o vai at\u00e9 dia 25 de Setembro. Podem participar da sele\u00e7\u00e3o alunos de qualquer institui\u00e7\u00e3o p\u00fablica ou privada de ensino superior dos cursos de Ci\u00eancias Biol\u00f3gicas, Engenharia Agron\u00f4mica, Ci\u00eancias Naturais, Ci\u00eancias Ambientais e Engenharia Florestal que queiram entender sobre os processos funcionais das plantas. Para fazer sua inscri\u00e7\u00e3o \u00e9 necess\u00e1rio preencher&#8230;<\/p>\n","protected":false},"author":3941,"featured_media":0,"parent":16,"menu_order":0,"comment_status":"closed","ping_status":"closed","template":"","meta":{"inline_featured_image":false,"ngg_post_thumbnail":0,"footnotes":""},"class_list":["post-33","page","type-page","status-publish","hentry","entry"],"_links":{"self":[{"href":"https:\/\/www2.unifap.br\/labot\/wp-json\/wp\/v2\/pages\/33","targetHints":{"allow":["GET"]}}],"collection":[{"href":"https:\/\/www2.unifap.br\/labot\/wp-json\/wp\/v2\/pages"}],"about":[{"href":"https:\/\/www2.unifap.br\/labot\/wp-json\/wp\/v2\/types\/page"}],"author":[{"embeddable":true,"href":"https:\/\/www2.unifap.br\/labot\/wp-json\/wp\/v2\/users\/3941"}],"replies":[{"embeddable":true,"href":"https:\/\/www2.unifap.br\/labot\/wp-json\/wp\/v2\/comments?post=33"}],"version-history":[{"count":3,"href":"https:\/\/www2.unifap.br\/labot\/wp-json\/wp\/v2\/pages\/33\/revisions"}],"predecessor-version":[{"id":91,"href":"https:\/\/www2.unifap.br\/labot\/wp-json\/wp\/v2\/pages\/33\/revisions\/91"}],"up":[{"embeddable":true,"href":"https:\/\/www2.unifap.br\/labot\/wp-json\/wp\/v2\/pages\/16"}],"wp:attachment":[{"href":"https:\/\/www2.unifap.br\/labot\/wp-json\/wp\/v2\/media?parent=33"}],"curies":[{"name":"wp","href":"https:\/\/api.w.org\/{rel}","templated":true}]}}