{"id":78,"date":"2022-09-21T17:24:14","date_gmt":"2022-09-21T20:24:14","guid":{"rendered":"https:\/\/www2.unifap.br\/labot\/?page_id=78"},"modified":"2022-09-28T10:20:24","modified_gmt":"2022-09-28T13:20:24","slug":"historia","status":"publish","type":"page","link":"https:\/\/www2.unifap.br\/labot\/historia\/","title":{"rendered":"Hist\u00f3ria"},"content":{"rendered":"<p>A Bot\u00e2nica como um dos ramos da ci\u00eancia nos traz informa\u00e7\u00f5es que possam nos levar a melhoria t\u00e9cnico-cientifica da flora em geral, melhoria essa que visa o aprofundamento no estudo da Flora Amaz\u00f4nica, lugar de diversidade de plantas e estruturas biol\u00f3gicas t\u00e3o cobi\u00e7adas pelo mundo das ci\u00eancias. Para atender essas necessidades foi criado dentro da Coordena\u00e7\u00e3o do Curso de Ci\u00eancias Biol\u00f3gicas o Laborat\u00f3rio de Bot\u00e2nica (LABOT) que tem como miss\u00e3o: \u201cTrilhar caminhos para os estudos Bot\u00e2nicos da Amaz\u00f4nia\u201d.<\/p>\n","protected":false},"excerpt":{"rendered":"<p>A Bot\u00e2nica como um dos ramos da ci\u00eancia nos traz informa\u00e7\u00f5es que possam nos levar a melhoria t\u00e9cnico-cientifica da flora em geral, melhoria essa que visa o aprofundamento no estudo da Flora Amaz\u00f4nica, lugar de diversidade de plantas e estruturas biol\u00f3gicas t\u00e3o cobi\u00e7adas pelo mundo das ci\u00eancias. Para atender essas necessidades foi criado dentro da&#8230;<\/p>\n","protected":false},"author":3941,"featured_media":0,"parent":0,"menu_order":0,"comment_status":"closed","ping_status":"closed","template":"","meta":{"inline_featured_image":false,"ngg_post_thumbnail":0,"footnotes":""},"class_list":["post-78","page","type-page","status-publish","hentry","entry"],"_links":{"self":[{"href":"https:\/\/www2.unifap.br\/labot\/wp-json\/wp\/v2\/pages\/78","targetHints":{"allow":["GET"]}}],"collection":[{"href":"https:\/\/www2.unifap.br\/labot\/wp-json\/wp\/v2\/pages"}],"about":[{"href":"https:\/\/www2.unifap.br\/labot\/wp-json\/wp\/v2\/types\/page"}],"author":[{"embeddable":true,"href":"https:\/\/www2.unifap.br\/labot\/wp-json\/wp\/v2\/users\/3941"}],"replies":[{"embeddable":true,"href":"https:\/\/www2.unifap.br\/labot\/wp-json\/wp\/v2\/comments?post=78"}],"version-history":[{"count":2,"href":"https:\/\/www2.unifap.br\/labot\/wp-json\/wp\/v2\/pages\/78\/revisions"}],"predecessor-version":[{"id":245,"href":"https:\/\/www2.unifap.br\/labot\/wp-json\/wp\/v2\/pages\/78\/revisions\/245"}],"wp:attachment":[{"href":"https:\/\/www2.unifap.br\/labot\/wp-json\/wp\/v2\/media?parent=78"}],"curies":[{"name":"wp","href":"https:\/\/api.w.org\/{rel}","templated":true}]}}