{"id":80,"date":"2022-09-21T17:24:43","date_gmt":"2022-09-21T20:24:43","guid":{"rendered":"https:\/\/www2.unifap.br\/labot\/?page_id=80"},"modified":"2023-08-18T11:47:28","modified_gmt":"2023-08-18T14:47:28","slug":"integrantes","status":"publish","type":"page","link":"https:\/\/www2.unifap.br\/labot\/integrantes\/","title":{"rendered":"Integrantes"},"content":{"rendered":"<p style=\"text-align: center\">&nbsp; &nbsp; &nbsp; &nbsp; &nbsp; &nbsp; &nbsp; &nbsp; &nbsp; &nbsp; &nbsp; &nbsp; &nbsp; &nbsp; &nbsp; &nbsp; &nbsp; &nbsp; &nbsp; &nbsp; &nbsp; &nbsp; &nbsp; &nbsp; &nbsp; &nbsp; &nbsp;<\/p>\n<p style=\"text-align: center\">&nbsp; &nbsp; &nbsp; &nbsp; &nbsp;<\/p>\n<p style=\"text-align: center\">&nbsp;<\/p>\n<p>&nbsp;<\/p>\n<figure id=\"attachment_212\" aria-describedby=\"caption-attachment-212\" style=\"width: 720px\" class=\"wp-caption aligncenter\"><img fetchpriority=\"high\" decoding=\"async\" class=\"size-full wp-image-212\" src=\"http:\/\/www2.unifap.br\/labot\/files\/2022\/09\/Kleyton.jpeg\" alt=\"\" width=\"720\" height=\"720\"><figcaption id=\"caption-attachment-212\" class=\"wp-caption-text\">&nbsp; &nbsp; &nbsp; &nbsp; &nbsp; &nbsp; &nbsp; &nbsp; &nbsp; &nbsp; &nbsp; &nbsp; &nbsp; &nbsp; &nbsp; &nbsp; &nbsp; &nbsp; &nbsp; &nbsp; &nbsp; &nbsp; &nbsp; &nbsp; &nbsp; &nbsp; &nbsp; &nbsp; &nbsp; &nbsp; &nbsp; &nbsp; &nbsp; Kleyton Farias Barbosa&nbsp; &nbsp; &nbsp; &nbsp; &nbsp; &nbsp; &nbsp; &nbsp; &nbsp; &nbsp; &nbsp; &nbsp; &nbsp; &nbsp; &nbsp; &nbsp; &nbsp; &nbsp; &nbsp; &nbsp; &nbsp; &nbsp; &nbsp; &nbsp; &nbsp; &nbsp; &nbsp; &nbsp; &nbsp; &nbsp; &nbsp; &nbsp; &nbsp; &nbsp; &nbsp; &nbsp; &nbsp; &nbsp; &nbsp; &nbsp; &nbsp; &nbsp; &nbsp; &nbsp; &nbsp; &nbsp; &nbsp; &nbsp; &nbsp; &nbsp; &nbsp; &nbsp; &nbsp; &nbsp; &nbsp; &nbsp; Linha de Pesquisa:&nbsp; &nbsp; &nbsp;Ensino em Bot\u00e2nica<\/figcaption><\/figure>\n<p>&nbsp;<\/p>\n<p><strong>&nbsp;<\/strong><\/p>\n<p>&nbsp;<\/p>\n<figure id=\"attachment_204\" aria-describedby=\"caption-attachment-204\" style=\"width: 381px\" class=\"wp-caption alignnone\"><img decoding=\"async\" class=\"size-full wp-image-204\" src=\"http:\/\/www2.unifap.br\/labot\/files\/2022\/09\/Bianca.jpeg\" alt=\"\" width=\"381\" height=\"391\"><figcaption id=\"caption-attachment-204\" class=\"wp-caption-text\">Bianca Borralho ( )<\/figcaption><\/figure>\n<p>Linha de Pesquisa: Intera\u00e7\u00e3o planta-microorganismo<\/p>\n<p>&nbsp;<\/p>\n<figure id=\"attachment_202\" aria-describedby=\"caption-attachment-202\" style=\"width: 960px\" class=\"wp-caption alignnone\"><img decoding=\"async\" class=\"size-full wp-image-202\" src=\"http:\/\/www2.unifap.br\/labot\/files\/2022\/09\/Jasmym.jpeg\" alt=\"\" width=\"960\" height=\"960\"><figcaption id=\"caption-attachment-202\" class=\"wp-caption-text\">Jasmym da Silva Oliveira&nbsp;<\/figcaption><\/figure>\n<p>Linha de Pesquisa: Intera\u00e7\u00e3o planta-microorganismo<\/p>\n<p>&nbsp;<\/p>\n<p>&nbsp;<\/p>\n<p><img loading=\"lazy\" decoding=\"async\" class=\"alignnone size-full wp-image-333\" src=\"http:\/\/www2.unifap.br\/labot\/files\/2023\/01\/WhatsApp-Image-2023-01-26-at-15.12.16.jpeg\" alt=\"\" width=\"1104\" height=\"1472\">Giuliano Vitor&nbsp;<\/p>\n<p>Linha de Pesquisa: Resposta das plantas ao estresse abi\u00f3tico<\/p>\n<p>&nbsp;<\/p>\n<p><img loading=\"lazy\" decoding=\"async\" class=\"alignnone size-medium wp-image-372\" src=\"http:\/\/www2.unifap.br\/labot\/files\/2023\/08\/WhatsApp-Image-2023-07-07-at-15.50.48-300x300.jpeg\" alt=\"\" width=\"300\" height=\"300\" srcset=\"https:\/\/www2.unifap.br\/labot\/files\/2023\/08\/WhatsApp-Image-2023-07-07-at-15.50.48-300x300.jpeg 300w, https:\/\/www2.unifap.br\/labot\/files\/2023\/08\/WhatsApp-Image-2023-07-07-at-15.50.48-1024x1024.jpeg 1024w, https:\/\/www2.unifap.br\/labot\/files\/2023\/08\/WhatsApp-Image-2023-07-07-at-15.50.48-150x150.jpeg 150w, https:\/\/www2.unifap.br\/labot\/files\/2023\/08\/WhatsApp-Image-2023-07-07-at-15.50.48-768x768.jpeg 768w, https:\/\/www2.unifap.br\/labot\/files\/2023\/08\/WhatsApp-Image-2023-07-07-at-15.50.48-600x600.jpeg 600w, https:\/\/www2.unifap.br\/labot\/files\/2023\/08\/WhatsApp-Image-2023-07-07-at-15.50.48.jpeg 1080w\" sizes=\"(max-width: 300px) 100vw, 300px\" \/><\/p>\n<p>Vinic\u00edus Semblano<\/p>\n<p>Linha de Pesquisa: Intera\u00e7\u00e3o planta-microorganismo<\/p>\n<p>&nbsp;<\/p>\n<p>&nbsp;<\/p>\n<p>&nbsp;<\/p>\n","protected":false},"excerpt":{"rendered":"<p>&nbsp; &nbsp; &nbsp; &nbsp; &nbsp; &nbsp; &nbsp; &nbsp; &nbsp; &nbsp; &nbsp; &nbsp; &nbsp; &nbsp; &nbsp; &nbsp; &nbsp; &nbsp; &nbsp; &nbsp; &nbsp; &nbsp; &nbsp; &nbsp; &nbsp; &nbsp; &nbsp; &nbsp; &nbsp; &nbsp; &nbsp; &nbsp; &nbsp; &nbsp; &nbsp; &nbsp; &nbsp; Linha de Pesquisa: Intera\u00e7\u00e3o planta-microorganismo &nbsp; Linha de Pesquisa: Intera\u00e7\u00e3o planta-microorganismo &nbsp; &nbsp; Giuliano Vitor&nbsp; Linha de Pesquisa:&#8230;<\/p>\n","protected":false},"author":3941,"featured_media":0,"parent":0,"menu_order":0,"comment_status":"closed","ping_status":"closed","template":"","meta":{"inline_featured_image":false,"ngg_post_thumbnail":0,"footnotes":""},"class_list":["post-80","page","type-page","status-publish","hentry","entry"],"_links":{"self":[{"href":"https:\/\/www2.unifap.br\/labot\/wp-json\/wp\/v2\/pages\/80","targetHints":{"allow":["GET"]}}],"collection":[{"href":"https:\/\/www2.unifap.br\/labot\/wp-json\/wp\/v2\/pages"}],"about":[{"href":"https:\/\/www2.unifap.br\/labot\/wp-json\/wp\/v2\/types\/page"}],"author":[{"embeddable":true,"href":"https:\/\/www2.unifap.br\/labot\/wp-json\/wp\/v2\/users\/3941"}],"replies":[{"embeddable":true,"href":"https:\/\/www2.unifap.br\/labot\/wp-json\/wp\/v2\/comments?post=80"}],"version-history":[{"count":17,"href":"https:\/\/www2.unifap.br\/labot\/wp-json\/wp\/v2\/pages\/80\/revisions"}],"predecessor-version":[{"id":373,"href":"https:\/\/www2.unifap.br\/labot\/wp-json\/wp\/v2\/pages\/80\/revisions\/373"}],"wp:attachment":[{"href":"https:\/\/www2.unifap.br\/labot\/wp-json\/wp\/v2\/media?parent=80"}],"curies":[{"name":"wp","href":"https:\/\/api.w.org\/{rel}","templated":true}]}}