{"id":39,"date":"2015-11-03T18:48:30","date_gmt":"2015-11-03T18:48:30","guid":{"rendered":"http:\/\/www2.unifap.br\/letras-frances-oiapoque\/?page_id=39"},"modified":"2022-10-20T19:17:47","modified_gmt":"2022-10-20T19:17:47","slug":"projetos-de-pesquisa","status":"publish","type":"page","link":"https:\/\/www2.unifap.br\/letras-frances-oiapoque\/projetos-de-pesquisa\/","title":{"rendered":"PROJETOS DE PESQUISA"},"content":{"rendered":"<table>\n<tbody>\n<tr>\n<td width=\"576\">\n<ul>\n<li><strong><em>Uma revolta, duas perspectivas: a Cabanagem em Maraj\u00f3 (1947), de Dalc\u00eddio Jurandir, na vis\u00e3o dos latifundi\u00e1rios e dos subalternos<\/em><\/strong><\/li>\n<\/ul>\n<p>Coordenador: Prof. Me. Max Silva do Esp\u00edrito Santo<\/p>\n<p>&nbsp;<\/p>\n<p><strong>Objetivos:<\/strong><\/p>\n<p><em>Geral:<\/em><br \/>\nEstabelecer a interface entre fic\u00e7\u00e3o e fatos na obra de Dalc\u00eddio.<\/p>\n<p><em>Espec\u00edficos:<\/em><br \/>\n1 &#8211; Analisar as personagens envolvidas nas rememora\u00e7\u00f5es;<br \/>\n2 &#8211; Observar em quais contextos os fluxos de consci\u00eancia afloram nas mem\u00f3rias destas.<\/p>\n<p><strong>Vig\u00eancia:\u00a0<\/strong><\/p>\n<p>novembro de 2022<\/p>\n<p>&nbsp;<\/td>\n<\/tr>\n<tr>\n<td width=\"576\">\n<ul>\n<li><strong><em>A narrativa metaficcional infantil e juvenil brasileira contempor\u00e2nea (PIO1493-2022)<\/em><\/strong><\/li>\n<\/ul>\n<p>Coordenador: Prof. Dr. Edilson Alves de Souza<\/p>\n<p><strong>Objetivo Geral:<\/strong><\/p>\n<p>Investigar como se configura a tend\u00eancia metaficcional na literatura infantil e juvenil brasileira contempor\u00e2nea.<\/p>\n<p><strong>Vig\u00eancia:<\/strong><\/p>\n<p>2022-2023<\/p>\n<p><strong>T\u00edtulo do subprojeto de Inicia\u00e7\u00e3o Cient\u00edfica:<\/strong><\/p>\n<p>A intertextualidade como recurso metaficcional em narrativas infantis e juvenis brasileiras<\/p>\n<p><strong>Bolsista IC (2022-2023):<\/strong><\/p>\n<p>Joyce Felipe Anik\u00e1<\/p>\n<p>&nbsp;<\/p>\n<p>&nbsp;<\/td>\n<\/tr>\n<tr>\n<td width=\"576\">\n<ul>\n<li><strong><em>DISCURSOS NEOLIBERAIS NA EDUCA\u00c7\u00c3O BRASILEIRA: leituras discursivas dos documentos orientadores do Novo Ensino M\u00e9dio (NEM) (PIO1506-2022)<\/em><\/strong><\/li>\n<\/ul>\n<p>Coordenador: Prof. Me. Iza\u00edas Serafim de Lima Neto<\/p>\n<p><strong>Objetivo: <\/strong><\/p>\n<p>Analisar, a partir do escopo te\u00f3rico dos estudos discursivos Foucaultianos, o incurso do discurso neoliberal na educa\u00e7\u00e3o brasileira atrav\u00e9s dos documentos e diretrizes do Novo Ensino M\u00e9dio (NEM), bem como materiais multim\u00eddias e audiovisuais do MEC.<\/p>\n<p><strong>Vig\u00eancia<\/strong>:<\/p>\n<p>Maio de 2023<\/td>\n<\/tr>\n<\/tbody>\n<\/table>\n<p>&nbsp;<\/p>\n","protected":false},"excerpt":{"rendered":"<p>Uma revolta, duas perspectivas: a Cabanagem em Maraj\u00f3 (1947), de Dalc\u00eddio Jurandir, na vis\u00e3o dos latifundi\u00e1rios e dos subalternos Coordenador: Prof. Me. Max Silva do Esp\u00edrito Santo &nbsp; Objetivos: Geral: Estabelecer a interface entre fic\u00e7\u00e3o e fatos na obra de&hellip; <\/p>\n<p><a href=\"https:\/\/www2.unifap.br\/letras-frances-oiapoque\/projetos-de-pesquisa\/\" class=\"readmore-button\">Continue Reading<\/a><\/p>\n","protected":false},"author":822,"featured_media":0,"parent":0,"menu_order":3,"comment_status":"open","ping_status":"open","template":"page-template-full.php","meta":{"inline_featured_image":false,"ngg_post_thumbnail":0,"footnotes":""},"class_list":["post-39","page","type-page","status-publish","hentry"],"_links":{"self":[{"href":"https:\/\/www2.unifap.br\/letras-frances-oiapoque\/wp-json\/wp\/v2\/pages\/39","targetHints":{"allow":["GET"]}}],"collection":[{"href":"https:\/\/www2.unifap.br\/letras-frances-oiapoque\/wp-json\/wp\/v2\/pages"}],"about":[{"href":"https:\/\/www2.unifap.br\/letras-frances-oiapoque\/wp-json\/wp\/v2\/types\/page"}],"author":[{"embeddable":true,"href":"https:\/\/www2.unifap.br\/letras-frances-oiapoque\/wp-json\/wp\/v2\/users\/822"}],"replies":[{"embeddable":true,"href":"https:\/\/www2.unifap.br\/letras-frances-oiapoque\/wp-json\/wp\/v2\/comments?post=39"}],"version-history":[{"count":9,"href":"https:\/\/www2.unifap.br\/letras-frances-oiapoque\/wp-json\/wp\/v2\/pages\/39\/revisions"}],"predecessor-version":[{"id":717,"href":"https:\/\/www2.unifap.br\/letras-frances-oiapoque\/wp-json\/wp\/v2\/pages\/39\/revisions\/717"}],"wp:attachment":[{"href":"https:\/\/www2.unifap.br\/letras-frances-oiapoque\/wp-json\/wp\/v2\/media?parent=39"}],"curies":[{"name":"wp","href":"https:\/\/api.w.org\/{rel}","templated":true}]}}