{"id":72,"date":"2015-11-09T00:49:04","date_gmt":"2015-11-09T00:49:04","guid":{"rendered":"http:\/\/www2.unifap.br\/letras-frances-oiapoque\/?page_id=72"},"modified":"2018-11-20T01:45:31","modified_gmt":"2018-11-20T01:45:31","slug":"links-relacionados","status":"publish","type":"page","link":"https:\/\/www2.unifap.br\/letras-frances-oiapoque\/links-relacionados\/","title":{"rendered":"LINKS \u00daTEIS"},"content":{"rendered":"<p><b>ANPOLL:\u00a0<a href=\"http:\/\/anpoll.org.br\/portal\/pt\/\">http:\/\/anpoll.org.br\/portal\/pt\/<\/a><\/b><\/p>\n<p><b>Biblioteca Nacional de Fran\u00e7a:\u00a0<a href=\"http:\/\/www.bnf.fr\/\">http:\/\/www.bnf.fr\/<\/a><\/b><\/p>\n<p><b>Biblioteca Nacional:\u00a0\u00a0<a title=\"Biblioteca Nacional\" href=\"https:\/\/www.bn.br\/\">https:\/\/www.bn.br\/<\/a><\/b><\/p>\n<p><b>Dom\u00ednio P\u00fablico:\u00a0\u00a0\u00a0\u00a0\u00a0\u00a0\u00a0<a title=\"Dom\u00ednio P\u00fablico\" href=\"http:\/\/www.dominiopublico.gov.br\/pesquisa\/PesquisaObraForm.jsp\">http:\/\/www.dominiopublico.gov.br\/pesquisa\/PesquisaObraForm.jsp<\/a><\/b><\/p>\n<p><b>Forproll (Eventos de Letras e Lingu\u00edstica):\u00a0<a href=\"http:\/\/forproll.com\/\">http:\/\/forproll.com<\/a><\/b><\/p>\n<p><b>\u00a0Instituto de Estudos da Linguagem \u2013 IEL &#8211; UNICAMP-SP: \u00a0\u00a0\u00a0\u00a0<a title=\"Instituto de Estudos da Linguagem- IEL- UNICAMP-SP\" href=\"http:\/\/www.iel.unicamp.br\/\">http:\/\/www.iel.unicamp.br\/<\/a><\/b><\/p>\n<p><b>Plataforma 9 (Eventos, congressos, forma\u00e7\u00e3o e bolsas para estudantes e pesquisadores lus\u00f3fonos):\u00a0<a href=\"http:\/\/plataforma9.com\/\">http:\/\/plataforma9.com<\/a><\/b><\/p>\n<p><b>Plataforma Lattes: \u00a0\u00a0<a title=\"Plataforma Lattes\" href=\"http:\/\/lattes.cnpq.br\/\">http:\/\/lattes.cnpq.br\/<\/a><\/b><\/p>\n<p><b>Portal da Literatura Afro-Brasileira:\u00a0\u00a0\u00a0<a title=\"Portal da Literatura Afro-Brasileira\" href=\"http:\/\/150.164.100.248\/literafro\/\">http:\/\/150.164.100.248\/literafro\/<\/a><\/b><\/p>\n<p><b>Pr\u00f3-reitoria de Pesquisa e P\u00f3s-gradua\u00e7\u00e3o:\u00a0<a href=\"http:\/\/www2.unifap.br\/propespg\/\">http:\/\/www2.unifap.br\/propespg\/<\/a><\/b><\/p>\n<p><b>Revista Letras Escreve (UNIFAP):\u00a0<a href=\"https:\/\/periodicos.unifap.br\/index.php\/letras\">https:\/\/periodicos.unifap.br\/index.php\/letras<\/a><\/b><\/p>\n<p><b>Universit\u00e9 de Guyane: \u00a0<a title=\"Universit\u00e9 de Guyane\" href=\"http:\/\/www.espe-guyane.fr\/\">\u00a0http:\/\/www.espe-guyane.fr\/<\/a><\/b><\/p>\n<p>&nbsp;<\/p>\n<p>&nbsp;<\/p>\n","protected":false},"excerpt":{"rendered":"<p>ANPOLL:\u00a0http:\/\/anpoll.org.br\/portal\/pt\/ Biblioteca Nacional de Fran\u00e7a:\u00a0http:\/\/www.bnf.fr\/ Biblioteca Nacional:\u00a0\u00a0https:\/\/www.bn.br\/ Dom\u00ednio P\u00fablico:\u00a0\u00a0\u00a0\u00a0\u00a0\u00a0\u00a0http:\/\/www.dominiopublico.gov.br\/pesquisa\/PesquisaObraForm.jsp Forproll (Eventos de Letras e Lingu\u00edstica):\u00a0http:\/\/forproll.com \u00a0Instituto de Estudos da Linguagem \u2013 IEL &#8211; UNICAMP-SP: \u00a0\u00a0\u00a0\u00a0http:\/\/www.iel.unicamp.br\/ Plataforma 9 (Eventos, congressos, forma\u00e7\u00e3o e bolsas para estudantes e pesquisadores lus\u00f3fonos):\u00a0http:\/\/plataforma9.com Plataforma Lattes: \u00a0\u00a0http:\/\/lattes.cnpq.br\/&hellip; <\/p>\n<p><a href=\"https:\/\/www2.unifap.br\/letras-frances-oiapoque\/links-relacionados\/\" class=\"readmore-button\">Continue Reading<\/a><\/p>\n","protected":false},"author":822,"featured_media":0,"parent":0,"menu_order":7,"comment_status":"open","ping_status":"open","template":"","meta":{"inline_featured_image":false,"ngg_post_thumbnail":0,"footnotes":""},"class_list":["post-72","page","type-page","status-publish","hentry"],"_links":{"self":[{"href":"https:\/\/www2.unifap.br\/letras-frances-oiapoque\/wp-json\/wp\/v2\/pages\/72","targetHints":{"allow":["GET"]}}],"collection":[{"href":"https:\/\/www2.unifap.br\/letras-frances-oiapoque\/wp-json\/wp\/v2\/pages"}],"about":[{"href":"https:\/\/www2.unifap.br\/letras-frances-oiapoque\/wp-json\/wp\/v2\/types\/page"}],"author":[{"embeddable":true,"href":"https:\/\/www2.unifap.br\/letras-frances-oiapoque\/wp-json\/wp\/v2\/users\/822"}],"replies":[{"embeddable":true,"href":"https:\/\/www2.unifap.br\/letras-frances-oiapoque\/wp-json\/wp\/v2\/comments?post=72"}],"version-history":[{"count":9,"href":"https:\/\/www2.unifap.br\/letras-frances-oiapoque\/wp-json\/wp\/v2\/pages\/72\/revisions"}],"predecessor-version":[{"id":314,"href":"https:\/\/www2.unifap.br\/letras-frances-oiapoque\/wp-json\/wp\/v2\/pages\/72\/revisions\/314"}],"wp:attachment":[{"href":"https:\/\/www2.unifap.br\/letras-frances-oiapoque\/wp-json\/wp\/v2\/media?parent=72"}],"curies":[{"name":"wp","href":"https:\/\/api.w.org\/{rel}","templated":true}]}}