{"id":1020,"date":"2019-12-11T21:12:53","date_gmt":"2019-12-11T21:12:53","guid":{"rendered":"http:\/\/www2.unifap.br\/letras-santana\/?page_id=1020"},"modified":"2025-04-11T15:35:10","modified_gmt":"2025-04-11T15:35:10","slug":"biblioteca","status":"publish","type":"page","link":"https:\/\/www2.unifap.br\/letras-santana\/biblioteca\/","title":{"rendered":"BIBLIOTECA"},"content":{"rendered":"<p style=\"text-align: justify\">A Biblioteca setorial,&nbsp;<em>Campus<\/em> Santana, atualmente, conta com um acervo de 1330 t\u00edtulos e 5559 exemplares, sendo, respectivamente, da \u00e1rea de Letras, 352 e 1292. Frequentemente, os alunos do curso Letras-Portugu\u00eas realizam uma m\u00e9dia de 170 empr\u00e9stimos e renova\u00e7\u00f5es mensais.*<\/p>\n<p>*Dados fornecidos pela Biblioteca Setorial, <em>Campus<\/em> Santana.<\/p>\n<p>Confira o Regulamento Interno da Biblioteca Setorial, Campus Santana. (<a href=\"http:\/\/www2.unifap.br\/letras-santana\/files\/2020\/01\/REGULAMENTO-INTERNO-DA-BIBLIOTECA-SETORIAL.pdf\">pdf<\/a>)<\/p>\n<p>Termo de Autoriza\u00e7\u00e3o de TCC (<a href=\"http:\/\/www2.unifap.br\/letras-santana\/files\/2020\/02\/Termo-de-Autoriza\u00e7\u00e3o-TCC.pdf\">pdf<\/a>)<\/p>\n<p>Para maiores informa\u00e7\u00f5es sobre a Biblioteca Setorial, Campus Santana, clique <a href=\"https:\/\/www2.unifap.br\/santana\/?page_id=357\">aqui<\/a>.<\/p>\n<p style=\"text-align: justify\">Os arquivos abaixo, elaborados para a disciplina&nbsp;<em>Produ\u00e7\u00e3o de Textos Acad\u00eamicos<\/em>, componente curricular, est\u00e3o em conson\u00e2ncia com as orienta\u00e7\u00f5es para trabalhos acad\u00eamicos das normas&nbsp;NBR 6023, 6027, 10520 e 14724 da Associa\u00e7\u00e3o Brasileira de Normas T\u00e9cnicas (ABNT). O material foi adaptado.<\/p>\n<p><strong><em><span style=\"color: #000000\"><a style=\"color: #000000\" href=\"http:\/\/www2.unifap.br\/letras-santana\/files\/2019\/10\/estrutura_academica.pdf\">ESTRUTURA<\/a><\/span><\/em><\/strong><\/p>\n<p><strong><em><span style=\"color: #000000\"><a style=\"color: #000000\" href=\"http:\/\/www2.unifap.br\/letras-santana\/files\/2019\/10\/citacao_academica.pdf\">CITA\u00c7\u00d5ES<\/a><\/span><\/em><\/strong><\/p>\n<p><strong><em><span style=\"color: #000000\"><a style=\"color: #000000\" href=\"http:\/\/www2.unifap.br\/letras-santana\/files\/2019\/10\/referencias_academicas.pdf\">REFER\u00caNCIAS<\/a><\/span><\/em><\/strong><\/p>\n<p>&nbsp;<\/p>\n<p>&nbsp;<\/p>\n<p>&nbsp;<\/p>\n","protected":false},"excerpt":{"rendered":"<p>A Biblioteca setorial,&nbsp;Campus Santana, atualmente, conta com um acervo de 1330 t\u00edtulos e 5559 exemplares, sendo, respectivamente, da \u00e1rea de Letras, 352 e 1292. Frequentemente, os alunos do curso Letras-Portugu\u00eas realizam uma m\u00e9dia de 170 empr\u00e9stimos e renova\u00e7\u00f5es mensais.* *Dados fornecidos pela Biblioteca Setorial, Campus Santana. Confira o Regulamento Interno da Biblioteca Setorial, Campus Santana&#8230;.<\/p>\n","protected":false},"author":786,"featured_media":0,"parent":0,"menu_order":1,"comment_status":"closed","ping_status":"closed","template":"elementor_header_footer","meta":{"inline_featured_image":false,"site-sidebar-layout":"default","site-content-layout":"","ast-site-content-layout":"default","site-content-style":"default","site-sidebar-style":"default","ast-global-header-display":"","ast-banner-title-visibility":"","ast-main-header-display":"","ast-hfb-above-header-display":"","ast-hfb-below-header-display":"","ast-hfb-mobile-header-display":"","site-post-title":"","ast-breadcrumbs-content":"","ast-featured-img":"","footer-sml-layout":"","theme-transparent-header-meta":"default","adv-header-id-meta":"","stick-header-meta":"","header-above-stick-meta":"","header-main-stick-meta":"","header-below-stick-meta":"","astra-migrate-meta-layouts":"set","ast-page-background-enabled":"default","ast-page-background-meta":{"desktop":{"background-color":"var(--ast-global-color-4)","background-image":"","background-repeat":"repeat","background-position":"center center","background-size":"auto","background-attachment":"scroll","background-type":"","background-media":"","overlay-type":"","overlay-color":"","overlay-opacity":"","overlay-gradient":""},"tablet":{"background-color":"","background-image":"","background-repeat":"repeat","background-position":"center center","background-size":"auto","background-attachment":"scroll","background-type":"","background-media":"","overlay-type":"","overlay-color":"","overlay-opacity":"","overlay-gradient":""},"mobile":{"background-color":"","background-image":"","background-repeat":"repeat","background-position":"center center","background-size":"auto","background-attachment":"scroll","background-type":"","background-media":"","overlay-type":"","overlay-color":"","overlay-opacity":"","overlay-gradient":""}},"ast-content-background-meta":{"desktop":{"background-color":"var(--ast-global-color-5)","background-image":"","background-repeat":"repeat","background-position":"center center","background-size":"auto","background-attachment":"scroll","background-type":"","background-media":"","overlay-type":"","overlay-color":"","overlay-opacity":"","overlay-gradient":""},"tablet":{"background-color":"var(--ast-global-color-5)","background-image":"","background-repeat":"repeat","background-position":"center center","background-size":"auto","background-attachment":"scroll","background-type":"","background-media":"","overlay-type":"","overlay-color":"","overlay-opacity":"","overlay-gradient":""},"mobile":{"background-color":"var(--ast-global-color-5)","background-image":"","background-repeat":"repeat","background-position":"center center","background-size":"auto","background-attachment":"scroll","background-type":"","background-media":"","overlay-type":"","overlay-color":"","overlay-opacity":"","overlay-gradient":""}},"ngg_post_thumbnail":0,"footnotes":""},"class_list":["post-1020","page","type-page","status-publish","hentry"],"_links":{"self":[{"href":"https:\/\/www2.unifap.br\/letras-santana\/wp-json\/wp\/v2\/pages\/1020","targetHints":{"allow":["GET"]}}],"collection":[{"href":"https:\/\/www2.unifap.br\/letras-santana\/wp-json\/wp\/v2\/pages"}],"about":[{"href":"https:\/\/www2.unifap.br\/letras-santana\/wp-json\/wp\/v2\/types\/page"}],"author":[{"embeddable":true,"href":"https:\/\/www2.unifap.br\/letras-santana\/wp-json\/wp\/v2\/users\/786"}],"replies":[{"embeddable":true,"href":"https:\/\/www2.unifap.br\/letras-santana\/wp-json\/wp\/v2\/comments?post=1020"}],"version-history":[{"count":14,"href":"https:\/\/www2.unifap.br\/letras-santana\/wp-json\/wp\/v2\/pages\/1020\/revisions"}],"predecessor-version":[{"id":2393,"href":"https:\/\/www2.unifap.br\/letras-santana\/wp-json\/wp\/v2\/pages\/1020\/revisions\/2393"}],"wp:attachment":[{"href":"https:\/\/www2.unifap.br\/letras-santana\/wp-json\/wp\/v2\/media?parent=1020"}],"curies":[{"name":"wp","href":"https:\/\/api.w.org\/{rel}","templated":true}]}}