{"id":1919,"date":"2021-10-25T22:58:41","date_gmt":"2021-10-25T22:58:41","guid":{"rendered":"http:\/\/www2.unifap.br\/letras-santana\/?page_id=1919"},"modified":"2025-04-11T15:00:52","modified_gmt":"2025-04-11T15:00:52","slug":"ajuda","status":"publish","type":"page","link":"https:\/\/www2.unifap.br\/letras-santana\/ajuda\/","title":{"rendered":"AJUDA"},"content":{"rendered":"<p style=\"text-align: justify\">Nesse espa\u00e7o, o discente, do Curso de Licenciatura em Letras-Portugu\u00eas, encontra informa\u00e7\u00f5es \u00fateis sobre sua forma\u00e7\u00e3o universit\u00e1ria. Para baixar o manual, criado pela Coordena\u00e7\u00e3o de Curso, com o aux\u00edlio dos veteranos, CLIQUE AQUI.<\/p>\n<p>Para verificar o itiner\u00e1rio do \u00f4nibus disponibilizado pela Unifap at\u00e9 o Campus Santana, <a href=\"http:\/\/www2.unifap.br\/letras-santana\/files\/2022\/09\/ITINERARIOS-DO-ONIBUS-ESTUDANTIL.pdf\">clique aqui<\/a>.<\/p>\n<p>Abaixo, elencamos links importantes e de f\u00e1cil acesso:<\/p>\n<p>&nbsp;<\/p>\n<p><a href=\"https:\/\/www2.unifap.br\/santana\/\">Campus Santana<\/a> (P\u00e1gina oficial)<\/p>\n<p><a href=\"http:\/\/www.unifap.br\/\">Universidade Federal do Amap\u00e1<\/a> (P\u00e1gina oficial da Institui\u00e7\u00e3o)<\/p>\n<p><a href=\"https:\/\/www2.unifap.br\/reitoria\/\">Reitoria<\/a><\/p>\n<p><a href=\"https:\/\/www2.unifap.br\/proap\/\">Pr\u00f3-Reitoria de Administra\u00e7\u00e3o<\/a> (PROAD)<\/p>\n<p><a href=\"https:\/\/www2.unifap.br\/procri-english\/\">Pr\u00f3-Reitoria de Coopera\u00e7\u00e3o Internacional<\/a> (PROCRI)<\/p>\n<p><a href=\"http:\/\/www.unifap.br\/proeac-pro-reitoria-de-extensao-e-acoes-comunitarias\/\">Pr\u00f3-Reitoria de Extens\u00e3o e A\u00e7\u00f5es Comunit\u00e1rias<\/a> (PROEAC)<\/p>\n<p><a href=\"https:\/\/www2.unifap.br\/drh\/\">Pr\u00f3-Reitoria de Gest\u00e3o de Pessoas<\/a> (PROGEP)<\/p>\n<p><a href=\"http:\/\/www.unifap.br\/prograd-pro-reitoria-de-graduacao\/\">Pr\u00f3-Reitoria de Gradua\u00e7\u00e3o<\/a> (PROGRAD)<\/p>\n<p><a href=\"http:\/\/www.unifap.br\/proplan-pro-reitoria-de-planejamento\/\">Pr\u00f3-Reitoria de Planejamento<\/a> (PROPLAN)<\/p>\n<p><a href=\"http:\/\/www.unifap.br\/propespg-pro-reitoria-de-pesquisa-e-pos-graduacao\/\">Pr\u00f3-Reitoria de Pesquisa e P\u00f3s-Gradua\u00e7\u00e3o<\/a> (PROPESPG)<\/p>\n<p><a href=\"https:\/\/suportenti.unifap.br\/\">P\u00e1gina de Suporte<\/a> (NTI)<\/p>\n","protected":false},"excerpt":{"rendered":"<p>Nesse espa\u00e7o, o discente, do Curso de Licenciatura em Letras-Portugu\u00eas, encontra informa\u00e7\u00f5es \u00fateis sobre sua forma\u00e7\u00e3o universit\u00e1ria. Para baixar o manual, criado pela Coordena\u00e7\u00e3o de Curso, com o aux\u00edlio dos veteranos, CLIQUE AQUI. Para verificar o itiner\u00e1rio do \u00f4nibus disponibilizado pela Unifap at\u00e9 o Campus Santana, clique aqui. Abaixo, elencamos links importantes e de f\u00e1cil&#8230;<\/p>\n","protected":false},"author":3865,"featured_media":0,"parent":0,"menu_order":0,"comment_status":"closed","ping_status":"closed","template":"","meta":{"inline_featured_image":false,"site-sidebar-layout":"default","site-content-layout":"","ast-site-content-layout":"default","site-content-style":"default","site-sidebar-style":"default","ast-global-header-display":"","ast-banner-title-visibility":"","ast-main-header-display":"","ast-hfb-above-header-display":"","ast-hfb-below-header-display":"","ast-hfb-mobile-header-display":"","site-post-title":"","ast-breadcrumbs-content":"","ast-featured-img":"","footer-sml-layout":"","theme-transparent-header-meta":"default","adv-header-id-meta":"","stick-header-meta":"","header-above-stick-meta":"","header-main-stick-meta":"","header-below-stick-meta":"","astra-migrate-meta-layouts":"set","ast-page-background-enabled":"default","ast-page-background-meta":{"desktop":{"background-color":"var(--ast-global-color-4)","background-image":"","background-repeat":"repeat","background-position":"center center","background-size":"auto","background-attachment":"scroll","background-type":"","background-media":"","overlay-type":"","overlay-color":"","overlay-opacity":"","overlay-gradient":""},"tablet":{"background-color":"","background-image":"","background-repeat":"repeat","background-position":"center center","background-size":"auto","background-attachment":"scroll","background-type":"","background-media":"","overlay-type":"","overlay-color":"","overlay-opacity":"","overlay-gradient":""},"mobile":{"background-color":"","background-image":"","background-repeat":"repeat","background-position":"center center","background-size":"auto","background-attachment":"scroll","background-type":"","background-media":"","overlay-type":"","overlay-color":"","overlay-opacity":"","overlay-gradient":""}},"ast-content-background-meta":{"desktop":{"background-color":"var(--ast-global-color-5)","background-image":"","background-repeat":"repeat","background-position":"center center","background-size":"auto","background-attachment":"scroll","background-type":"","background-media":"","overlay-type":"","overlay-color":"","overlay-opacity":"","overlay-gradient":""},"tablet":{"background-color":"var(--ast-global-color-5)","background-image":"","background-repeat":"repeat","background-position":"center center","background-size":"auto","background-attachment":"scroll","background-type":"","background-media":"","overlay-type":"","overlay-color":"","overlay-opacity":"","overlay-gradient":""},"mobile":{"background-color":"var(--ast-global-color-5)","background-image":"","background-repeat":"repeat","background-position":"center center","background-size":"auto","background-attachment":"scroll","background-type":"","background-media":"","overlay-type":"","overlay-color":"","overlay-opacity":"","overlay-gradient":""}},"ngg_post_thumbnail":0,"footnotes":""},"class_list":["post-1919","page","type-page","status-publish","hentry"],"_links":{"self":[{"href":"https:\/\/www2.unifap.br\/letras-santana\/wp-json\/wp\/v2\/pages\/1919","targetHints":{"allow":["GET"]}}],"collection":[{"href":"https:\/\/www2.unifap.br\/letras-santana\/wp-json\/wp\/v2\/pages"}],"about":[{"href":"https:\/\/www2.unifap.br\/letras-santana\/wp-json\/wp\/v2\/types\/page"}],"author":[{"embeddable":true,"href":"https:\/\/www2.unifap.br\/letras-santana\/wp-json\/wp\/v2\/users\/3865"}],"replies":[{"embeddable":true,"href":"https:\/\/www2.unifap.br\/letras-santana\/wp-json\/wp\/v2\/comments?post=1919"}],"version-history":[{"count":10,"href":"https:\/\/www2.unifap.br\/letras-santana\/wp-json\/wp\/v2\/pages\/1919\/revisions"}],"predecessor-version":[{"id":2374,"href":"https:\/\/www2.unifap.br\/letras-santana\/wp-json\/wp\/v2\/pages\/1919\/revisions\/2374"}],"wp:attachment":[{"href":"https:\/\/www2.unifap.br\/letras-santana\/wp-json\/wp\/v2\/media?parent=1919"}],"curies":[{"name":"wp","href":"https:\/\/api.w.org\/{rel}","templated":true}]}}