{"id":2271,"date":"2024-01-31T01:27:14","date_gmt":"2024-01-31T01:27:14","guid":{"rendered":"https:\/\/www2.unifap.br\/letras-santana\/?page_id=2271"},"modified":"2025-04-11T15:17:09","modified_gmt":"2025-04-11T15:17:09","slug":"cartilha-sobre-abono-de-faltas","status":"publish","type":"page","link":"https:\/\/www2.unifap.br\/letras-santana\/cartilha-sobre-abono-de-faltas\/","title":{"rendered":"Cartilha sobre Abono de Faltas"},"content":{"rendered":"<p>Acesse abaixo a cartilha feita pela Coordena\u00e7\u00e3o do Curso de Letras\/Portugu\u00eas do Campus Santana que esclarece como funciona a quest\u00e3o do <strong>abono de faltas<\/strong>.&nbsp;<\/p>\n<p>Nessa cartilha, \u00e9 poss\u00edvel saber mais sobre:<\/p>\n<ul>\n<li>Abono e compensa\u00e7\u00e3o de faltas,<\/li>\n<li>Exerc\u00edcios domiciliares,<\/li>\n<li>Segunda chamada de provas,<\/li>\n<li>E v\u00e1rias informa\u00e7\u00f5es relevantes.<\/li>\n<\/ul>\n<p>A cartilha traz links para todos os documentos oficiais e institucionais para uma consulta mais aprofundada.<\/p>\n<p>Acesse:<\/p>\n<p><strong><a href=\"http:\/\/www2.unifap.br\/letras-santana\/files\/2024\/01\/Abono-de-Faltas.pdf\">Abono de Faltas<\/a><\/strong><\/p>\n<p><img fetchpriority=\"high\" decoding=\"async\" class=\"alignnone wp-image-2273\" src=\"http:\/\/www2.unifap.br\/letras-santana\/files\/2024\/01\/Abono-de-Faltas-600x338.jpg\" alt=\"\" width=\"700\" height=\"394\" srcset=\"https:\/\/www2.unifap.br\/letras-santana\/files\/2024\/01\/Abono-de-Faltas-600x338.jpg 600w, https:\/\/www2.unifap.br\/letras-santana\/files\/2024\/01\/Abono-de-Faltas-768x432.jpg 768w, https:\/\/www2.unifap.br\/letras-santana\/files\/2024\/01\/Abono-de-Faltas-800x450.jpg 800w, https:\/\/www2.unifap.br\/letras-santana\/files\/2024\/01\/Abono-de-Faltas.jpg 1280w\" sizes=\"(max-width: 700px) 100vw, 700px\" \/><\/p>\n","protected":false},"excerpt":{"rendered":"<p>Acesse abaixo a cartilha feita pela Coordena\u00e7\u00e3o do Curso de Letras\/Portugu\u00eas do Campus Santana que esclarece como funciona a quest\u00e3o do abono de faltas.&nbsp; Nessa cartilha, \u00e9 poss\u00edvel saber mais sobre: Abono e compensa\u00e7\u00e3o de faltas, Exerc\u00edcios domiciliares, Segunda chamada de provas, E v\u00e1rias informa\u00e7\u00f5es relevantes. A cartilha traz links para todos os documentos oficiais&#8230;<\/p>\n","protected":false},"author":4004,"featured_media":2273,"parent":0,"menu_order":0,"comment_status":"closed","ping_status":"closed","template":"","meta":{"inline_featured_image":false,"site-sidebar-layout":"default","site-content-layout":"","ast-site-content-layout":"default","site-content-style":"default","site-sidebar-style":"default","ast-global-header-display":"","ast-banner-title-visibility":"","ast-main-header-display":"","ast-hfb-above-header-display":"","ast-hfb-below-header-display":"","ast-hfb-mobile-header-display":"","site-post-title":"","ast-breadcrumbs-content":"","ast-featured-img":"","footer-sml-layout":"","theme-transparent-header-meta":"default","adv-header-id-meta":"","stick-header-meta":"","header-above-stick-meta":"","header-main-stick-meta":"","header-below-stick-meta":"","astra-migrate-meta-layouts":"set","ast-page-background-enabled":"default","ast-page-background-meta":{"desktop":{"background-color":"var(--ast-global-color-4)","background-image":"","background-repeat":"repeat","background-position":"center center","background-size":"auto","background-attachment":"scroll","background-type":"","background-media":"","overlay-type":"","overlay-color":"","overlay-opacity":"","overlay-gradient":""},"tablet":{"background-color":"","background-image":"","background-repeat":"repeat","background-position":"center center","background-size":"auto","background-attachment":"scroll","background-type":"","background-media":"","overlay-type":"","overlay-color":"","overlay-opacity":"","overlay-gradient":""},"mobile":{"background-color":"","background-image":"","background-repeat":"repeat","background-position":"center center","background-size":"auto","background-attachment":"scroll","background-type":"","background-media":"","overlay-type":"","overlay-color":"","overlay-opacity":"","overlay-gradient":""}},"ast-content-background-meta":{"desktop":{"background-color":"var(--ast-global-color-5)","background-image":"","background-repeat":"repeat","background-position":"center center","background-size":"auto","background-attachment":"scroll","background-type":"","background-media":"","overlay-type":"","overlay-color":"","overlay-opacity":"","overlay-gradient":""},"tablet":{"background-color":"var(--ast-global-color-5)","background-image":"","background-repeat":"repeat","background-position":"center center","background-size":"auto","background-attachment":"scroll","background-type":"","background-media":"","overlay-type":"","overlay-color":"","overlay-opacity":"","overlay-gradient":""},"mobile":{"background-color":"var(--ast-global-color-5)","background-image":"","background-repeat":"repeat","background-position":"center center","background-size":"auto","background-attachment":"scroll","background-type":"","background-media":"","overlay-type":"","overlay-color":"","overlay-opacity":"","overlay-gradient":""}},"ngg_post_thumbnail":0,"footnotes":""},"class_list":["post-2271","page","type-page","status-publish","has-post-thumbnail","hentry"],"_links":{"self":[{"href":"https:\/\/www2.unifap.br\/letras-santana\/wp-json\/wp\/v2\/pages\/2271","targetHints":{"allow":["GET"]}}],"collection":[{"href":"https:\/\/www2.unifap.br\/letras-santana\/wp-json\/wp\/v2\/pages"}],"about":[{"href":"https:\/\/www2.unifap.br\/letras-santana\/wp-json\/wp\/v2\/types\/page"}],"author":[{"embeddable":true,"href":"https:\/\/www2.unifap.br\/letras-santana\/wp-json\/wp\/v2\/users\/4004"}],"replies":[{"embeddable":true,"href":"https:\/\/www2.unifap.br\/letras-santana\/wp-json\/wp\/v2\/comments?post=2271"}],"version-history":[{"count":6,"href":"https:\/\/www2.unifap.br\/letras-santana\/wp-json\/wp\/v2\/pages\/2271\/revisions"}],"predecessor-version":[{"id":2280,"href":"https:\/\/www2.unifap.br\/letras-santana\/wp-json\/wp\/v2\/pages\/2271\/revisions\/2280"}],"wp:featuredmedia":[{"embeddable":true,"href":"https:\/\/www2.unifap.br\/letras-santana\/wp-json\/wp\/v2\/media\/2273"}],"wp:attachment":[{"href":"https:\/\/www2.unifap.br\/letras-santana\/wp-json\/wp\/v2\/media?parent=2271"}],"curies":[{"name":"wp","href":"https:\/\/api.w.org\/{rel}","templated":true}]}}