{"id":27,"date":"2017-05-19T18:02:01","date_gmt":"2017-05-19T18:02:01","guid":{"rendered":"http:\/\/www2.unifap.br\/letras-santana\/?page_id=27"},"modified":"2025-04-15T16:30:53","modified_gmt":"2025-04-15T16:30:53","slug":"coordenacao-2","status":"publish","type":"page","link":"https:\/\/www2.unifap.br\/letras-santana\/historico\/coordenacao-2\/","title":{"rendered":"COORDENA\u00c7\u00c3O"},"content":{"rendered":"<p><span style=\"color: #000000\"><strong>Coordenadora:<\/strong> Prof.\u00aa Dr.\u00aa Fernanda Cristina da Encarna\u00e7\u00e3o dos Santos<\/span><\/p>\n<p><span style=\"color: #000000\"><strong>Vice-Coordenador:<\/strong> Prof. Dr. Rom\u00e1rio Duarte Sanches<!--more--><\/span><\/p>\n<p><span style=\"color: #000000\"><strong>Hor\u00e1rio de atendimento da Coordena\u00e7\u00e3o:<\/strong><br \/>\n<\/span><\/p>\n<p><span style=\"color: #000000\">Segunda-feira: 15:00 \u00e0s 19:00&nbsp;<\/span><\/p>\n<p><span style=\"color: #000000\">Sexta-feira: 14h00 \u00e0s 18h00<\/span><!--more--><\/p>\n<p><span style=\"color: #000000\"><strong>Atendimento virtual<\/strong>:&nbsp;&nbsp;<\/span><\/p>\n<p><span style=\"color: #000000\"><a style=\"color: #000000\" href=\"mailto:letras.santana@unifap.br\">E-mail: letras.santana@unifap.br<\/a><\/span><\/p>\n<p><span style=\"color: #000000\">WhatsApp: (96) 8136-7360<\/span><\/p>\n<p><span style=\"color: #000000\">Instagram: <a style=\"color: #000000\" href=\"https:\/\/www.instagram.com\/letras_stn\">https:\/\/www.instagram.com\/letras_stn<\/a><\/span><\/p>\n<p>&nbsp;<\/p>\n","protected":false},"excerpt":{"rendered":"<p>Coordenadora: Prof.\u00aa Dr.\u00aa Fernanda Cristina da Encarna\u00e7\u00e3o dos Santos Vice-Coordenador: Prof. Dr. Rom\u00e1rio Duarte Sanches<\/p>\n","protected":false},"author":786,"featured_media":0,"parent":990,"menu_order":1,"comment_status":"open","ping_status":"open","template":"","meta":{"inline_featured_image":false,"site-sidebar-layout":"default","site-content-layout":"","ast-site-content-layout":"normal-width-container","site-content-style":"default","site-sidebar-style":"default","ast-global-header-display":"","ast-banner-title-visibility":"","ast-main-header-display":"","ast-hfb-above-header-display":"","ast-hfb-below-header-display":"","ast-hfb-mobile-header-display":"","site-post-title":"","ast-breadcrumbs-content":"","ast-featured-img":"","footer-sml-layout":"","theme-transparent-header-meta":"default","adv-header-id-meta":"","stick-header-meta":"","header-above-stick-meta":"","header-main-stick-meta":"","header-below-stick-meta":"","astra-migrate-meta-layouts":"set","ast-page-background-enabled":"default","ast-page-background-meta":{"desktop":{"background-color":"var(--ast-global-color-4)","background-image":"","background-repeat":"repeat","background-position":"center center","background-size":"auto","background-attachment":"scroll","background-type":"","background-media":"","overlay-type":"","overlay-color":"","overlay-opacity":"","overlay-gradient":""},"tablet":{"background-color":"","background-image":"","background-repeat":"repeat","background-position":"center center","background-size":"auto","background-attachment":"scroll","background-type":"","background-media":"","overlay-type":"","overlay-color":"","overlay-opacity":"","overlay-gradient":""},"mobile":{"background-color":"","background-image":"","background-repeat":"repeat","background-position":"center center","background-size":"auto","background-attachment":"scroll","background-type":"","background-media":"","overlay-type":"","overlay-color":"","overlay-opacity":"","overlay-gradient":""}},"ast-content-background-meta":{"desktop":{"background-color":"var(--ast-global-color-5)","background-image":"","background-repeat":"repeat","background-position":"center center","background-size":"auto","background-attachment":"scroll","background-type":"","background-media":"","overlay-type":"","overlay-color":"","overlay-opacity":"","overlay-gradient":""},"tablet":{"background-color":"var(--ast-global-color-5)","background-image":"","background-repeat":"repeat","background-position":"center center","background-size":"auto","background-attachment":"scroll","background-type":"","background-media":"","overlay-type":"","overlay-color":"","overlay-opacity":"","overlay-gradient":""},"mobile":{"background-color":"var(--ast-global-color-5)","background-image":"","background-repeat":"repeat","background-position":"center center","background-size":"auto","background-attachment":"scroll","background-type":"","background-media":"","overlay-type":"","overlay-color":"","overlay-opacity":"","overlay-gradient":""}},"ngg_post_thumbnail":0,"footnotes":""},"class_list":["post-27","page","type-page","status-publish","hentry"],"_links":{"self":[{"href":"https:\/\/www2.unifap.br\/letras-santana\/wp-json\/wp\/v2\/pages\/27","targetHints":{"allow":["GET"]}}],"collection":[{"href":"https:\/\/www2.unifap.br\/letras-santana\/wp-json\/wp\/v2\/pages"}],"about":[{"href":"https:\/\/www2.unifap.br\/letras-santana\/wp-json\/wp\/v2\/types\/page"}],"author":[{"embeddable":true,"href":"https:\/\/www2.unifap.br\/letras-santana\/wp-json\/wp\/v2\/users\/786"}],"replies":[{"embeddable":true,"href":"https:\/\/www2.unifap.br\/letras-santana\/wp-json\/wp\/v2\/comments?post=27"}],"version-history":[{"count":52,"href":"https:\/\/www2.unifap.br\/letras-santana\/wp-json\/wp\/v2\/pages\/27\/revisions"}],"predecessor-version":[{"id":2514,"href":"https:\/\/www2.unifap.br\/letras-santana\/wp-json\/wp\/v2\/pages\/27\/revisions\/2514"}],"up":[{"embeddable":true,"href":"https:\/\/www2.unifap.br\/letras-santana\/wp-json\/wp\/v2\/pages\/990"}],"wp:attachment":[{"href":"https:\/\/www2.unifap.br\/letras-santana\/wp-json\/wp\/v2\/media?parent=27"}],"curies":[{"name":"wp","href":"https:\/\/api.w.org\/{rel}","templated":true}]}}