{"id":593,"date":"2018-09-11T00:43:33","date_gmt":"2018-09-11T00:43:33","guid":{"rendered":"http:\/\/www2.unifap.br\/letras-santana\/?page_id=593"},"modified":"2025-06-23T23:25:23","modified_gmt":"2025-06-23T23:25:23","slug":"literatura","status":"publish","type":"page","link":"https:\/\/www2.unifap.br\/letras-santana\/pesquisa-2\/projetos-de-pesquisa\/literatura\/","title":{"rendered":"Literatura"},"content":{"rendered":"<ul>\n<li><strong>Poesia como express\u00e3o da mem\u00f3ria e cultura na Amaz\u00f4nia: a cena amapaense<\/strong><\/li>\n<\/ul>\n<p><strong>&nbsp;<\/strong><strong>Per\u00edodo: <\/strong>2023-2024<\/p>\n<p><strong>Resumo:<\/strong> A literatura produzida na Amaz\u00f4nia desperta o interesse do p\u00fablico leitor e de pesquisadores n\u00e3o apenas circunscritos ao espa\u00e7o geogr\u00e1fico que a comp\u00f5e, muito menos ao territ\u00f3rio brasileiro. Dessa forma, e detendo a aten\u00e7\u00e3o no fen\u00f4meno liter\u00e1rio que se desdobra em forma de poesia, o projeto de pesquisa prop\u00f5e a realiza\u00e7\u00e3o de estudos que possam se concentrar no cen\u00e1rio liter\u00e1rio amapaense reunindo tanto nomes j\u00e1 reconhecidos e referenciados como Alcy Ara\u00fajo e Aracy Mont&#8217;Alverne, por exemplo, quanto aqueles cuja obra ainda n\u00e3o foi objeto de algum estudo descritivo ou an\u00e1lise textual mais detalhada e sistem\u00e1tica.<\/p>\n<p><strong>&nbsp;<\/strong><strong>Coordenador: <\/strong>Prof. Dr. Victor Andr\u00e9 Pinheiro Cantu\u00e1rio<\/p>\n<ul>\n<li><strong>Fanm dif\u00e9: tr\u00eas mulheres dj\u00f2k em tr\u00eas romances da Guiana Francesa<\/strong><\/li>\n<\/ul>\n<p><strong>Per\u00edodo: <\/strong>2024-2026<\/p>\n<p><strong>Resumo:<\/strong> O projeto de pesquisa visa compreender o modo como as protagonistas de <em>Entre l\u2019arbre et l\u2019\u00e9corce<\/em> (2009), de Fran\u00e7oise James Ous\u00e9nie Loe-Mie<em>, La saison des abattis<\/em> (2011), de Lyne-Marie Stanley, e <em>La vie Bidim d\u2019Ambrosia Nelson<\/em> (2016), de Marie-George Thebia, todos escritos e publicados na Guiana Francesa, (des)constroem seu olhar em dire\u00e7\u00e3o \u00e0 Fran\u00e7a \u201cmetropolitana\u201d. As personagens, tr\u00eas mulheres crioulas e guianenses, tamb\u00e9m conhecidas como <em>fanm dj\u00f2k<\/em>, direcionam sua mirada \u00e0 \u201cmetr\u00f3pole\u201d e a si mesmas atentando-se para a maneira como sua ra\u00e7a e seu g\u00eanero servem de pretexto \u00e0 explora\u00e7\u00e3o de seus corpos. Nesse sentido, a partir das discuss\u00f5es encetadas pelo feminismo decolonial, buscaremos analisar como se estabelece a autopercep\u00e7\u00e3o do esgotamento dos corpos e o agenciamento de suas mazelas para superarem a condi\u00e7\u00e3o de vulnerabilidade econ\u00f4mica, social e cultural, entabulando, assim, uma din\u00e2mica que parte do esgotamento (<em>\u00e9puisement<\/em>) ao florescimento (<em>\u00e9panuissement<\/em>) da consci\u00eancia de g\u00eanero, ra\u00e7a e da pr\u00f3pria <em>djokitude<\/em>. Nesse processo de (re)vis\u00e3o do olhar das protagonistas, pretendemos observar como essa din\u00e2mica de (des)constru\u00e7\u00e3o rasura fronteiras geogr\u00e1ficas e entabula o que \u00c9douard Glissant denomina de \u201cRela\u00e7\u00e3o\u201d e \u201cOpacidade\u201d. Tamb\u00e9m pretendemos averiguar a dimens\u00e3o pol\u00edtica da l\u00edngua na constru\u00e7\u00e3o das narrativas por meio do uso alternado entre crioulo e franc\u00eas na urdidura dos romances e, por fim, tencionamos compreender as din\u00e2micas editoriais entre a \u201cmetr\u00f3pole\u201d e os departamentos ultramarinos.<\/p>\n<p><strong>Coordenadora:<\/strong> Prof.\u00aa Dr.\u00aa Natali Fabiana da Costa e Silva<\/p>\n<p>&nbsp;<\/p>\n<p><strong>Representa\u00e7\u00e3o da Amaz\u00f4nia nas letras luso-brasileiras<\/strong><\/p>\n<p><strong>Per\u00edodo: 2<\/strong>021-2026<\/p>\n<p><strong>Resumo:<\/strong> O trabalho de pesquisa procura estudar as diversas formas de representa\u00e7\u00e3o da Amaz\u00f4nia nas letras luso-brasileiras. Partindo do conceito de representa\u00e7\u00e3o de Chartier (1990), o estudo centra-se na discuss\u00e3o de v\u00e1rios temas tradicionalmente associados \u00e0 Amaz\u00f4nia (como mar, paisagem natural, selva, rio, aspectos locais, etc.) e na forma como estes est\u00e3o articulados nas letras luso-brasileiros. O recorte temporal prev\u00ea textos at\u00e9 ao s\u00e9culo XXI, sobre as regi\u00f5es consideradas como Amaz\u00f4nia: Amap\u00e1, Par\u00e1, Rond\u00f4nia, Amazonas e parte do Maranh\u00e3o. Embora haja uma diversidade enorme de publica\u00e7\u00f5es, a narrativa epistologr\u00e1fica ser\u00e1 o foco principal. Numa primeira fase, prev\u00ea-se o estudo do rio Amazonas na mitografia, bem como sua import\u00e2ncia hist\u00f3rica, pol\u00edtica e liter\u00e1ria. Nunca deixado de parte como tema fulcral das narrativas e da l\u00edrica amazonense, in\u00fameras met\u00e1foras aparecem ligadas ao Rio, bem como mitos, imagens, mapas, figuras e alegorias.<\/p>\n<p><strong>Coordenadora:<\/strong> Prof.\u00aa Dr.\u00aa Fernanda Cristina Da Encarna\u00e7\u00e3o Dos Santos<\/p>\n","protected":false},"excerpt":{"rendered":"<p>Poesia como express\u00e3o da mem\u00f3ria e cultura na Amaz\u00f4nia: a cena amapaense &nbsp;Per\u00edodo: 2023-2024 Resumo: A literatura produzida na Amaz\u00f4nia desperta o interesse do p\u00fablico leitor e de pesquisadores n\u00e3o apenas circunscritos ao espa\u00e7o geogr\u00e1fico que a comp\u00f5e, muito menos ao territ\u00f3rio brasileiro. Dessa forma, e detendo a aten\u00e7\u00e3o no fen\u00f4meno liter\u00e1rio que se desdobra&#8230;<\/p>\n","protected":false},"author":786,"featured_media":0,"parent":7,"menu_order":4,"comment_status":"open","ping_status":"open","template":"","meta":{"inline_featured_image":false,"site-sidebar-layout":"default","site-content-layout":"","ast-site-content-layout":"default","site-content-style":"default","site-sidebar-style":"default","ast-global-header-display":"","ast-banner-title-visibility":"","ast-main-header-display":"","ast-hfb-above-header-display":"","ast-hfb-below-header-display":"","ast-hfb-mobile-header-display":"","site-post-title":"","ast-breadcrumbs-content":"","ast-featured-img":"","footer-sml-layout":"","theme-transparent-header-meta":"default","adv-header-id-meta":"","stick-header-meta":"","header-above-stick-meta":"","header-main-stick-meta":"","header-below-stick-meta":"","astra-migrate-meta-layouts":"set","ast-page-background-enabled":"default","ast-page-background-meta":{"desktop":{"background-color":"var(--ast-global-color-4)","background-image":"","background-repeat":"repeat","background-position":"center center","background-size":"auto","background-attachment":"scroll","background-type":"","background-media":"","overlay-type":"","overlay-color":"","overlay-opacity":"","overlay-gradient":""},"tablet":{"background-color":"","background-image":"","background-repeat":"repeat","background-position":"center center","background-size":"auto","background-attachment":"scroll","background-type":"","background-media":"","overlay-type":"","overlay-color":"","overlay-opacity":"","overlay-gradient":""},"mobile":{"background-color":"","background-image":"","background-repeat":"repeat","background-position":"center center","background-size":"auto","background-attachment":"scroll","background-type":"","background-media":"","overlay-type":"","overlay-color":"","overlay-opacity":"","overlay-gradient":""}},"ast-content-background-meta":{"desktop":{"background-color":"var(--ast-global-color-5)","background-image":"","background-repeat":"repeat","background-position":"center center","background-size":"auto","background-attachment":"scroll","background-type":"","background-media":"","overlay-type":"","overlay-color":"","overlay-opacity":"","overlay-gradient":""},"tablet":{"background-color":"var(--ast-global-color-5)","background-image":"","background-repeat":"repeat","background-position":"center center","background-size":"auto","background-attachment":"scroll","background-type":"","background-media":"","overlay-type":"","overlay-color":"","overlay-opacity":"","overlay-gradient":""},"mobile":{"background-color":"var(--ast-global-color-5)","background-image":"","background-repeat":"repeat","background-position":"center center","background-size":"auto","background-attachment":"scroll","background-type":"","background-media":"","overlay-type":"","overlay-color":"","overlay-opacity":"","overlay-gradient":""}},"ngg_post_thumbnail":0,"footnotes":""},"class_list":["post-593","page","type-page","status-publish","hentry"],"_links":{"self":[{"href":"https:\/\/www2.unifap.br\/letras-santana\/wp-json\/wp\/v2\/pages\/593","targetHints":{"allow":["GET"]}}],"collection":[{"href":"https:\/\/www2.unifap.br\/letras-santana\/wp-json\/wp\/v2\/pages"}],"about":[{"href":"https:\/\/www2.unifap.br\/letras-santana\/wp-json\/wp\/v2\/types\/page"}],"author":[{"embeddable":true,"href":"https:\/\/www2.unifap.br\/letras-santana\/wp-json\/wp\/v2\/users\/786"}],"replies":[{"embeddable":true,"href":"https:\/\/www2.unifap.br\/letras-santana\/wp-json\/wp\/v2\/comments?post=593"}],"version-history":[{"count":14,"href":"https:\/\/www2.unifap.br\/letras-santana\/wp-json\/wp\/v2\/pages\/593\/revisions"}],"predecessor-version":[{"id":2557,"href":"https:\/\/www2.unifap.br\/letras-santana\/wp-json\/wp\/v2\/pages\/593\/revisions\/2557"}],"up":[{"embeddable":true,"href":"https:\/\/www2.unifap.br\/letras-santana\/wp-json\/wp\/v2\/pages\/7"}],"wp:attachment":[{"href":"https:\/\/www2.unifap.br\/letras-santana\/wp-json\/wp\/v2\/media?parent=593"}],"curies":[{"name":"wp","href":"https:\/\/api.w.org\/{rel}","templated":true}]}}