{"id":1674,"date":"2017-03-17T14:23:47","date_gmt":"2017-03-17T14:23:47","guid":{"rendered":"http:\/\/www2.unifap.br\/letras\/?page_id=1674"},"modified":"2023-03-22T18:53:01","modified_gmt":"2023-03-22T18:53:01","slug":"linhas-de-pesquisa","status":"publish","type":"page","link":"https:\/\/www2.unifap.br\/letras\/linhas-de-pesquisa\/","title":{"rendered":"Portugu\u00eas e L\u00ednguas Estrangeiras"},"content":{"rendered":"\t\t<div data-elementor-type=\"wp-post\" data-elementor-id=\"1674\" class=\"elementor elementor-1674\">\n\t\t\t\t\t\t<section class=\"elementor-section elementor-top-section elementor-element elementor-element-90c0312 elementor-section-boxed elementor-section-height-default elementor-section-height-default\" data-id=\"90c0312\" data-element_type=\"section\" data-e-type=\"section\">\n\t\t\t\t\t\t<div class=\"elementor-container elementor-column-gap-default\">\n\t\t\t\t\t<div class=\"elementor-column elementor-col-100 elementor-top-column elementor-element elementor-element-3519003\" data-id=\"3519003\" data-element_type=\"column\" data-e-type=\"column\">\n\t\t\t<div class=\"elementor-widget-wrap elementor-element-populated\">\n\t\t\t\t\t\t<div class=\"elementor-element elementor-element-099906e elementor-widget elementor-widget-text-editor\" data-id=\"099906e\" data-element_type=\"widget\" data-e-type=\"widget\" data-widget_type=\"text-editor.default\">\n\t\t\t\t<div class=\"elementor-widget-container\">\n\t\t\t\t\t\t\t\t\t<p style=\"padding-left: 40px;text-align: center\"><span style=\"color: #800080\"><strong>Olimp\u00edada da L\u00edngua Portuguesa (2018 \u2013 Atual)<\/strong><\/span><\/p><p style=\"text-align: justify\"><span style=\"color: #000000\"><strong>Coordenadora: <\/strong>Celeste Maria da Rocha Ribeiro<\/span><\/p><p style=\"text-align: justify\"><span style=\"color: #000000\"><strong>Colaboradores<\/strong>: Para al\u00e9m da coordena\u00e7\u00e3o, a Olimp\u00edada conta tamb\u00e9m com a participa\u00e7\u00e3o de acad\u00eamicos do curso de Letras Portugu\u00eas-Ingl\u00eas e Portugu\u00eas-Franc\u00eas da UNIFAP que participam na condi\u00e7\u00e3o de monitores volunt\u00e1rios ou de ouvintes nos cursos de forma\u00e7\u00e3o<strong>.<\/strong><\/span><\/p><p style=\"text-align: justify\"><span style=\"color: #000000\"><strong>Objetivo: <\/strong>Contribuir para a melhoria da leitura e escrita de estudantes de escolas p\u00fablicas brasileiras; proporcionar um concurso de textos que premia as melhores produ\u00e7\u00f5es escritas dos alunos do 5\u00ba ano do Ensino Fundamental \u00e0 3\u00aa s\u00e9rie do Ensino M\u00e9dio; al\u00e9m de promover, anualmente, oficinas e minicursos de forma\u00e7\u00e3o aos professores de l\u00edngua portuguesa que atuam diretamente com esses alunos.<\/span><\/p><p style=\"text-align: justify\"><span style=\"color: #000000\"><strong>P\u00fablico alvo (atendido): <\/strong>professores a alunos de L\u00edngua Portuguesa atuantes nos segmentos do Ensino Fundamental II e Ensino M\u00e9dio, em escolas p\u00fablicas.<\/span><\/p><p style=\"text-align: justify\"><span style=\"color: #000000\"><strong>Financiamento: <\/strong>CENPEC &#8211; Ita\u00fa Social; MEC.<\/span><\/p><p style=\"text-align: justify\"><span style=\"color: #000000\"><strong>Co-realiza\u00e7\u00e3o: <\/strong>rede de ancoragem local: UNIFAP; UNDIME; CONSED\/SEED\/AP.<\/span><\/p><p style=\"text-align: justify\"><span style=\"color: #000000\"><strong>Informa\u00e7\u00f5es<\/strong>: <a style=\"color: #000000\" href=\"mailto:celeste.ribeiro@unifap.br\">celeste.ribeiro@unifap.br<\/a><\/span><\/p><p style=\"text-align: justify\"><span style=\"color: #000000\"><strong>\u00a0<\/strong><\/span><\/p><p style=\"text-align: center\"><span style=\"color: #800080\"><strong>CELPE-BRAS (2018 \u2013 ATUAL)<\/strong><\/span><\/p><p style=\"text-align: justify\"><span style=\"color: #000000\"><strong>Coordenador Institucional<\/strong>: Olaci Carvalho<\/span><\/p><p style=\"text-align: justify\"><span style=\"color: #000000\"><strong>Objetivo<\/strong>: aplicar a parte escrita e oral (avaliadora-observadora) do Exame de Profici\u00eancia em L\u00edngua Portuguesa para Estrangeiros-CELPE-BRAS, no Posto Aplicador da UNIVERSIDADE FEDERAL DO AMAP\u00c1.<\/span><\/p><p style=\"text-align: justify\"><span style=\"color: #000000\"><strong>P\u00fablico alvo (atendido)<\/strong>: profissionais estrangeiros residindo no Amap\u00e1, no Par\u00e1 e em outras unidades da Federa\u00e7\u00e3o.<\/span><\/p><p style=\"text-align: justify\"><span style=\"color: #000000\"><strong>Financiamento<\/strong>: INEP<\/span><\/p><p style=\"text-align: justify\"><span style=\"color: #000000\"><strong>Informa\u00e7\u00f5es<\/strong>: <a style=\"color: #000000\" href=\"mailto:olaci@unifap.br\">olaci@unifap.br<\/a><\/span><\/p><p style=\"text-align: justify\">\u00a0<\/p><p style=\"text-align: center\"><strong><span style=\"color: #800080\">ENSINO\/APRENDIZAGEM DE L\u00cdNGUA PORTUGUESA E CULTURA BRASILEIRA (2017\/2018)<\/span><\/strong><\/p><p style=\"text-align: justify\"><span style=\"color: #000000\"><strong>Coordenadora: <\/strong>Annick Marie Belrose \u2013 17\/05\/2017 A 16\/05\/2018<\/span><\/p><p style=\"text-align: justify\"><span style=\"color: #000000\"><strong>Objetivo<\/strong>: Este projeto prop\u00f5e aos estudantes estrangeiros dos programas PEG-G\/PAEC e aos estrangeiros visitantes, o estudo formal da L\u00edngua Portuguesa e da cultura brasileira a fim de auxili\u00e1-los no processo de comunica\u00e7\u00e3o e intera\u00e7\u00e3o social durante a sua estadia no Brasil assim como a aquisi\u00e7\u00e3o da compet\u00eancia comunicativa da l\u00edngua portuguesa compreendida e contemplada pelo exame de profici\u00eancia do MEC, CELPE-BRAS.<\/span><\/p><p style=\"text-align: justify\"><span style=\"color: #000000\"><strong>P\u00fablico alvo<\/strong>: Alunos do programa PEC-G\/PAEC e estrangeiros.<\/span><\/p><p style=\"text-align: justify\"><strong><span style=\"color: #000000\">Colaboradores:<\/span><\/strong><\/p><p style=\"text-align: justify\"><span style=\"color: #000000\">Nat\u00e1lia Almeida Braga Vasconcelos &#8211; Consultor \/ Tutor &#8211; 17\/05\/2017 A 16\/05\/2018<\/span><\/p><p style=\"text-align: justify\"><span style=\"color: #000000\">July Estefanny Costa De Nazare &#8211; Monitora<\/span><\/p><p style=\"text-align: justify\"><span style=\"color: #000000\"><strong>\u00a0<\/strong><\/span><\/p><p style=\"text-align: center\"><strong><span style=\"color: #800080\">ENSINO\/APRENDIZAGEM DE L\u00cdNGUA PORTUGUESA E CULTURA BRASILEIRA (01\/03\/2018 a 01\/03\/2019)<\/span><\/strong><\/p><p style=\"text-align: justify\"><span style=\"color: #000000\"><strong>Coordenadora: <\/strong>Annick Marie Belrose<\/span><\/p><p style=\"text-align: justify\"><span style=\"color: #000000\"><strong>Objetivo<\/strong>: Este projeto prop\u00f5e aos estudantes estrangeiros dos programas PEG-G\/PAEC e aos estrangeiros visitantes, o estudo formal da L\u00edngua Portuguesa e da cultura brasileira a fim de auxili\u00e1-los no processo de comunica\u00e7\u00e3o e intera\u00e7\u00e3o social durante a sua estadia no Brasil assim como a aquisi\u00e7\u00e3o da compet\u00eancia comunicativa da l\u00edngua portuguesa compreendida e contemplada pelo exame de profici\u00eancia do MEC, CELPE-BRAS.<\/span><\/p><p style=\"text-align: justify\"><span style=\"color: #000000\"><strong>P\u00fablico alvo<\/strong>: Alunos do programa PEC-G\/PAEC e estrangeiros.<\/span><\/p><p style=\"text-align: justify\"><strong><span style=\"color: #000000\">Colaboradores:<\/span><\/strong><\/p><p style=\"text-align: justify\"><span style=\"color: #000000\">Mariana Alves Reis \u2013 Monitora &#8211; 01\/03\/2018 A 01\/03\/2019<\/span><\/p><p style=\"text-align: justify\"><span style=\"color: #000000\">July Estefanny Costa De Nazare \u2013 Monitora &#8211; 01\/03\/2018 A 01\/03\/2019<\/span><\/p>\t\t\t\t\t\t\t\t<\/div>\n\t\t\t\t<\/div>\n\t\t\t\t\t<\/div>\n\t\t<\/div>\n\t\t\t\t\t<\/div>\n\t\t<\/section>\n\t\t\t\t<\/div>\n\t\t","protected":false},"excerpt":{"rendered":"<p>Olimp\u00edada da L\u00edngua Portuguesa (2018 \u2013 Atual) Coordenadora: Celeste Maria da Rocha Ribeiro Colaboradores: Para al\u00e9m da coordena\u00e7\u00e3o, a Olimp\u00edada&#8230;<\/p>\n","protected":false},"author":73,"featured_media":0,"parent":0,"menu_order":0,"comment_status":"open","ping_status":"closed","template":"","meta":{"inline_featured_image":false,"site-sidebar-layout":"default","site-content-layout":"","ast-site-content-layout":"default","site-content-style":"default","site-sidebar-style":"default","ast-global-header-display":"","ast-banner-title-visibility":"","ast-main-header-display":"","ast-hfb-above-header-display":"","ast-hfb-below-header-display":"","ast-hfb-mobile-header-display":"","site-post-title":"","ast-breadcrumbs-content":"","ast-featured-img":"","footer-sml-layout":"","theme-transparent-header-meta":"","adv-header-id-meta":"","stick-header-meta":"","header-above-stick-meta":"","header-main-stick-meta":"","header-below-stick-meta":"","astra-migrate-meta-layouts":"default","ast-page-background-enabled":"default","ast-page-background-meta":{"desktop":{"background-color":"var(--ast-global-color-4)","background-image":"","background-repeat":"repeat","background-position":"center center","background-size":"auto","background-attachment":"scroll","background-type":"","background-media":"","overlay-type":"","overlay-color":"","overlay-opacity":"","overlay-gradient":""},"tablet":{"background-color":"","background-image":"","background-repeat":"repeat","background-position":"center center","background-size":"auto","background-attachment":"scroll","background-type":"","background-media":"","overlay-type":"","overlay-color":"","overlay-opacity":"","overlay-gradient":""},"mobile":{"background-color":"","background-image":"","background-repeat":"repeat","background-position":"center center","background-size":"auto","background-attachment":"scroll","background-type":"","background-media":"","overlay-type":"","overlay-color":"","overlay-opacity":"","overlay-gradient":""}},"ast-content-background-meta":{"desktop":{"background-color":"var(--ast-global-color-5)","background-image":"","background-repeat":"repeat","background-position":"center center","background-size":"auto","background-attachment":"scroll","background-type":"","background-media":"","overlay-type":"","overlay-color":"","overlay-opacity":"","overlay-gradient":""},"tablet":{"background-color":"var(--ast-global-color-5)","background-image":"","background-repeat":"repeat","background-position":"center center","background-size":"auto","background-attachment":"scroll","background-type":"","background-media":"","overlay-type":"","overlay-color":"","overlay-opacity":"","overlay-gradient":""},"mobile":{"background-color":"var(--ast-global-color-5)","background-image":"","background-repeat":"repeat","background-position":"center center","background-size":"auto","background-attachment":"scroll","background-type":"","background-media":"","overlay-type":"","overlay-color":"","overlay-opacity":"","overlay-gradient":""}},"ngg_post_thumbnail":0,"footnotes":""},"class_list":["post-1674","page","type-page","status-publish","hentry"],"_links":{"self":[{"href":"https:\/\/www2.unifap.br\/letras\/wp-json\/wp\/v2\/pages\/1674","targetHints":{"allow":["GET"]}}],"collection":[{"href":"https:\/\/www2.unifap.br\/letras\/wp-json\/wp\/v2\/pages"}],"about":[{"href":"https:\/\/www2.unifap.br\/letras\/wp-json\/wp\/v2\/types\/page"}],"author":[{"embeddable":true,"href":"https:\/\/www2.unifap.br\/letras\/wp-json\/wp\/v2\/users\/73"}],"replies":[{"embeddable":true,"href":"https:\/\/www2.unifap.br\/letras\/wp-json\/wp\/v2\/comments?post=1674"}],"version-history":[{"count":51,"href":"https:\/\/www2.unifap.br\/letras\/wp-json\/wp\/v2\/pages\/1674\/revisions"}],"predecessor-version":[{"id":3042,"href":"https:\/\/www2.unifap.br\/letras\/wp-json\/wp\/v2\/pages\/1674\/revisions\/3042"}],"wp:attachment":[{"href":"https:\/\/www2.unifap.br\/letras\/wp-json\/wp\/v2\/media?parent=1674"}],"curies":[{"name":"wp","href":"https:\/\/api.w.org\/{rel}","templated":true}]}}