{"id":1689,"date":"2024-04-25T03:04:44","date_gmt":"2024-04-25T03:04:44","guid":{"rendered":"https:\/\/www2.unifap.br\/letraslibras\/?page_id=1689"},"modified":"2024-04-25T16:26:19","modified_gmt":"2024-04-25T16:26:19","slug":"introducao-aos-estudos-linguisticos","status":"publish","type":"page","link":"https:\/\/www2.unifap.br\/letraslibras\/materiais-didaticos-traduzidos-em-libras\/disciplinas\/introducao-aos-estudos-linguisticos\/","title":{"rendered":"Introdu\u00e7\u00e3o aos Estudos Lingu\u00edsticos"},"content":{"rendered":"<p>Texto 1: VIOTTI, Evani. Unidade I. In: <strong>Introdu\u00e7\u00e3o aos Estudos Ling\u00fc\u00edsticos<\/strong>. Florian\u00f3polis: LLV\/CCE\/UFSC, 2008. Textos Did\u00e1ticos do Curso de Licenciatura e Bacharelado em Letras \u2013Libras na modalidade \u00e0 dist\u00e2ncia, p. 8-31.<\/p>\n<p><a href=\"http:\/\/www2.unifap.br\/letraslibras\/files\/2024\/04\/Apostila-de-Introducao-aos-estudos-linguisticos.pdf\">PDF<\/a><\/p>\n<p><a href=\"https:\/\/www.youtube.com\/watch?v=0VL3ThdlzKE\">Tradu\u00e7\u00e3o em Libras<\/a><\/p>\n<p>Texto 2: Gloss\u00e1rio da disciplina &#8220;Introdu\u00e7\u00e3o aos Estudos Lingu\u00edsticos&#8221; (produ\u00e7\u00e3o da docente)<\/p>\n<p><a href=\"http:\/\/www2.unifap.br\/letraslibras\/files\/2024\/04\/Glossario-Introducao-aos-Estudos-Linguisticos.pdf\">PDF<\/a><\/p>\n<p><a href=\"https:\/\/www.youtube.com\/watch?v=hLR89NEhk7M\">Tradu\u00e7\u00e3o em Libras&nbsp;<\/a><\/p>\n<p>&nbsp;<\/p>\n","protected":false},"excerpt":{"rendered":"<p>Texto 1: VIOTTI, Evani. Unidade I. In: Introdu\u00e7\u00e3o aos Estudos Ling\u00fc\u00edsticos. Florian\u00f3polis: LLV\/CCE\/UFSC, 2008. Textos Did\u00e1ticos do Curso de Licenciatura e Bacharelado em Letras \u2013Libras na modalidade \u00e0 dist\u00e2ncia, p. 8-31. PDF Tradu\u00e7\u00e3o em Libras Texto 2: Gloss\u00e1rio da disciplina &#8220;Introdu\u00e7\u00e3o aos Estudos Lingu\u00edsticos&#8221; (produ\u00e7\u00e3o da docente) PDF Tradu\u00e7\u00e3o em&#8230; <a class=\"continue-reading-link\" href=\"https:\/\/www2.unifap.br\/letraslibras\/materiais-didaticos-traduzidos-em-libras\/disciplinas\/introducao-aos-estudos-linguisticos\/\"> Continue reading <span class=\"meta-nav\">&rarr; <\/span><\/a><\/p>\n","protected":false},"author":3951,"featured_media":0,"parent":1687,"menu_order":0,"comment_status":"closed","ping_status":"closed","template":"","meta":{"inline_featured_image":false,"ngg_post_thumbnail":0,"footnotes":""},"class_list":["post-1689","page","type-page","status-publish","hentry"],"_links":{"self":[{"href":"https:\/\/www2.unifap.br\/letraslibras\/wp-json\/wp\/v2\/pages\/1689","targetHints":{"allow":["GET"]}}],"collection":[{"href":"https:\/\/www2.unifap.br\/letraslibras\/wp-json\/wp\/v2\/pages"}],"about":[{"href":"https:\/\/www2.unifap.br\/letraslibras\/wp-json\/wp\/v2\/types\/page"}],"author":[{"embeddable":true,"href":"https:\/\/www2.unifap.br\/letraslibras\/wp-json\/wp\/v2\/users\/3951"}],"replies":[{"embeddable":true,"href":"https:\/\/www2.unifap.br\/letraslibras\/wp-json\/wp\/v2\/comments?post=1689"}],"version-history":[{"count":5,"href":"https:\/\/www2.unifap.br\/letraslibras\/wp-json\/wp\/v2\/pages\/1689\/revisions"}],"predecessor-version":[{"id":1730,"href":"https:\/\/www2.unifap.br\/letraslibras\/wp-json\/wp\/v2\/pages\/1689\/revisions\/1730"}],"up":[{"embeddable":true,"href":"https:\/\/www2.unifap.br\/letraslibras\/wp-json\/wp\/v2\/pages\/1687"}],"wp:attachment":[{"href":"https:\/\/www2.unifap.br\/letraslibras\/wp-json\/wp\/v2\/media?parent=1689"}],"curies":[{"name":"wp","href":"https:\/\/api.w.org\/{rel}","templated":true}]}}