{"id":1712,"date":"2024-04-25T03:50:25","date_gmt":"2024-04-25T03:50:25","guid":{"rendered":"https:\/\/www2.unifap.br\/letraslibras\/?page_id=1712"},"modified":"2024-04-25T04:00:50","modified_gmt":"2024-04-25T04:00:50","slug":"aquisicao-da-linguagem","status":"publish","type":"page","link":"https:\/\/www2.unifap.br\/letraslibras\/materiais-didaticos-traduzidos-em-libras\/disciplinas\/aquisicao-da-linguagem\/","title":{"rendered":"Aquisi\u00e7\u00e3o da linguagem"},"content":{"rendered":"<p>Texto 1: GROLLA, Elaine. <em>A aquisi\u00e7\u00e3o da linguagem<\/em>. (Material Did\u00e1tico para o Curso de Letras-LIBRAS, UFSC, 2006.<\/p>\n<p><a href=\"http:\/\/www2.unifap.br\/letraslibras\/files\/2024\/04\/Grolla_2006_A-Aquisicao-da-Linguagem.pdf\">PDF (com tradu\u00e7\u00f5es em Libras no arquivo)<\/a><\/p>\n<p>Texto 2: Apostila &#8211; Hip\u00f3teses sobre aquisi\u00e7\u00e3o da linguagem<\/p>\n<p><a href=\"http:\/\/www2.unifap.br\/letraslibras\/files\/2024\/04\/MATERIAL-DE-APOIO-HIPOTESES-DA-AQUISICAO-DA-LINGUAGEM.pdf\">PDF<\/a><\/p>\n<p><a href=\"https:\/\/www.youtube.com\/watch?v=O7P6ckYevXg\">Tradu\u00e7\u00e3o em Libras<\/a><\/p>\n","protected":false},"excerpt":{"rendered":"<p>Texto 1: GROLLA, Elaine. A aquisi\u00e7\u00e3o da linguagem. (Material Did\u00e1tico para o Curso de Letras-LIBRAS, UFSC, 2006. PDF (com tradu\u00e7\u00f5es em Libras no arquivo) Texto 2: Apostila &#8211; Hip\u00f3teses sobre aquisi\u00e7\u00e3o da linguagem PDF Tradu\u00e7\u00e3o em Libras<\/p>\n","protected":false},"author":3951,"featured_media":0,"parent":1687,"menu_order":0,"comment_status":"closed","ping_status":"closed","template":"","meta":{"inline_featured_image":false,"ngg_post_thumbnail":0,"footnotes":""},"class_list":["post-1712","page","type-page","status-publish","hentry"],"_links":{"self":[{"href":"https:\/\/www2.unifap.br\/letraslibras\/wp-json\/wp\/v2\/pages\/1712","targetHints":{"allow":["GET"]}}],"collection":[{"href":"https:\/\/www2.unifap.br\/letraslibras\/wp-json\/wp\/v2\/pages"}],"about":[{"href":"https:\/\/www2.unifap.br\/letraslibras\/wp-json\/wp\/v2\/types\/page"}],"author":[{"embeddable":true,"href":"https:\/\/www2.unifap.br\/letraslibras\/wp-json\/wp\/v2\/users\/3951"}],"replies":[{"embeddable":true,"href":"https:\/\/www2.unifap.br\/letraslibras\/wp-json\/wp\/v2\/comments?post=1712"}],"version-history":[{"count":4,"href":"https:\/\/www2.unifap.br\/letraslibras\/wp-json\/wp\/v2\/pages\/1712\/revisions"}],"predecessor-version":[{"id":1718,"href":"https:\/\/www2.unifap.br\/letraslibras\/wp-json\/wp\/v2\/pages\/1712\/revisions\/1718"}],"up":[{"embeddable":true,"href":"https:\/\/www2.unifap.br\/letraslibras\/wp-json\/wp\/v2\/pages\/1687"}],"wp:attachment":[{"href":"https:\/\/www2.unifap.br\/letraslibras\/wp-json\/wp\/v2\/media?parent=1712"}],"curies":[{"name":"wp","href":"https:\/\/api.w.org\/{rel}","templated":true}]}}