{"id":1780,"date":"2024-05-06T12:07:32","date_gmt":"2024-05-06T12:07:32","guid":{"rendered":"https:\/\/www2.unifap.br\/letraslibras\/?page_id=1780"},"modified":"2025-02-28T15:40:48","modified_gmt":"2025-02-28T15:40:48","slug":"contatos-da-coordenacao","status":"publish","type":"page","link":"https:\/\/www2.unifap.br\/letraslibras\/coordenacao\/contatos-da-coordenacao\/","title":{"rendered":"Contatos da Coordena\u00e7\u00e3o"},"content":{"rendered":"<section>\n<div>\n<div>\n<div>\n<div>\n<div>\n<div>\n<h3><strong>Coordenadora:&nbsp;<\/strong>Profa. Dra. Martha Zoni (PORTARIA N\u00ba 0367\/2025) \u2013 email: marthazoni@unifap.br<\/h3>\n<\/div>\n<\/div>\n<\/div>\n<\/div>\n<\/div>\n<\/div>\n<\/section>\n<section>\n<div>\n<div>\n<div>\n<div>\n<div>\n<div>\n<div>\n<div>\n<p><strong>Vice-Coordenadora:&nbsp;<\/strong>Profa. Ma. Edleide Moraes (edleide@unifap.br)<\/p>\n<p><strong>T\u00e9cnico em Administra\u00e7\u00e3o:&nbsp;<\/strong>Israel Ara\u00fajo (israel@unifap.br)<\/p>\n<p><strong>Local de Atendimento:&nbsp;<\/strong>Coordena\u00e7\u00e3o de Letras Libras\/Portugu\u00eas \u2013 Departamento de Letras e Artes<\/p>\n<p><strong>Email do curso:<\/strong>&nbsp; letras.libras@unifap.br<\/p>\n<p><strong>Canal no YouTube:<\/strong> <a href=\"https:\/\/www.youtube.com\/channel\/UC1581RAyNY-piFY6DPi0WMQ\">Letras Libras Unifap<\/a><\/p>\n<p><b>P\u00e1gina no FaceBook<\/b>:&nbsp;<a href=\"https:\/\/www.facebook.com\/letraslibras.unifap.1\">(1) Facebook<\/a><\/p>\n<p>P\u00e1gina no Instagram: <a href=\"https:\/\/www.instagram.com\/letraslibrasunifap?igsh=MXl0dWlheXltcG1o\">letraslibrasunifap<\/a><\/p>\n<\/div>\n<\/div>\n<\/div>\n<\/div>\n<\/div>\n<\/div>\n<\/div>\n<\/div>\n<\/section>\n","protected":false},"excerpt":{"rendered":"<p>Coordenadora:&nbsp;Profa. Dra. Martha Zoni (PORTARIA N\u00ba 0367\/2025) \u2013 email: marthazoni@unifap.br Vice-Coordenadora:&nbsp;Profa. Ma. Edleide Moraes (edleide@unifap.br) T\u00e9cnico em Administra\u00e7\u00e3o:&nbsp;Israel Ara\u00fajo (israel@unifap.br) Local de Atendimento:&nbsp;Coordena\u00e7\u00e3o de Letras Libras\/Portugu\u00eas \u2013 Departamento de Letras e Artes Email do curso:&nbsp; letras.libras@unifap.br Canal no YouTube: Letras Libras Unifap P\u00e1gina no FaceBook:&nbsp;(1) Facebook P\u00e1gina no Instagram: letraslibrasunifap<\/p>\n","protected":false},"author":3951,"featured_media":0,"parent":367,"menu_order":0,"comment_status":"closed","ping_status":"closed","template":"","meta":{"inline_featured_image":false,"ngg_post_thumbnail":0,"footnotes":""},"class_list":["post-1780","page","type-page","status-publish","hentry"],"_links":{"self":[{"href":"https:\/\/www2.unifap.br\/letraslibras\/wp-json\/wp\/v2\/pages\/1780","targetHints":{"allow":["GET"]}}],"collection":[{"href":"https:\/\/www2.unifap.br\/letraslibras\/wp-json\/wp\/v2\/pages"}],"about":[{"href":"https:\/\/www2.unifap.br\/letraslibras\/wp-json\/wp\/v2\/types\/page"}],"author":[{"embeddable":true,"href":"https:\/\/www2.unifap.br\/letraslibras\/wp-json\/wp\/v2\/users\/3951"}],"replies":[{"embeddable":true,"href":"https:\/\/www2.unifap.br\/letraslibras\/wp-json\/wp\/v2\/comments?post=1780"}],"version-history":[{"count":6,"href":"https:\/\/www2.unifap.br\/letraslibras\/wp-json\/wp\/v2\/pages\/1780\/revisions"}],"predecessor-version":[{"id":2640,"href":"https:\/\/www2.unifap.br\/letraslibras\/wp-json\/wp\/v2\/pages\/1780\/revisions\/2640"}],"up":[{"embeddable":true,"href":"https:\/\/www2.unifap.br\/letraslibras\/wp-json\/wp\/v2\/pages\/367"}],"wp:attachment":[{"href":"https:\/\/www2.unifap.br\/letraslibras\/wp-json\/wp\/v2\/media?parent=1780"}],"curies":[{"name":"wp","href":"https:\/\/api.w.org\/{rel}","templated":true}]}}