{"id":2183,"date":"2024-10-15T18:04:58","date_gmt":"2024-10-15T18:04:58","guid":{"rendered":"https:\/\/www2.unifap.br\/letraslibras\/?page_id=2183"},"modified":"2024-10-15T18:17:43","modified_gmt":"2024-10-15T18:17:43","slug":"acompanhamento-do-egresso","status":"publish","type":"page","link":"https:\/\/www2.unifap.br\/letraslibras\/acompanhamento-do-egresso\/","title":{"rendered":"Acompanhamento do egresso"},"content":{"rendered":"\t\t<div data-elementor-type=\"wp-page\" data-elementor-id=\"2183\" class=\"elementor elementor-2183\">\n\t\t\t\t\t\t<section class=\"elementor-section elementor-top-section elementor-element elementor-element-2b5413d elementor-section-boxed elementor-section-height-default elementor-section-height-default\" data-id=\"2b5413d\" data-element_type=\"section\" data-e-type=\"section\">\n\t\t\t\t\t\t<div class=\"elementor-container elementor-column-gap-default\">\n\t\t\t\t\t<div class=\"elementor-column elementor-col-100 elementor-top-column elementor-element elementor-element-6c1bf34\" data-id=\"6c1bf34\" data-element_type=\"column\" data-e-type=\"column\">\n\t\t\t<div class=\"elementor-widget-wrap elementor-element-populated\">\n\t\t\t\t\t\t<div class=\"elementor-element elementor-element-5e8b36e elementor-widget elementor-widget-image\" data-id=\"5e8b36e\" data-element_type=\"widget\" data-e-type=\"widget\" data-widget_type=\"image.default\">\n\t\t\t\t<div class=\"elementor-widget-container\">\n\t\t\t\t\t\t\t\t\t\t\t\t\t\t\t<img fetchpriority=\"high\" decoding=\"async\" width=\"800\" height=\"200\" src=\"https:\/\/www2.unifap.br\/letraslibras\/files\/2024\/10\/banner-egressos-1024x256.png\" class=\"attachment-large size-large wp-image-2190\" alt=\"\" srcset=\"https:\/\/www2.unifap.br\/letraslibras\/files\/2024\/10\/banner-egressos-1024x256.png 1024w, https:\/\/www2.unifap.br\/letraslibras\/files\/2024\/10\/banner-egressos-300x75.png 300w, https:\/\/www2.unifap.br\/letraslibras\/files\/2024\/10\/banner-egressos-768x192.png 768w, https:\/\/www2.unifap.br\/letraslibras\/files\/2024\/10\/banner-egressos-1536x384.png 1536w, https:\/\/www2.unifap.br\/letraslibras\/files\/2024\/10\/banner-egressos-150x38.png 150w, https:\/\/www2.unifap.br\/letraslibras\/files\/2024\/10\/banner-egressos-250x63.png 250w, https:\/\/www2.unifap.br\/letraslibras\/files\/2024\/10\/banner-egressos.png 1600w\" sizes=\"(max-width: 800px) 100vw, 800px\" \/>\t\t\t\t\t\t\t\t\t\t\t\t\t\t\t<\/div>\n\t\t\t\t<\/div>\n\t\t\t\t\t<\/div>\n\t\t<\/div>\n\t\t\t\t\t<\/div>\n\t\t<\/section>\n\t\t\t\t<section class=\"elementor-section elementor-top-section elementor-element elementor-element-8b6d2ff elementor-section-boxed elementor-section-height-default elementor-section-height-default\" data-id=\"8b6d2ff\" data-element_type=\"section\" data-e-type=\"section\">\n\t\t\t\t\t\t<div class=\"elementor-container elementor-column-gap-default\">\n\t\t\t\t\t<div class=\"elementor-column elementor-col-100 elementor-top-column elementor-element elementor-element-8c7b024\" data-id=\"8c7b024\" data-element_type=\"column\" data-e-type=\"column\">\n\t\t\t<div class=\"elementor-widget-wrap elementor-element-populated\">\n\t\t\t\t\t\t<div class=\"elementor-element elementor-element-1775586 elementor-widget elementor-widget-text-editor\" data-id=\"1775586\" data-element_type=\"widget\" data-e-type=\"widget\" data-widget_type=\"text-editor.default\">\n\t\t\t\t<div class=\"elementor-widget-container\">\n\t\t\t\t\t\t\t\t\t<p>O Curso de Licenciatura em Letras Libras Portugu\u00eas gostaria de contar com sua colabora\u00e7\u00e3o para o levantamento do destino e atua\u00e7\u00e3o dos egressos. Al\u00e9m disso, queremos conhecer a situa\u00e7\u00e3o de trabalho atual e a avalia\u00e7\u00e3o acerca da forma\u00e7\u00e3o recebida. A sua participa\u00e7\u00e3o \u00e9 muito importante para o nosso processo de avalia\u00e7\u00e3o e revis\u00e3o das nossas a\u00e7\u00f5es e planejamentos.<\/p><p>Acesso ao formul\u00e1rio clicando <a href=\"https:\/\/docs.google.com\/forms\/d\/e\/1FAIpQLSddXtSPvTpWiO22rKYTozqyLG9A2pL5FsEvKQfD6xq9fteygw\/viewform\">AQUI<\/a><\/p>\t\t\t\t\t\t\t\t<\/div>\n\t\t\t\t<\/div>\n\t\t\t\t\t<\/div>\n\t\t<\/div>\n\t\t\t\t\t<\/div>\n\t\t<\/section>\n\t\t\t\t<\/div>\n\t\t","protected":false},"excerpt":{"rendered":"<p>O Curso de Licenciatura em Letras Libras Portugu\u00eas gostaria de contar com sua colabora\u00e7\u00e3o para o levantamento do destino e atua\u00e7\u00e3o dos egressos. Al\u00e9m disso, queremos conhecer a situa\u00e7\u00e3o de trabalho atual e a avalia\u00e7\u00e3o acerca da forma\u00e7\u00e3o recebida. A sua participa\u00e7\u00e3o \u00e9 muito importante para o nosso processo de&#8230; <a class=\"continue-reading-link\" href=\"https:\/\/www2.unifap.br\/letraslibras\/acompanhamento-do-egresso\/\"> Continue reading <span class=\"meta-nav\">&rarr; <\/span><\/a><\/p>\n","protected":false},"author":3951,"featured_media":0,"parent":0,"menu_order":0,"comment_status":"closed","ping_status":"closed","template":"","meta":{"inline_featured_image":false,"ngg_post_thumbnail":0,"footnotes":""},"class_list":["post-2183","page","type-page","status-publish","hentry"],"_links":{"self":[{"href":"https:\/\/www2.unifap.br\/letraslibras\/wp-json\/wp\/v2\/pages\/2183","targetHints":{"allow":["GET"]}}],"collection":[{"href":"https:\/\/www2.unifap.br\/letraslibras\/wp-json\/wp\/v2\/pages"}],"about":[{"href":"https:\/\/www2.unifap.br\/letraslibras\/wp-json\/wp\/v2\/types\/page"}],"author":[{"embeddable":true,"href":"https:\/\/www2.unifap.br\/letraslibras\/wp-json\/wp\/v2\/users\/3951"}],"replies":[{"embeddable":true,"href":"https:\/\/www2.unifap.br\/letraslibras\/wp-json\/wp\/v2\/comments?post=2183"}],"version-history":[{"count":9,"href":"https:\/\/www2.unifap.br\/letraslibras\/wp-json\/wp\/v2\/pages\/2183\/revisions"}],"predecessor-version":[{"id":2193,"href":"https:\/\/www2.unifap.br\/letraslibras\/wp-json\/wp\/v2\/pages\/2183\/revisions\/2193"}],"wp:attachment":[{"href":"https:\/\/www2.unifap.br\/letraslibras\/wp-json\/wp\/v2\/media?parent=2183"}],"curies":[{"name":"wp","href":"https:\/\/api.w.org\/{rel}","templated":true}]}}