{"id":2264,"date":"2024-10-31T00:38:01","date_gmt":"2024-10-31T00:38:01","guid":{"rendered":"https:\/\/www2.unifap.br\/letraslibras\/?page_id=2264"},"modified":"2024-10-31T00:40:13","modified_gmt":"2024-10-31T00:40:13","slug":"creditos-em-disciplinas","status":"publish","type":"page","link":"https:\/\/www2.unifap.br\/letraslibras\/creditos-em-disciplinas\/","title":{"rendered":"Cr\u00e9ditos em disciplinas"},"content":{"rendered":"<p>Prezado(a) aluno (a),&nbsp;<\/p>\n<p>Ao solicitar cr\u00e9ditos em disciplinas cursadas em outro curso, s\u00e3o necess\u00e1rios os seguintes documentos: Hist\u00f3rico Escolar, Programa\/Plano de disciplina cursada; Requerimento. Essa documenta\u00e7\u00e3o deve ser encaminhada para o e-mail do curso: letras.libras@unifap.br.&nbsp;<\/p>\n<p><a href=\"http:\/\/www2.unifap.br\/letraslibras\/files\/2024\/10\/REQUERIMENTO-PADRAO.docx\">Modelo de Requerimento<\/a><\/p>\n<p>&nbsp;<\/p>\n","protected":false},"excerpt":{"rendered":"<p>Prezado(a) aluno (a),&nbsp; Ao solicitar cr\u00e9ditos em disciplinas cursadas em outro curso, s\u00e3o necess\u00e1rios os seguintes documentos: Hist\u00f3rico Escolar, Programa\/Plano de disciplina cursada; Requerimento. Essa documenta\u00e7\u00e3o deve ser encaminhada para o e-mail do curso: letras.libras@unifap.br.&nbsp; Modelo de Requerimento &nbsp;<\/p>\n","protected":false},"author":3951,"featured_media":0,"parent":0,"menu_order":0,"comment_status":"closed","ping_status":"closed","template":"","meta":{"inline_featured_image":false,"ngg_post_thumbnail":0,"footnotes":""},"class_list":["post-2264","page","type-page","status-publish","hentry"],"_links":{"self":[{"href":"https:\/\/www2.unifap.br\/letraslibras\/wp-json\/wp\/v2\/pages\/2264","targetHints":{"allow":["GET"]}}],"collection":[{"href":"https:\/\/www2.unifap.br\/letraslibras\/wp-json\/wp\/v2\/pages"}],"about":[{"href":"https:\/\/www2.unifap.br\/letraslibras\/wp-json\/wp\/v2\/types\/page"}],"author":[{"embeddable":true,"href":"https:\/\/www2.unifap.br\/letraslibras\/wp-json\/wp\/v2\/users\/3951"}],"replies":[{"embeddable":true,"href":"https:\/\/www2.unifap.br\/letraslibras\/wp-json\/wp\/v2\/comments?post=2264"}],"version-history":[{"count":2,"href":"https:\/\/www2.unifap.br\/letraslibras\/wp-json\/wp\/v2\/pages\/2264\/revisions"}],"predecessor-version":[{"id":2267,"href":"https:\/\/www2.unifap.br\/letraslibras\/wp-json\/wp\/v2\/pages\/2264\/revisions\/2267"}],"wp:attachment":[{"href":"https:\/\/www2.unifap.br\/letraslibras\/wp-json\/wp\/v2\/media?parent=2264"}],"curies":[{"name":"wp","href":"https:\/\/api.w.org\/{rel}","templated":true}]}}