{"id":513,"date":"2018-11-28T15:14:58","date_gmt":"2018-11-28T15:14:58","guid":{"rendered":"http:\/\/www2.unifap.br\/letraslibras\/?page_id=513"},"modified":"2024-11-10T18:31:59","modified_gmt":"2024-11-10T18:31:59","slug":"regulamento-de-acc","status":"publish","type":"page","link":"https:\/\/www2.unifap.br\/letraslibras\/regulamentos\/regulamento-de-acc\/","title":{"rendered":"Regimento de Atividades Complementares (AC&#8217;s)"},"content":{"rendered":"<p><a href=\"http:\/\/www2.unifap.br\/letraslibras\/files\/2024\/03\/REGIMENTO-DE-ATIVIDADES-COMPLEMENTARES.pdf\">REGIMENTO DE ACC (3)<\/a><\/p>\n<p><a href=\"https:\/\/www.youtube.com\/watch?v=ZMSrt-E3gUo\">TRADU\u00c7\u00c3O EM LIBRAS &#8211; REGIMENTO DE ACC<\/a><\/p>\n<p><a href=\"http:\/\/www2.unifap.br\/letraslibras\/files\/2024\/03\/Planilha-de-Creditos-de-Atividades-Complementares.docx\">PLANILHA DE CR\u00c9DITOS DE ATIVIDADES COMPLEMENTARES (Formato em Word)<\/a><\/p>\n<p><a href=\"http:\/\/www2.unifap.br\/letraslibras\/files\/2024\/03\/Planilha-de-Creditos-de-Atividades-ComplementareS.pdf\">PLANILHA DE CR\u00c9DITOS DE ATIVIDADES COMPLEMENTARES (Formato em PDF)<\/a><\/p>\n<p><a href=\"http:\/\/www2.unifap.br\/letraslibras\/files\/2024\/11\/TUTORIAL-ATIVIDADES-COMPLENTARES.pdf\">TUTORIAL DE AC<\/a><\/p>\n<p>*Observa\u00e7\u00e3o: Arquivos em formato Word s\u00f3 abrem no &#8220;Microsoft Edge&#8221;<\/p>\n","protected":false},"excerpt":{"rendered":"<p>REGIMENTO DE ACC (3) TRADU\u00c7\u00c3O EM LIBRAS &#8211; REGIMENTO DE ACC PLANILHA DE CR\u00c9DITOS DE ATIVIDADES COMPLEMENTARES (Formato em Word) PLANILHA DE CR\u00c9DITOS DE ATIVIDADES COMPLEMENTARES (Formato em PDF) TUTORIAL DE AC *Observa\u00e7\u00e3o: Arquivos em formato Word s\u00f3 abrem no &#8220;Microsoft Edge&#8221;<\/p>\n","protected":false},"author":3453,"featured_media":0,"parent":499,"menu_order":0,"comment_status":"open","ping_status":"open","template":"","meta":{"inline_featured_image":false,"ngg_post_thumbnail":0,"footnotes":""},"class_list":["post-513","page","type-page","status-publish","hentry"],"_links":{"self":[{"href":"https:\/\/www2.unifap.br\/letraslibras\/wp-json\/wp\/v2\/pages\/513","targetHints":{"allow":["GET"]}}],"collection":[{"href":"https:\/\/www2.unifap.br\/letraslibras\/wp-json\/wp\/v2\/pages"}],"about":[{"href":"https:\/\/www2.unifap.br\/letraslibras\/wp-json\/wp\/v2\/types\/page"}],"author":[{"embeddable":true,"href":"https:\/\/www2.unifap.br\/letraslibras\/wp-json\/wp\/v2\/users\/3453"}],"replies":[{"embeddable":true,"href":"https:\/\/www2.unifap.br\/letraslibras\/wp-json\/wp\/v2\/comments?post=513"}],"version-history":[{"count":11,"href":"https:\/\/www2.unifap.br\/letraslibras\/wp-json\/wp\/v2\/pages\/513\/revisions"}],"predecessor-version":[{"id":2423,"href":"https:\/\/www2.unifap.br\/letraslibras\/wp-json\/wp\/v2\/pages\/513\/revisions\/2423"}],"up":[{"embeddable":true,"href":"https:\/\/www2.unifap.br\/letraslibras\/wp-json\/wp\/v2\/pages\/499"}],"wp:attachment":[{"href":"https:\/\/www2.unifap.br\/letraslibras\/wp-json\/wp\/v2\/media?parent=513"}],"curies":[{"name":"wp","href":"https:\/\/api.w.org\/{rel}","templated":true}]}}