{"id":864,"date":"2024-09-05T18:05:38","date_gmt":"2024-09-05T21:05:38","guid":{"rendered":"https:\/\/www2.unifap.br\/lmqc\/?page_id=864"},"modified":"2024-09-06T10:16:32","modified_gmt":"2024-09-06T13:16:32","slug":"projetos","status":"publish","type":"page","link":"https:\/\/www2.unifap.br\/lmqc\/projetos\/","title":{"rendered":"PROJETOS"},"content":{"rendered":"\t\t<div data-elementor-type=\"wp-page\" data-elementor-id=\"864\" class=\"elementor elementor-864\">\n\t\t\t\t<div class=\"elementor-element elementor-element-c40395c e-flex e-con-boxed e-con e-parent\" data-id=\"c40395c\" data-element_type=\"container\" data-e-type=\"container\">\n\t\t\t\t\t<div class=\"e-con-inner\">\n\t\t\t\t<div class=\"elementor-element elementor-element-a3184fe elementor-widget elementor-widget-image\" data-id=\"a3184fe\" data-element_type=\"widget\" data-e-type=\"widget\" data-widget_type=\"image.default\">\n\t\t\t\t<div class=\"elementor-widget-container\">\n\t\t\t\t\t\t\t\t\t\t\t\t\t\t\t<img fetchpriority=\"high\" decoding=\"async\" width=\"1024\" height=\"135\" src=\"https:\/\/www2.unifap.br\/lmqc\/files\/2024\/09\/pesquisaExtensao-1024x135.png\" class=\"attachment-large size-large wp-image-865\" alt=\"\" srcset=\"https:\/\/www2.unifap.br\/lmqc\/files\/2024\/09\/pesquisaExtensao-1024x135.png 1024w, https:\/\/www2.unifap.br\/lmqc\/files\/2024\/09\/pesquisaExtensao-300x40.png 300w, https:\/\/www2.unifap.br\/lmqc\/files\/2024\/09\/pesquisaExtensao-768x101.png 768w, https:\/\/www2.unifap.br\/lmqc\/files\/2024\/09\/pesquisaExtensao.png 1200w\" sizes=\"(max-width: 1024px) 100vw, 1024px\" \/>\t\t\t\t\t\t\t\t\t\t\t\t\t\t\t<\/div>\n\t\t\t\t<\/div>\n\t\t\t\t\t<\/div>\n\t\t\t\t<\/div>\n\t\t<div class=\"elementor-element elementor-element-59f4cd3 e-flex e-con-boxed e-con e-parent\" data-id=\"59f4cd3\" data-element_type=\"container\" data-e-type=\"container\">\n\t\t\t\t\t<div class=\"e-con-inner\">\n\t\t\t\t<div class=\"elementor-element elementor-element-7ef8fcc elementor-widget elementor-widget-text-editor\" data-id=\"7ef8fcc\" data-element_type=\"widget\" data-e-type=\"widget\" data-widget_type=\"text-editor.default\">\n\t\t\t\t<div class=\"elementor-widget-container\">\n\t\t\t\t\t\t\t\t\t<h1><strong>Linhas de pesquisa:<\/strong><\/h1><ul><li>Valida\u00e7\u00e3o de m\u00e9todos computacionais<\/li><li>Planejamento de Compostos Bioativos<\/li><\/ul><h1><strong>Principais projetos de pesquisa:<\/strong><\/h1><ul><li>Prospec\u00e7\u00e3o biotecnol\u00f3gica de bioativos de interesse farmacol\u00f3gico na Amaz\u00f4nia<\/li><li>Diversidade molecular de bact\u00e9rias da esp\u00e9cie <em>Klebsiella pneumoniae<\/em> isoladas em pacientes hospitalizados na rede p\u00fablica do estado do Amap\u00e1<\/li><li>Desenvolvimento de prot\u00f3tipos de f\u00e1rmacos a partir de antimal\u00e1ricos para COVID-19: da abordagem bioinform\u00e1tica \u00e0 mol\u00e9cula alvo na identifica\u00e7\u00e3o de novos inibidores com potencial antiviral<\/li><li>Planejamento de compostos bioativos baseada em ligante-estrutura com atividade antibacteriana em cepas de MRSA e VRSA<\/li><li>Desenvolvimento e Caracteriza\u00e7\u00e3o de Nanopart\u00edculas de Novos Compostos Pept\u00eddicos com Potencial Atividade Antitumoral em C\u00e9lulas T Leuc\u00eamicas Jurkat<\/li><li>Planejamento e avalia\u00e7\u00e3o de compostos com atividade biocida na Amaz\u00f4nia<\/li><\/ul><h1><strong>Principais projetos de extens\u00e3o:<\/strong><\/h1><ul><li>I Semin\u00e1rio de Integra\u00e7\u00e3o de Pesquisa, Inova\u00e7\u00e3o e Tecnologia (SIPITEC 2023 &#8211; Campus Mazag\u00e3o)<\/li><li>I Semin\u00e1rio de Integra\u00e7\u00e3o da Pesquisa, Inova\u00e7\u00e3o e Tecnologia &#8211; SIPITEC (Binacional). 2023<\/li><li>II Simp\u00f3sio Latino-Americano de Qu\u00edmica e VII Workshop de Biotecnologia da Rede Bionorte \u2013 \u201cA integra\u00e7\u00e3o da ci\u00eancia na Am\u00e9rica Latina: desafios &amp; oportunidades\u201d. 2023<\/li><li>VI Workshop da Rede Bionorte &amp; Semana do Qu\u00edmico 2022 \u2013 \u201c Avan\u00e7os da Ci\u00eancia e Tecnologia da Amaz\u00f4nia<\/li><li>Semana Nacional de Ci\u00eancia e Tecnologia Bicenten\u00e1rio da Independ\u00eancia: 200 anos de Ci\u00eancia, Tecnologia e Inova\u00e7\u00e3o no Brasil. 2022<\/li><li>Simpo\u0301sio Latino-Americano de Qui\u0301mica &amp; V Workshop de Biotecnologia da Rede BIONORTE. 2021<\/li><li>Semana Nacional de Ci\u00eancia e Tecnologia: A transversalidade da Ci\u00eancia, Tecnologia e Inova\u00e7\u00f5es para o planeta. 2021<\/li><\/ul>\t\t\t\t\t\t\t\t<\/div>\n\t\t\t\t<\/div>\n\t\t\t\t\t<\/div>\n\t\t\t\t<\/div>\n\t\t\t\t<\/div>\n\t\t","protected":false},"excerpt":{"rendered":"<p>\/*! elementor &#8211; v3.21.0 &#8211; 26-05-2024 *\/ .elementor-widget-image{text-align:center}.elementor-widget-image a{display:inline-block}.elementor-widget-image a img[src$=&#8221;.svg&#8221;]{width:48px}.elementor-widget-image img{vertical-align:middle;display:inline-block} Linhas de pesquisa: Valida\u00e7\u00e3o de m\u00e9todos computacionais Planejamento de Compostos Bioativos Principais projetos de pesquisa: Prospec\u00e7\u00e3o biotecnol\u00f3gica de bioativos de interesse farmacol\u00f3gico na Amaz\u00f4nia Diversidade molecular de bact\u00e9rias da esp\u00e9cie Klebsiella pneumoniae isoladas em pacientes hospitalizados na rede p\u00fablica do estado do Amap\u00e1&#8230;<\/p>\n","protected":false},"author":3813,"featured_media":0,"parent":0,"menu_order":0,"comment_status":"closed","ping_status":"closed","template":"","meta":{"inline_featured_image":false,"site-sidebar-layout":"no-sidebar","site-content-layout":"","ast-site-content-layout":"full-width-container","site-content-style":"default","site-sidebar-style":"default","ast-global-header-display":"","ast-banner-title-visibility":"","ast-main-header-display":"","ast-hfb-above-header-display":"","ast-hfb-below-header-display":"","ast-hfb-mobile-header-display":"","site-post-title":"disabled","ast-breadcrumbs-content":"","ast-featured-img":"disabled","footer-sml-layout":"","theme-transparent-header-meta":"","adv-header-id-meta":"","stick-header-meta":"","header-above-stick-meta":"","header-main-stick-meta":"","header-below-stick-meta":"","astra-migrate-meta-layouts":"default","ast-page-background-enabled":"default","ast-page-background-meta":{"desktop":{"background-color":"var(--ast-global-color-4)","background-image":"","background-repeat":"repeat","background-position":"center center","background-size":"auto","background-attachment":"scroll","background-type":"","background-media":"","overlay-type":"","overlay-color":"","overlay-opacity":"","overlay-gradient":""},"tablet":{"background-color":"","background-image":"","background-repeat":"repeat","background-position":"center center","background-size":"auto","background-attachment":"scroll","background-type":"","background-media":"","overlay-type":"","overlay-color":"","overlay-opacity":"","overlay-gradient":""},"mobile":{"background-color":"","background-image":"","background-repeat":"repeat","background-position":"center center","background-size":"auto","background-attachment":"scroll","background-type":"","background-media":"","overlay-type":"","overlay-color":"","overlay-opacity":"","overlay-gradient":""}},"ast-content-background-meta":{"desktop":{"background-color":"var(--ast-global-color-5)","background-image":"","background-repeat":"repeat","background-position":"center center","background-size":"auto","background-attachment":"scroll","background-type":"","background-media":"","overlay-type":"","overlay-color":"","overlay-opacity":"","overlay-gradient":""},"tablet":{"background-color":"var(--ast-global-color-5)","background-image":"","background-repeat":"repeat","background-position":"center center","background-size":"auto","background-attachment":"scroll","background-type":"","background-media":"","overlay-type":"","overlay-color":"","overlay-opacity":"","overlay-gradient":""},"mobile":{"background-color":"var(--ast-global-color-5)","background-image":"","background-repeat":"repeat","background-position":"center center","background-size":"auto","background-attachment":"scroll","background-type":"","background-media":"","overlay-type":"","overlay-color":"","overlay-opacity":"","overlay-gradient":""}},"footnotes":""},"class_list":["post-864","page","type-page","status-publish","hentry"],"_links":{"self":[{"href":"https:\/\/www2.unifap.br\/lmqc\/wp-json\/wp\/v2\/pages\/864","targetHints":{"allow":["GET"]}}],"collection":[{"href":"https:\/\/www2.unifap.br\/lmqc\/wp-json\/wp\/v2\/pages"}],"about":[{"href":"https:\/\/www2.unifap.br\/lmqc\/wp-json\/wp\/v2\/types\/page"}],"author":[{"embeddable":true,"href":"https:\/\/www2.unifap.br\/lmqc\/wp-json\/wp\/v2\/users\/3813"}],"replies":[{"embeddable":true,"href":"https:\/\/www2.unifap.br\/lmqc\/wp-json\/wp\/v2\/comments?post=864"}],"version-history":[{"count":15,"href":"https:\/\/www2.unifap.br\/lmqc\/wp-json\/wp\/v2\/pages\/864\/revisions"}],"predecessor-version":[{"id":916,"href":"https:\/\/www2.unifap.br\/lmqc\/wp-json\/wp\/v2\/pages\/864\/revisions\/916"}],"wp:attachment":[{"href":"https:\/\/www2.unifap.br\/lmqc\/wp-json\/wp\/v2\/media?parent=864"}],"curies":[{"name":"wp","href":"https:\/\/api.w.org\/{rel}","templated":true}]}}