{"id":1556,"date":"2017-01-17T14:58:55","date_gmt":"2017-01-17T14:58:55","guid":{"rendered":"http:\/\/www2.unifap.br\/matematica\/?page_id=1556"},"modified":"2017-07-28T14:47:20","modified_gmt":"2017-07-28T14:47:20","slug":"tcc-2016","status":"publish","type":"page","link":"https:\/\/www2.unifap.br\/matematica\/?page_id=1556","title":{"rendered":"TCC 2016"},"content":{"rendered":"<p><a href=\"http:\/\/www2.unifap.br\/matematica\/files\/2017\/01\/DECLARA\u00c7\u00c3O-DE-BANCA-DE-TCC-2016.pdf\">DECLARA\u00c7\u00c3O DE BANCA DE TCC 2016<\/a><\/p>\n<table border=\"1\" cellspacing=\"0\" cellpadding=\"0\">\n<tbody>\n<tr>\n<td colspan=\"2\" valign=\"bottom\" width=\"288\">\n<p align=\"center\"><b>PER\u00cdODO<\/b><\/p>\n<\/td>\n<td colspan=\"2\" valign=\"bottom\" width=\"288\">\n<p align=\"center\"><b>2016<\/b><\/p>\n<\/td>\n<\/tr>\n<tr>\n<td width=\"144\">\n<p align=\"center\"><b>Professor<\/b><\/p>\n<\/td>\n<td width=\"144\">\n<p align=\"center\"><b>Aluno<\/b><\/p>\n<\/td>\n<td width=\"144\">\n<p align=\"center\"><b>T\u00edtulo<\/b><\/p>\n<\/td>\n<td width=\"144\">\n<p align=\"center\"><b>Banca Avaliadora<\/b><\/p>\n<\/td>\n<\/tr>\n<tr>\n<td width=\"144\">Guzman Eul\u00e1lio Isla Chamilco<\/td>\n<td width=\"144\">Greyce Kelly Silva Aquino<\/p>\n<p>Larissa Priscila de Lima Alves<\/td>\n<td width=\"144\">\n<p align=\"center\"><a href=\"http:\/\/www2.unifap.br\/matematica\/files\/2017\/01\/tcc-2016-greyce-kelly-aprendizagem-significativa.pdf\">A Import\u00e2ncia da Aprendizagem Significativa: Uma Introdu\u00e7\u00e3o da \u00c1rea e Volume em Prisma<\/a><\/p>\n<\/td>\n<td width=\"144\">Guzman Eul\u00e1lio Isla Chamilco<\/p>\n<p>Jo\u00e3o Socorro Pinheiro Ferreira<\/p>\n<p>Arlindo Moreira da Silva Filho<\/td>\n<\/tr>\n<tr>\n<td width=\"144\">Simone de Almeida Delphim Leal<\/td>\n<td width=\"144\">Jonas da Silva Batista<\/td>\n<td width=\"144\">\n<p align=\"center\"><a href=\"http:\/\/www2.unifap.br\/matematica\/files\/2017\/01\/tcc2016-jonas-da-silva-Teoria-de-Controle-\u00d3timo-Aplicado-ao-sistema-presa-predador.pdf\">Controle \u00d3timo Aplicado ao Sistema Presa-Predador<\/a><\/p>\n<\/td>\n<td width=\"144\">Simone de Almeida Delphim Leal<\/p>\n<p>Marcel Lucas Pican\u00e7o Nascimento<\/p>\n<p>Naralina Viana Soares da Silva<\/td>\n<\/tr>\n<tr>\n<td width=\"144\">Jo\u00e3o Socorro Pinheiro Ferreira<\/p>\n<p>&nbsp;<\/td>\n<td width=\"144\">Ademilton Barreto Facundes<\/p>\n<p>Fabio Gean Cardoso Rego<\/td>\n<td width=\"144\">\n<p align=\"center\"><a href=\"http:\/\/www2.unifap.br\/matematica\/files\/2017\/01\/Ademilton-Barreto-Facundes-e-F\u00e1bio-Gean-Cardoso-R\u00eago.pdf\">Um Estudo Sobre M\u00e1ximo, M\u00ednimo, Pontos de Sela e Extremos Condicionados de Fun\u00e7\u00f5es de Duas e Tr\u00eas Vari\u00e1veis com o Aux\u00edlio do Software Mathematica- Wolfram<\/a><\/p>\n<\/td>\n<td width=\"144\">Jo\u00e3o Socorro Pinheiro Ferreira<\/p>\n<p>Edivaldo Pinto dos Santos<\/p>\n<p>S\u00e9rgio Barbosa de Miranda<\/td>\n<\/tr>\n<tr>\n<td width=\"144\">Guzman Eul\u00e1lio Isla Chamilco<\/td>\n<td width=\"144\">Arlediane de Nazar\u00e9 Lobato Ribeiro<\/p>\n<p>Dayla Silva Botelho<\/td>\n<td width=\"144\">\n<p align=\"center\"><a href=\"http:\/\/www2.unifap.br\/matematica\/files\/2017\/01\/Arlediane-de-Nazar\u00e9-Lobato-Ribeiro-e-Dayla-Silva-Botelho1.pdf\">Estudo do C\u00e1lculo de Ra\u00edzes de Equa\u00e7\u00f5es Polinomiais<\/a><\/p>\n<\/td>\n<td width=\"144\">Guzman Eul\u00e1lio Isla Chamilco<\/p>\n<p>Gilberl\u00e2ndio Jesus Dias<\/p>\n<p>Jos\u00e9 Walter C\u00e1rdenas Sotil<\/td>\n<\/tr>\n<tr>\n<td width=\"144\">Naralina Viana Soares da Silva<\/td>\n<td width=\"144\">Augusto Jos\u00e9 da Silva Carvalho<\/p>\n<p>Nilce de Oliveira Barral<\/td>\n<td width=\"144\">\n<p align=\"center\"><a href=\"http:\/\/www2.unifap.br\/matematica\/files\/2017\/01\/Augusto-Jos\u00e9-da-Silva-Carvalho-e-Nilce-de-Oliveira-Barral1.pdf\">A Rela\u00e7\u00e3o Existente Entre o Sistema de Coordenadas Cartesianas e o Sistema de Coordenadas Polares: Uma Abordagem com o Aux\u00edlio do Software Geogebra<\/a><\/p>\n<\/td>\n<td width=\"144\">Naralina Viana Soares da Silva<\/p>\n<p>Edivaldo Pinto dos Santos<\/p>\n<p>Jo\u00e3o Socorro Pinheiro Ferreira<\/td>\n<\/tr>\n<tr>\n<td width=\"144\">Guzman Eul\u00e1lio Isla Chamilco<\/td>\n<td width=\"144\">Benedita Rosilene Beltr\u00e3o Bacelar<\/p>\n<p>Marciele do Amaral da Silva<\/td>\n<td width=\"144\">\n<p align=\"center\"><a href=\"http:\/\/www2.unifap.br\/matematica\/files\/2017\/01\/Benedita-Rosilene-Beltr\u00e3o-Bacelar-e-Marciele-do-Amaral-da-Silva1.pdf\">Estudos das Equa\u00e7\u00f5es de Diferen\u00e7as e Aplica\u00e7\u00f5es<\/a><\/p>\n<\/td>\n<td width=\"144\">Guzman Eul\u00e1lio Isla Chamilco<\/p>\n<p>Jos\u00e9 Walter C\u00e1rdenas Sotil<\/p>\n<p>Jo\u00e3o Socorro Pinheiro Ferreira<\/td>\n<\/tr>\n<tr>\n<td width=\"144\">Guzman Eul\u00e1lio Isla Chamilco<\/td>\n<td width=\"144\">Danilo da Silva Miranda<\/p>\n<p>Patricio de Castro Castelo<\/td>\n<td width=\"144\">\n<p align=\"center\"><a href=\"http:\/\/www2.unifap.br\/matematica\/files\/2017\/01\/Danilo-da-Silva-Miranda-e-Patr\u00edcio-de-Castro-Castelo.pdf\">Aplica\u00e7\u00f5es de Matrizes<\/a><\/p>\n<\/td>\n<td width=\"144\">Guzman Eul\u00e1lio Isla Chamilco<\/p>\n<p>Naralina Viana Soares da Silva<\/p>\n<p>Jo\u00e3o Socorro Pinheiro Ferreira<\/td>\n<\/tr>\n<tr>\n<td width=\"144\">Kelmem daCruz Barroso<\/td>\n<td width=\"144\">David Jaquison Silva Almeida<\/td>\n<td width=\"144\">\n<p align=\"center\"><a href=\"http:\/\/www2.unifap.br\/matematica\/files\/2017\/01\/David-Jaquison-Silva-Almeida1.pdf\">Teorema da Fun\u00e7\u00e3o Inversa e Uma Aplica\u00e7\u00e3o ao Grau de Brouwer<\/a><\/p>\n<\/td>\n<td width=\"144\">Kelmem daCruz Barroso<\/p>\n<p>Marcel Lucas Pican\u00e7o Nascimento<\/p>\n<p>Elifaleth Rego Sabino<\/td>\n<\/tr>\n<tr>\n<td width=\"144\">Simone de Almeida Delphim Leal<\/td>\n<td width=\"144\">Eduardo da Concei\u00e7\u00e3o Ros\u00e1rio<\/td>\n<td width=\"144\">\n<p align=\"center\"><a href=\"http:\/\/www2.unifap.br\/matematica\/files\/2017\/01\/Eduardo-da-Concei\u00e7\u00e3o-Ros\u00e1rio.pdf\">Lema de Zorn, Suas Equival\u00eancias e Aplica\u00e7\u00f5es<\/a><\/p>\n<\/td>\n<td width=\"144\">Simone de Almeida Delphim Leal<\/p>\n<p>Erasmo Senger<\/p>\n<p>Marcel Lucas Pican\u00e7o Nascimento<\/td>\n<\/tr>\n<tr>\n<td width=\"144\">Guzman Eul\u00e1lio Isla Chamilco<\/td>\n<td width=\"144\">Elcineide Oliveira das Chagas Sousa<\/p>\n<p>Priscila de Nazar\u00e9 Rodrigues Almeida<\/td>\n<td width=\"144\">\n<p align=\"center\"><a href=\"http:\/\/www2.unifap.br\/matematica\/files\/2017\/01\/Elcineide-Oliveira-das-Chagas-Sousa-e-Priscila-de-Nazar\u00e9-Rodrigues-Almeida.pdf\">Rota\u00e7\u00e3o de Eixos no Estudo das Qu\u00e1dricas<\/a><\/p>\n<\/td>\n<td width=\"144\">Guzman Eul\u00e1lio Isla Chamilco<\/p>\n<p>Erasmo Senger<\/p>\n<p>Jos\u00e9 Walter C\u00e1rdenas Sotil<\/td>\n<\/tr>\n<tr>\n<td width=\"144\">Marcel Lucas Pican\u00e7o Nascimento<\/td>\n<td width=\"144\">F\u00e1bio Castro dos Santos Uch\u00f4a<\/td>\n<td width=\"144\">\n<p align=\"center\"><a href=\"http:\/\/www2.unifap.br\/matematica\/files\/2017\/01\/F\u00e1bio-Castro-dos-Santos-Uch\u00f4a1.pdf\">T\u00f3picos de An\u00e1lise Real Com Uma Abordagem Atrav\u00e9s de Contra Exemplos<\/a><\/p>\n<\/td>\n<td width=\"144\">Marcel Lucas Pican\u00e7o Nascimento<\/p>\n<p>Kelmem daCruz Barroso<\/p>\n<p>S\u00e9rgio Barbosa de Miranda<\/td>\n<\/tr>\n<tr>\n<td width=\"144\">Marcel Lucas Pican\u00e7o Nascimento<\/td>\n<td width=\"144\">Francinor da Silva Melo<\/td>\n<td width=\"144\">\n<p align=\"center\"><a href=\"http:\/\/www2.unifap.br\/matematica\/files\/2017\/01\/Francinor-m\u00e9trico-completos-e-teorema-de-Banach-steinhuas.pdf\">Espa\u00e7os M\u00e9tricos Completos e Teorema de Banach-Steinhaus<\/a><\/p>\n<\/td>\n<td width=\"144\">Marcel Lucas Pican\u00e7o Nascimento<\/p>\n<p>Caroline Lima de Souza<\/p>\n<p>Guzman Eul\u00e1lio Isla Chamilco<\/td>\n<\/tr>\n<tr>\n<td width=\"144\">Naralina Viana Soares da Silva<\/td>\n<td width=\"144\">Francionaldo Viana Pereira<\/p>\n<p>Jadson Brito dos Santos<\/td>\n<td width=\"144\">\n<p align=\"center\"><a href=\"http:\/\/www2.unifap.br\/matematica\/files\/2017\/01\/Francionaldo-Viana-Pereira-e-Jadson-dos-Santos-Brito1.pdf\">Uma Investiga\u00e7\u00e3o Sobre a Influ\u00eancia do Laborat\u00f3rio de Ensino de Matem\u00e1tica no Curso de Licenciatura em Matem\u00e1tica da UNIFAP<\/a><\/p>\n<\/td>\n<td width=\"144\">Naralina Viana Soares da Silva<\/p>\n<p>Eliane Leal Vasquez<\/p>\n<p>Jo\u00e3o Socorro Pinheiro Ferreira<\/td>\n<\/tr>\n<tr>\n<td width=\"144\">Guzman Eul\u00e1lio Isla Chamilco<\/td>\n<td width=\"144\">Frank Elton Brito da Costa<\/p>\n<p>Joel Oliveira das Chagas<\/td>\n<td width=\"144\">\n<p align=\"center\"><a href=\"http:\/\/www2.unifap.br\/matematica\/files\/2017\/01\/Frank-Elton-Brito-da-Costa-e-Joel-Oliveira-das-Chagas1.pdf\">Sistemas Aut\u00f4nomos: Aplica\u00e7\u00e3o em Epidemiologia<\/a><\/p>\n<\/td>\n<td width=\"144\">Guzman Eul\u00e1lio Isla Chamilco<\/p>\n<p>Jos\u00e9 Walter C\u00e1rdenas Sotil<\/p>\n<p>Gilberl\u00e2ndio Jesus Dias<\/td>\n<\/tr>\n<tr>\n<td width=\"144\">S\u00e9rgio Barbosa de Miranda<\/td>\n<td width=\"144\">Gilson Teixeira Pereira<\/td>\n<td width=\"144\">\n<p align=\"center\"><a href=\"http:\/\/www2.unifap.br\/matematica\/files\/2017\/01\/Gilson-Teixeira-Pereira.pdf\">O Teorema de Arzel\u00e1-Ascoli<\/a><\/p>\n<\/td>\n<td width=\"144\">S\u00e9rgio Barbosa de Miranda<\/p>\n<p>Kelmem daCruz Barroso<\/p>\n<p>Marcel Lucas Pican\u00e7o Nascimento<\/td>\n<\/tr>\n<tr>\n<td width=\"144\">Erasmo Senger<\/td>\n<td width=\"144\">Josiel Rodrigues de Andrade Fonseca<\/p>\n<p>N\u00fabia Cristina Pereira da Luz<\/td>\n<td width=\"144\">\n<p align=\"center\"><a href=\"http:\/\/www2.unifap.br\/matematica\/files\/2017\/01\/Josiel-Rodrigues-de-Andrade-Fonseca-e-N\u00fabia-Cristina-Pereira-da-Luz1.pdf\">No\u00e7\u00f5es de \u00c1lgebra Linear Com a Forma Can\u00f4nica de Jordan: Aplica\u00e7\u00f5es<\/a><\/p>\n<\/td>\n<td width=\"144\">Erasmo Senger<\/p>\n<p>Eliane Leal Vasquez<\/p>\n<p>Elifaleth Rego Sabino<\/td>\n<\/tr>\n<tr>\n<td width=\"144\">Marcel Lucas Pican\u00e7o Nascimento<\/td>\n<td width=\"144\">Lucicleuma Lobato do Amaral<\/td>\n<td width=\"144\">\n<p align=\"center\"><a href=\"http:\/\/www2.unifap.br\/matematica\/files\/2017\/01\/Lucicleuma-Lobato-do-Amaral.pdf\">Um Estudo de Transformadas de Laplace Aplicado a Equa\u00e7\u00f5es Diferenciais Ordin\u00e1rias<\/a><\/p>\n<\/td>\n<td width=\"144\">Marcel Lucas Pican\u00e7o Nascimento<\/p>\n<p>Erasmo Senger<\/p>\n<p>Guzman Eul\u00e1lio Isla Chamilco<\/td>\n<\/tr>\n<tr>\n<td width=\"144\">Guzman Eul\u00e1lio Isla Chamilco<\/td>\n<td width=\"144\">Marly Miranda Palheta<\/td>\n<td width=\"144\">\n<p align=\"center\"><a href=\"http:\/\/www2.unifap.br\/matematica\/files\/2017\/01\/Marly-Miranda-Palheta1.pdf\">Estudo da Estabilidade de Alguns Modelos Populacionais<\/a><\/p>\n<\/td>\n<td width=\"144\">Guzman Eul\u00e1lio Isla Chamilco<\/p>\n<p>Jos\u00e9 Walter C\u00e1rdenas Sotil<\/p>\n<p>Gilberl\u00e2ndio Jesus Dias<\/td>\n<\/tr>\n<tr>\n<td width=\"144\">Naralina Viana Soares da Silva<\/td>\n<td width=\"144\">Nicolas Costa de Andrade<\/td>\n<td width=\"144\">\n<p align=\"center\"><a href=\"http:\/\/www2.unifap.br\/matematica\/files\/2017\/01\/Nicolas-Costa-de-Andrade1.pdf\">Explorando a Elipse com o Aux\u00edlio do Geogebra<\/a><\/p>\n<\/td>\n<td width=\"144\">Naralina Viana Soares da Silva<\/p>\n<p>Edivaldo Pinto dos Santos<\/p>\n<p>Jo\u00e3o Socorro Pinheiro Ferreira<\/td>\n<\/tr>\n<tr>\n<td width=\"144\">Marcel Lucas Pican\u00e7o Nascimento<\/td>\n<td width=\"144\">Rafaela Goveia Brito<\/td>\n<td width=\"144\">\n<p align=\"center\"><a href=\"http:\/\/www2.unifap.br\/matematica\/files\/2017\/01\/Rafaela-Goveia-Brito.pdf\">Teoremas Cl\u00e1ssicos de An\u00e1lise Aplicados ao Espa\u00e7o C (K;Rm)<\/a><\/p>\n<\/td>\n<td width=\"144\">Marcel Lucas Pican\u00e7o Nascimento<\/p>\n<p>Simone de Almeida Delphim Leal<\/p>\n<p>Elifaleth Rego Sabino<\/td>\n<\/tr>\n<\/tbody>\n<\/table>\n","protected":false},"excerpt":{"rendered":"<p>DECLARA\u00c7\u00c3O DE BANCA DE TCC 2016 PER\u00cdODO 2016 Professor Aluno T\u00edtulo Banca Avaliadora Guzman Eul\u00e1lio Isla Chamilco Greyce Kelly Silva Aquino Larissa Priscila de Lima Alves A Import\u00e2ncia da Aprendizagem Significativa: Uma Introdu\u00e7\u00e3o da \u00c1rea e Volume em Prisma Guzman Eul\u00e1lio Isla Chamilco Jo\u00e3o Socorro Pinheiro Ferreira Arlindo Moreira da Silva Filho Simone de Almeida&#8230;<\/p>\n","protected":false},"author":932,"featured_media":0,"parent":889,"menu_order":7,"comment_status":"open","ping_status":"open","template":"","meta":{"inline_featured_image":false,"site-sidebar-layout":"default","site-content-layout":"","ast-site-content-layout":"default","site-content-style":"default","site-sidebar-style":"default","ast-global-header-display":"","ast-banner-title-visibility":"","ast-main-header-display":"","ast-hfb-above-header-display":"","ast-hfb-below-header-display":"","ast-hfb-mobile-header-display":"","site-post-title":"","ast-breadcrumbs-content":"","ast-featured-img":"","footer-sml-layout":"","theme-transparent-header-meta":"","adv-header-id-meta":"","stick-header-meta":"","header-above-stick-meta":"","header-main-stick-meta":"","header-below-stick-meta":"","astra-migrate-meta-layouts":"default","ast-page-background-enabled":"default","ast-page-background-meta":{"desktop":{"background-color":"var(--ast-global-color-4)","background-image":"","background-repeat":"repeat","background-position":"center center","background-size":"auto","background-attachment":"scroll","background-type":"","background-media":"","overlay-type":"","overlay-color":"","overlay-opacity":"","overlay-gradient":""},"tablet":{"background-color":"","background-image":"","background-repeat":"repeat","background-position":"center center","background-size":"auto","background-attachment":"scroll","background-type":"","background-media":"","overlay-type":"","overlay-color":"","overlay-opacity":"","overlay-gradient":""},"mobile":{"background-color":"","background-image":"","background-repeat":"repeat","background-position":"center center","background-size":"auto","background-attachment":"scroll","background-type":"","background-media":"","overlay-type":"","overlay-color":"","overlay-opacity":"","overlay-gradient":""}},"ast-content-background-meta":{"desktop":{"background-color":"var(--ast-global-color-5)","background-image":"","background-repeat":"repeat","background-position":"center center","background-size":"auto","background-attachment":"scroll","background-type":"","background-media":"","overlay-type":"","overlay-color":"","overlay-opacity":"","overlay-gradient":""},"tablet":{"background-color":"var(--ast-global-color-5)","background-image":"","background-repeat":"repeat","background-position":"center center","background-size":"auto","background-attachment":"scroll","background-type":"","background-media":"","overlay-type":"","overlay-color":"","overlay-opacity":"","overlay-gradient":""},"mobile":{"background-color":"var(--ast-global-color-5)","background-image":"","background-repeat":"repeat","background-position":"center center","background-size":"auto","background-attachment":"scroll","background-type":"","background-media":"","overlay-type":"","overlay-color":"","overlay-opacity":"","overlay-gradient":""}},"ngg_post_thumbnail":0,"footnotes":""},"class_list":["post-1556","page","type-page","status-publish","hentry"],"_links":{"self":[{"href":"https:\/\/www2.unifap.br\/matematica\/index.php?rest_route=\/wp\/v2\/pages\/1556","targetHints":{"allow":["GET"]}}],"collection":[{"href":"https:\/\/www2.unifap.br\/matematica\/index.php?rest_route=\/wp\/v2\/pages"}],"about":[{"href":"https:\/\/www2.unifap.br\/matematica\/index.php?rest_route=\/wp\/v2\/types\/page"}],"author":[{"embeddable":true,"href":"https:\/\/www2.unifap.br\/matematica\/index.php?rest_route=\/wp\/v2\/users\/932"}],"replies":[{"embeddable":true,"href":"https:\/\/www2.unifap.br\/matematica\/index.php?rest_route=%2Fwp%2Fv2%2Fcomments&post=1556"}],"version-history":[{"count":21,"href":"https:\/\/www2.unifap.br\/matematica\/index.php?rest_route=\/wp\/v2\/pages\/1556\/revisions"}],"predecessor-version":[{"id":2067,"href":"https:\/\/www2.unifap.br\/matematica\/index.php?rest_route=\/wp\/v2\/pages\/1556\/revisions\/2067"}],"up":[{"embeddable":true,"href":"https:\/\/www2.unifap.br\/matematica\/index.php?rest_route=\/wp\/v2\/pages\/889"}],"wp:attachment":[{"href":"https:\/\/www2.unifap.br\/matematica\/index.php?rest_route=%2Fwp%2Fv2%2Fmedia&parent=1556"}],"curies":[{"name":"wp","href":"https:\/\/api.w.org\/{rel}","templated":true}]}}