{"id":1967,"date":"2017-07-20T14:39:15","date_gmt":"2017-07-20T14:39:15","guid":{"rendered":"http:\/\/www2.unifap.br\/matematica\/?page_id=1967"},"modified":"2017-07-26T11:33:20","modified_gmt":"2017-07-26T11:33:20","slug":"dissertacoes","status":"publish","type":"page","link":"https:\/\/www2.unifap.br\/matematica\/?page_id=1967","title":{"rendered":"Disserta\u00e7\u00f5es"},"content":{"rendered":"<table border=\"1\" cellspacing=\"0\" cellpadding=\"0\">\n<tbody>\n<tr>\n<td valign=\"top\" width=\"144\">\n<p align=\"center\"><b>Data de defesa<\/b><\/p>\n<\/td>\n<td valign=\"top\" width=\"144\">\n<p align=\"center\"><b>Aluno<\/b><\/p>\n<\/td>\n<td valign=\"top\" width=\"144\">\n<p align=\"center\"><b>T\u00edtulo da Disserta\u00e7\u00e3o<\/b><\/p>\n<\/td>\n<td valign=\"top\" width=\"144\">\n<p align=\"center\"><b>Institui\u00e7\u00e3o<\/b><\/p>\n<\/td>\n<\/tr>\n<tr>\n<td valign=\"top\" width=\"144\">11\/03\/2017<\/td>\n<td valign=\"top\" width=\"144\">DIMITRI ALLI MAHMUD<\/td>\n<td valign=\"top\" width=\"144\"><a href=\"http:\/\/www2.unifap.br\/matematica\/files\/2017\/07\/O-USO-DE-ROB\u00d3TICA-EDUCACIONAL-COMO-MOTIVA\u00c7\u00c3O-A-APRENDIZAGEM-DE-MATEM\u00c1TICA.pdf\">O USO DE ROB\u00d3TICA EDUCACIONAL COMO MOTIVA\u00c7\u00c3O A APRENDIZAGEM DE MATEM\u00c1TICA<\/a><\/td>\n<td valign=\"top\" width=\"144\">UNIFAP<\/td>\n<\/tr>\n<tr>\n<td valign=\"top\" width=\"144\">03\/03\/2017&nbsp;<\/td>\n<td valign=\"top\" width=\"144\">RONALDO FRANCK FIGUEIREDO LEITE<\/td>\n<td valign=\"top\" width=\"144\"><a href=\"http:\/\/www2.unifap.br\/matematica\/files\/2017\/07\/UM-OLHAR-DA-ETNOMATEM\u00c1TICA-NA-APLICAC\u00c7\u00c3O-DAS-FUNC\u00c7\u00d5ES-SENO-E-COSSENO-NA-PREVIS\u00c3O-DA-MAR\u00c9-NA-FOZ-DO-RIO-AJURUXI-ESQUINA-COM-O-RIO-AMAZONAS.pdf\">UM OLHAR DA ETNOMATEM\u00c1TICA NA APLICAC\u00c7\u00c3O DAS FUNC\u00c7\u00d5ES SENO E COSSENO NA PREVIS\u00c3O DA MAR\u00c9 NA FOZ DO RIO AJURUXI ESQUINA COM O RIO AMAZONAS<\/a><\/td>\n<td valign=\"top\" width=\"144\">UNIFAP<\/td>\n<\/tr>\n<tr>\n<td valign=\"top\" width=\"144\">03\/03\/2017<\/td>\n<td valign=\"top\" width=\"144\">LUIZ DA SILVA FERREIRA<\/td>\n<td valign=\"top\" width=\"144\"><a href=\"http:\/\/www2.unifap.br\/matematica\/files\/2017\/07\/UMA-ABORDAGEM-SOBRE-M\u00c9DIAS-E-SUAS-APLICA\u00c7\u00d5ES-NO-ENSINO-M\u00c9DIO.pdf\">UMA ABORDAGEM SOBRE M\u00c9DIAS E SUAS APLICA\u00c7\u00d5ES NO ENSINO M\u00c9DIO<\/a><\/td>\n<td valign=\"top\" width=\"144\">UNIFAP<\/td>\n<\/tr>\n<tr>\n<td valign=\"top\" width=\"144\">02\/12\/2016<\/td>\n<td valign=\"top\" width=\"144\">J\u00c9SU M\u00c1RCIO AZEVEDO DA COSTA<\/td>\n<td valign=\"top\" width=\"144\"><a href=\"http:\/\/www2.unifap.br\/matematica\/files\/2017\/07\/INTRODU\u00c7\u00c3O-AO-C\u00c1LCULO-DIFERENCIAL-E-INTEGRAL-COMO-FERRAMENTA-PARA-C\u00c1LCULOS-DE-\u00c1REAS-DAS-FIGURAS-PLANAS-NO-ENSINO-M\u00c9DIO.pdf\">INTRODU\u00c7\u00c3O AO C\u00c1LCULO DIFERENCIAL E INTEGRAL COMO FERRAMENTA PARA C\u00c1LCULOS DE \u00c1REAS DAS FIGURAS PLANAS NO ENSINO M\u00c9DIO<\/a><\/td>\n<td valign=\"top\" width=\"144\">UNIFAP<\/td>\n<\/tr>\n<tr>\n<td valign=\"top\" width=\"144\">02\/12\/2016<\/td>\n<td valign=\"top\" width=\"144\">PAULO DE TARSO SMITH NEVES<\/td>\n<td valign=\"top\" width=\"144\"><a href=\"http:\/\/www2.unifap.br\/matematica\/files\/2017\/07\/INTRODU\u00c7\u00c3O-AO-ENSINO-DO-C\u00c1LCULO-E-APLICA\u00c7\u00d5ES-DA-DERIVADA-NO-ENSINO-M\u00c9DIO.pdf\">INTRODU\u00c7\u00c3O AO ENSINO DO C\u00c1LCULO E APLICA\u00c7\u00d5ES DA DERIVADA NO ENSINO M\u00c9DIO<\/a><\/td>\n<td valign=\"top\" width=\"144\">UNIFAP<\/td>\n<\/tr>\n<tr>\n<td valign=\"top\" width=\"144\">02\/12\/2016<\/td>\n<td valign=\"top\" width=\"144\">MARCELO TADEU UCH\u00d4A PINTO<\/td>\n<td valign=\"top\" width=\"144\"><a href=\"http:\/\/www2.unifap.br\/matematica\/files\/2017\/07\/MODELAGEM-MATEM\u00c1TICA-ATRAV\u00c9S-DA-UTILIZA\u00c7\u00c3O-DE-SOFTWARES-NO-ENSINO-M\u00c9DIO-PARA-O-ESTUDO-DE-SEQU\u00caNCIAS-NUM\u00c9RICAS-PROGRESS\u00c3O-ARITM\u00c9TICA-E-PROGRESS\u00c3O-GEOM\u00c9TRICA.pdf\">MODELAGEM MATEM\u00c1TICA ATRAV\u00c9S DA UTILIZA\u00c7\u00c3O DE SOFTWARES NO ENSINO M\u00c9DIO PARA O ESTUDO DE SEQU\u00caNCIAS NUM\u00c9RICAS PROGRESS\u00c3O ARITM\u00c9TICA E PROGRESS\u00c3O GEOM\u00c9TRICA<\/a><\/td>\n<td valign=\"top\" width=\"144\">UNIFAP<\/td>\n<\/tr>\n<tr>\n<td valign=\"top\" width=\"144\">01\/12\/2016<\/td>\n<td valign=\"top\" width=\"144\">FABIO LUIZ DOS REIS PINHEIRO<\/td>\n<td valign=\"top\" width=\"144\"><a href=\"http:\/\/www2.unifap.br\/matematica\/files\/2017\/07\/A-F\u00d3RMULA-DE-EULER.pdf\">A F\u00d3RMULA DE EULER<\/a><\/td>\n<td valign=\"top\" width=\"144\">UNIFAP<\/td>\n<\/tr>\n<tr>\n<td valign=\"top\" width=\"144\">01\/12\/2016<\/td>\n<td valign=\"top\" width=\"144\">VALERIA COSTA<\/td>\n<td valign=\"top\" width=\"144\"><a href=\"http:\/\/www2.unifap.br\/matematica\/files\/2017\/07\/ABORDAGENS-NO-ENSINO-DAS-GEOMETRIAS.pdf\">ABORDAGENS NO ENSINO DAS GEOMETRIAS<\/a><\/td>\n<td valign=\"top\" width=\"144\">UNIFAP<\/td>\n<\/tr>\n<tr>\n<td valign=\"top\" width=\"144\">01\/12\/2016<\/td>\n<td valign=\"top\" width=\"144\">ANDRE LUIS BELTRAO DA SILVA<\/td>\n<td valign=\"top\" width=\"144\"><a href=\"http:\/\/www2.unifap.br\/matematica\/files\/2017\/07\/PROBABILIDADE-NO-ENSINO-M\u00c9DIO-E-SUAS-APLICA\u00c7\u00d5ES-NO-COTIDIANO.pdf\">PROBABILIDADE NO ENSINO M\u00c9DIO E SUAS APLICA\u00c7\u00d5ES NO COTIDIANO<\/a><\/td>\n<td valign=\"top\" width=\"144\">UNIFAP<\/td>\n<\/tr>\n<tr>\n<td valign=\"top\" width=\"144\">29\/11\/2016<\/td>\n<td valign=\"top\" width=\"144\">STEVE WANDERSON CALHEIROS DE ARAUJO<\/td>\n<td valign=\"top\" width=\"144\"><a href=\"http:\/\/www2.unifap.br\/matematica\/files\/2017\/07\/UMA-EXTENS\u00c3O-DO-MDC-E-MMC-DOS-INTEIROS-AOS-COMENSUR\u00c1VEIS.pdf\">UMA EXTENS\u00c3O DO MDC E MMC DOS INTEIROS AOS COMENSUR\u00c1VEIS<\/a><\/td>\n<td valign=\"top\" width=\"144\">UNIFAP<\/td>\n<\/tr>\n<tr>\n<td valign=\"top\" width=\"144\">08\/10\/2016<\/td>\n<td valign=\"top\" width=\"144\">WALTER RAFAEL DA SILVA PANTOJA<\/td>\n<td valign=\"top\" width=\"144\"><a href=\"http:\/\/www2.unifap.br\/matematica\/files\/2017\/07\/APLICA\u00c7\u00c3O-DAS-OPERA\u00c7\u00d5ES-COM-MATRIZES-MOVIMENTANDO-UM-ROB\u00d4-NO-PLANO.pdf\">APLICA\u00c7\u00c3O DAS OPERA\u00c7\u00d5ES COM MATRIZES MOVIMENTANDO UM ROB\u00d4 NO PLANO<\/a><\/td>\n<td valign=\"top\" width=\"144\">UNIFAP<\/td>\n<\/tr>\n<tr>\n<td valign=\"top\" width=\"144\">24\/09\/2016<\/td>\n<td valign=\"top\" width=\"144\">CHARLES CASTRO DA ROSA<\/td>\n<td valign=\"top\" width=\"144\"><a href=\"http:\/\/www2.unifap.br\/matematica\/files\/2017\/07\/O-ENSINO-DA-MATEM\u00c1TICA-ATRAV\u00c9S-DA-LIBRAS-PARA-O-ENSINO-M\u00c9DIO.pdf\">O ENSINO DA MATEM\u00c1TICA ATRAV\u00c9S DA LIBRAS PARA O ENSINO M\u00c9DIO<\/a><\/td>\n<td valign=\"top\" width=\"144\">UNIFAP<\/td>\n<\/tr>\n<tr>\n<td valign=\"top\" width=\"144\">24\/09\/2016<\/td>\n<td valign=\"top\" width=\"144\">OCIVALDO DA SILVEIRA PINHEIRO<\/td>\n<td valign=\"top\" width=\"144\"><a href=\"http:\/\/www2.unifap.br\/matematica\/files\/2017\/07\/A-EXPERI\u00caNCIA-DO-PROFESSOR-OUVINTE-DE-MATEM\u00c1TICA-E-O-COMPROMISSO-DE-UMA-EDUCA\u00c7\u00c3O-RESPONS\u00c1VEL-PARA-ALUNOS-SURDOS-NO-MUNIC\u00cdPIO-DE-LARANJAL-DO-JARI.pdf\">A EXPERI\u00caNCIA DO PROFESSOR OUVINTE DE MATEM\u00c1TICA E O COMPROMISSO DE UMA EDUCA\u00c7\u00c3O RESPONS\u00c1VEL PARA ALUNOS SURDOS NO MUNIC\u00cdPIO DE LARANJAL DO JARI<\/a><\/td>\n<td valign=\"top\" width=\"144\">UNIFAP<\/td>\n<\/tr>\n<tr>\n<td valign=\"top\" width=\"144\">24\/09\/2016<\/td>\n<td valign=\"top\" width=\"144\">ODILIO G\u00d3ES DE MAGALH\u00c3ES<\/td>\n<td valign=\"top\" width=\"144\"><a href=\"http:\/\/www2.unifap.br\/matematica\/files\/2017\/07\/A-EDUCA\u00c7\u00c3O-INCLUSIVA-E-O-ALUNO-COM-DEFICI\u00caNCIA-NAS-ESCOLAS-ESTADUAIS-PROFA-JOANIRA-DEL-CASTILLO-E-ALMIRANTE-BARROSO-NO-MUNIC\u00cdPIO-DE-SANTANA.pdf\">A EDUCA\u00c7\u00c3O INCLUSIVA E O ALUNO COM DEFICI\u00caNCIA NAS ESCOLAS ESTADUAIS PROFA JOANIRA DEL CASTILLO E ALMIRANTE BARROSO, NO MUNIC\u00cdPIO DE SANTANA &#8211; ESTADO DO AMAP\u00c1: UMA EXPERI\u00caNCIA<\/a><\/td>\n<td valign=\"top\" width=\"144\">UNIFAP<\/td>\n<\/tr>\n<tr>\n<td valign=\"top\" width=\"144\">05\/08\/2016<\/td>\n<td valign=\"top\" width=\"144\">LINOVALDO COELHO DOS SANTOS<\/td>\n<td valign=\"top\" width=\"144\"><a href=\"http:\/\/www2.unifap.br\/matematica\/files\/2017\/07\/UMA-FERRAMENTA-COMPUTACIONAL-PARA-O-C\u00c1LCULO-E-TREINAMENTO-DO-M\u00c9TODO-DE-ESCALONAMENTO-DE-GAUSS.pdf\">UMA FERRAMENTA COMPUTACIONAL PARA O C\u00c1LCULO E TREINAMENTO DO M\u00c9TODO DE ESCALONAMENTO DE GAUSS<\/a><\/td>\n<td valign=\"top\" width=\"144\">UNIFAP<\/td>\n<\/tr>\n<tr>\n<td valign=\"top\" width=\"144\">04\/04\/2016<\/td>\n<td valign=\"top\" width=\"144\">AMBR\u00d3SIO DA SILVA MARQUES<\/td>\n<td valign=\"top\" width=\"144\"><a href=\"http:\/\/www2.unifap.br\/matematica\/files\/2017\/07\/DISPOSI\u00c7\u00c3O-DOS-N\u00daMEROS-NATURAIS-EM-ARRANJO-PLANO-E-POLIN\u00d4MIOS-QUE-GERAM-N\u00daMEROS-PRIMOS.pdf\">DISPOSI\u00c7\u00c3O DOS N\u00daMEROS NATURAIS EM ARRANJO PLANO E POLIN\u00d4MIOS QUE GERAM N\u00daMEROS PRIMOS<\/a><\/td>\n<td valign=\"top\" width=\"144\">UNIFAP<\/td>\n<\/tr>\n<tr>\n<td valign=\"top\" width=\"144\">04\/04\/2016<\/td>\n<td valign=\"top\" width=\"144\">ANDR\u00c9 LUIZ DOS SANTOS FERREIRA<\/td>\n<td valign=\"top\" width=\"144\"><a href=\"http:\/\/www2.unifap.br\/matematica\/files\/2017\/07\/TRIGONOMETRIA-E-FUN\u00c7\u00d5ES-TRIGONOM\u00c9TRICAS-UMA-ABORDAGEM-DID\u00c1TICO-METODOL\u00d3GICA.pdf\">TRIGONOMETRIA E FUN\u00c7\u00d5ES TRIGONOM\u00c9TRICAS, UMA ABORDAGEM DID\u00c1TICO METODOL\u00d3GICA<\/a><\/td>\n<td valign=\"top\" width=\"144\">UNIFAP<\/td>\n<\/tr>\n<tr>\n<td valign=\"top\" width=\"144\">29\/09\/2015<\/td>\n<td valign=\"top\" width=\"144\">LUIS VALBER RIOS ARCANJO<\/td>\n<td valign=\"top\" width=\"144\"><a href=\"http:\/\/www2.unifap.br\/matematica\/files\/2017\/07\/PROPOSTA-DE-JOGOS-COMO-ESTRAT\u00c9GIA-DE-ENSINO-PARA-O-ESTUDO-DO-PRINC\u00cdPIO-FUNDAMENTAL-DA-CONTAGEM-NO-ENSINO-FUNDAMENTAL.pdf\">PROPOSTA DE JOGOS COMO ESTRAT\u00c9GIA DE ENSINO PARA O ESTUDO DO PRINC\u00cdPIO FUNDAMENTAL DA CONTAGEM NO ENSINO FUNDAMENTAL<\/a><\/td>\n<td valign=\"top\" width=\"144\">UNIFAP<\/td>\n<\/tr>\n<tr>\n<td valign=\"top\" width=\"144\">29\/09\/2015<\/td>\n<td valign=\"top\" width=\"144\">RUD\u00c1 TAVARES MAGALH\u00c3ES<\/td>\n<td valign=\"top\" width=\"144\"><a href=\"http:\/\/www2.unifap.br\/matematica\/files\/2017\/07\/A-RESOLU\u00c7\u00c3O-DE-PROBLEMAS-COMO-PROPOSTA-DE-ESTRAT\u00c9GIA-DE-ENSINO-DA-AN\u00c1LISE-COMBINAT\u00d3RIA-NO-ENSINO-M\u00c9DIO.pdf\">A RESOLU\u00c7\u00c3O DE PROBLEMAS COMO PROPOSTA DE ESTRAT\u00c9GIA DE ENSINO DA AN\u00c1LISE COMBINAT\u00d3RIA NO ENSINO M\u00c9DIO<\/a><\/td>\n<td valign=\"top\" width=\"144\">UNIFAP<\/td>\n<\/tr>\n<tr>\n<td valign=\"top\" width=\"144\">29\/09\/2015<\/td>\n<td valign=\"top\" width=\"144\">ZIGMUNDO ANTONIO DE PAULA<\/td>\n<td valign=\"top\" width=\"144\"><a href=\"http:\/\/www2.unifap.br\/matematica\/files\/2017\/07\/IFAP-E-OS-APRENDIZES-DOS-CURSOS-T\u00c9CNICOS-ELABORANDO-O-PR\u00d3PRIO-PROCESSO-AVALIATIVO-EM-MATEM\u00c1TICA.pdf\">IFAP E OS APRENDIZES DOS CURSOS T\u00c9CNICOS: ELABORANDO O PR\u00d3PRIO PROCESSO AVALIATIVO EM MATEM\u00c1TICA<\/a><\/td>\n<td valign=\"top\" width=\"144\">UNIFAP<\/td>\n<\/tr>\n<\/tbody>\n<\/table>\n<table border=\"1\" cellspacing=\"0\" cellpadding=\"0\">\n<tbody>\n<tr>\n<td valign=\"top\" width=\"144\">08\/05\/2015<\/td>\n<td valign=\"top\" width=\"144\">GLAUCIO BRAZ NUNES BRASIL<\/td>\n<td valign=\"top\" width=\"144\"><a href=\"http:\/\/www2.unifap.br\/matematica\/files\/2017\/07\/O-USO-DOS-M\u00c9TODOS-EG\u00cdPCIO-BABIL\u00d4NICO-CHIN\u00caS-E-RUSSO-NO-ENSINO-DA-MULTIPLICA\u00c7\u00c3O-DE-N\u00daMEROS-NATURAIS-NA-ESCOLA-PRIVADA.pdf\">O USO DOS M\u00c9TODOS EG\u00cdPCIO, BABIL\u00d4NICO, CHIN\u00caS E RUSSO NO ENSINO DA MULTIPLICA\u00c7\u00c3O DE N\u00daMEROS NATURAIS NA ESCOLA PRIVADA<\/a><\/td>\n<td valign=\"top\" width=\"144\">UNIFAP<\/td>\n<\/tr>\n<tr>\n<td valign=\"top\" width=\"144\">08\/05\/2015<\/td>\n<td valign=\"top\" width=\"144\">HILTON BRUNO PEREIRA VIANA<\/td>\n<td valign=\"top\" width=\"144\"><a href=\"http:\/\/www2.unifap.br\/matematica\/files\/2017\/07\/ALGORITMO-DA-DIVIS\u00c3O-EM-QUATRO-REGRAS.pdf\">ALGORITMO DA DIVIS\u00c3O EM QUATRO REGRAS<\/a><\/td>\n<td valign=\"top\" width=\"144\">UNIFAP<\/td>\n<\/tr>\n<tr>\n<td valign=\"top\" width=\"144\">08\/05\/2015<\/td>\n<td valign=\"top\" width=\"144\">MOACY ARA\u00daJO DE OLIVEIRA JUNIOR&nbsp;<\/p>\n<p>&nbsp;<\/td>\n<td valign=\"top\" width=\"144\"><a href=\"http:\/\/www2.unifap.br\/matematica\/files\/2017\/07\/O-USO-DOS-M\u00c9TODOS-EG\u00cdPCIO-BABIL\u00d4NICO-CHIN\u00caS-E-RUSSO-NO-ENSINO-DA-MULTIPLICA\u00c7\u00c3O-DE-N\u00daMEROS-NATURAIS-NA-ESCOLA-P\u00daBLICA.pdf\">O USO DOS M\u00c9TODOS EG\u00cdPCIO, BABIL\u00d4NICO, CHIN\u00caS E RUSSO NO ENSINO DA MULTIPLICA\u00c7\u00c3O DE N\u00daMEROS NATURAIS NA ESCOLA P\u00daBLICA<\/a><\/td>\n<td valign=\"top\" width=\"144\">UNIFAP<\/td>\n<\/tr>\n<tr>\n<td valign=\"top\" width=\"144\">10\/10\/2014<\/td>\n<td valign=\"top\" width=\"144\">JOSE VICENTE DA SILVA FILIZZOLA<\/td>\n<td valign=\"top\" width=\"144\"><a href=\"http:\/\/www2.unifap.br\/matematica\/files\/2017\/07\/UMA-ABORDAGEM-DID\u00c1TICA-PARA-O-ENSINO-DE-M\u00c1XIMO-OU-M\u00cdNIMO-NA-FUN\u00c7\u00c3O-QUADR\u00c1TICA-E-O-O-USO-DO-SOFTWARE-GEOGEBRA.pdf\">UMA ABORDAGEM DID\u00c1TICA PARA O ENSINO DE M\u00c1XIMO OU M\u00cdNIMO NA FUN\u00c7\u00c3O QUADR\u00c1TICA E O O USO DO SOFTWARE GEOGEBRA<\/a><\/td>\n<td valign=\"top\" width=\"144\">UNIFAP<\/td>\n<\/tr>\n<tr>\n<td valign=\"top\" width=\"144\">10\/10\/2014<\/td>\n<td valign=\"top\" width=\"144\">MARCIO DO SOCORRO COSTA FERREIRA<\/td>\n<td valign=\"top\" width=\"144\"><a href=\"http:\/\/www2.unifap.br\/matematica\/files\/2017\/07\/UMA-ABORDAGEM-DID\u00c1TICA-PARA-O-ENSINO-DE-M\u00c1XIMO-OU-M\u00cdNIMO-NA-FUN\u00c7\u00c3O-QUADR\u00c1TICA.pdf\">UMA ABORDAGEM DID\u00c1TICA PARA O ENSINO DE M\u00c1XIMO OU M\u00cdNIMO NA FUN\u00c7\u00c3O QUADR\u00c1TICA<\/a><\/td>\n<td valign=\"top\" width=\"144\">UNIFAP<\/td>\n<\/tr>\n<tr>\n<td valign=\"top\" width=\"144\">25\/04\/2014<\/td>\n<td valign=\"top\" width=\"144\">FRANCIELCK DOMINGOS FREIRE<\/td>\n<td valign=\"top\" width=\"144\"><a href=\"http:\/\/www2.unifap.br\/matematica\/files\/2017\/07\/O-USO-DE-UM-LIVRO-CADERNO-DE-MATEM\u00c1TICA-ALTERNATIVO-EM-SALA-DE-AULA-PRATICIDADE-E-COER\u00caNCIA-DID\u00c1TICA-VOLTADAS-PARA-A-REALIDADE-LOCAL-E-TECNOL\u00d3GICA.pdf\">O USO DE UM LIVRO-CADERNO DE MATEM\u00c1TICA ALTERNATIVO EM SALA DE AULA: PRATICIDADE E COER\u00caNCIA DID\u00c1TICA VOLTADAS PARA A REALIDADE LOCAL E TECNOL\u00d3GICA<\/a><\/td>\n<td valign=\"top\" width=\"144\">UNIFAP<\/td>\n<\/tr>\n<tr>\n<td valign=\"top\" width=\"144\">25\/04\/2014<\/td>\n<td valign=\"top\" width=\"144\">FREDSON LUIS TORRES ALVES<\/td>\n<td valign=\"top\" width=\"144\"><a href=\"http:\/\/www2.unifap.br\/matematica\/files\/2017\/07\/CONJUNTO-DOS-N\u00daMEROS-REAIS-REFLEX\u00d5ES-PARA-CONSTRU\u00c7\u00c3O-DE-UMA-PROPOSTA-PARA-O-ENSINO-DOS-N\u00daMEROS-REAIS.pdf\">CONJUNTO DOS N\u00daMEROS REAIS REFLEX\u00d5ES PARA CONSTRU\u00c7\u00c3O DE UMA PROPOSTA PARA O ENSINO DOS N\u00daMEROS REAIS<\/a><\/td>\n<td valign=\"top\" width=\"144\">UNIFAP<\/td>\n<\/tr>\n<tr>\n<td valign=\"top\" width=\"144\">10\/04\/2014<\/td>\n<td valign=\"top\" width=\"144\">RONALDO DE LIMA RESENDE<\/td>\n<td valign=\"top\" width=\"144\"><a href=\"http:\/\/www2.unifap.br\/matematica\/files\/2017\/07\/UM-OLHAR-SOBRE-OS-CONHECIMENTOS-DE-AREA-E-VOLUMES-UTILIZADOS-POR-TRABALHADORES-INFORMAIS-DA-CONSTRU\u00c7\u00c3O-CIVIL-EM-PORTO-GRANDE-AP.pdf\">UM OLHAR SOBRE OS CONHECIMENTOS DE AREA E VOLUMES UTILIZADOS POR TRABALHADORES INFORMAIS DA CONSTRU\u00c7\u00c3O CIVIL EM PORTO GRANDE-AP<\/a><\/td>\n<td valign=\"top\" width=\"144\">UNIFAP<\/td>\n<\/tr>\n<tr>\n<td valign=\"top\" width=\"144\">09\/04\/2014<\/td>\n<td valign=\"top\" width=\"144\">SANDRO HENRIQUE BARBOSA DA COSTA&nbsp;<\/td>\n<td valign=\"top\" width=\"144\"><a href=\"http:\/\/www2.unifap.br\/matematica\/files\/2017\/07\/O-ENSINO-DAS-FRA\u00c7\u00d5ES-NO-ENSINO-FUNDAMENTAL-E-SEU-REFLEXO-NO-ENSINO-M\u00c9DIO.pdf\">O ENSINO DAS FRA\u00c7\u00d5ES NO ENSINO FUNDAMENTAL E SEU REFLEXO NO ENSINO M\u00c9DIO<\/a><\/td>\n<td valign=\"top\" width=\"144\">UNIFAP<\/td>\n<\/tr>\n<tr>\n<td valign=\"top\" width=\"144\">09\/04\/2014<\/td>\n<td valign=\"top\" width=\"144\">TONI DE SOUZA RIBEIRO<\/td>\n<td valign=\"top\" width=\"144\"><a href=\"http:\/\/www2.unifap.br\/matematica\/files\/2017\/07\/MATEM\u00c1TICA-FINANCEIRA-PARA-O-ENSINO-M\u00c9DIO-E-CONCURSOS-P\u00daBLICOS.pdf\">MATEM\u00c1TICA FINANCEIRA PARA O ENSINO M\u00c9DIO E CONCURSOS P\u00daBLICOS<\/a><\/td>\n<td valign=\"top\" width=\"144\">UNIFAP<\/td>\n<\/tr>\n<tr>\n<td valign=\"top\" width=\"144\">09\/04\/2014<\/td>\n<td valign=\"top\" width=\"144\">ASTROGECILDO UBAIARA BRITO<\/td>\n<td valign=\"top\" width=\"144\">GEOMETRIA FRACTAL NA SALA DE AULA<\/td>\n<td valign=\"top\" width=\"144\">UNIFAP<\/td>\n<\/tr>\n<tr>\n<td valign=\"top\" width=\"144\">09\/04\/2014<\/td>\n<td valign=\"top\" width=\"144\">KALAMA GUIMARAES LEITE<\/td>\n<td valign=\"top\" width=\"144\"><a href=\"http:\/\/www2.unifap.br\/matematica\/files\/2017\/07\/EQUA\u00c7\u00c3O-DIOFANTINA-LINEAR-APLICA\u00c7\u00d5ES-NO-ENSINO-M\u00c9DIO.pdf\">EQUA\u00c7\u00c3O DIOFANTINA LINEAR: APLICA\u00c7\u00d5ES NO ENSINO M\u00c9DIO<\/a><\/td>\n<td valign=\"top\" width=\"144\">UNIFAP<\/td>\n<\/tr>\n<tr>\n<td valign=\"top\" width=\"144\">09\/04\/2014<\/td>\n<td valign=\"top\" width=\"144\">AUGUSTO DE OLIVEIRA CORREA<\/td>\n<td valign=\"top\" width=\"144\"><a href=\"http:\/\/www2.unifap.br\/matematica\/files\/2017\/07\/GEOMETRIA-FRACTAL-NO-ENSINO-M\u00c9DIO.pdf\">GEOMETRIA FRACTAL NO ENSINO M\u00c9DIO<\/a><\/td>\n<td valign=\"top\" width=\"144\">UNIFAP<\/td>\n<\/tr>\n<tr>\n<td valign=\"top\" width=\"144\">04\/04\/2014<\/td>\n<td valign=\"top\" width=\"144\">JORGE PRAZERES CARDOSO<\/td>\n<td valign=\"top\" width=\"144\"><a href=\"http:\/\/www2.unifap.br\/matematica\/files\/2017\/07\/DECOMPOSI\u00c7\u00c3O-DE-MATRIZES-UMA-PROPOSTA-PARA-CALCULAR-O-PRODUTO-MATRICIAL-NO-ENSINO-M\u00c9DIO.pdf\">DECOMPOSI\u00c7\u00c3O DE MATRIZES UMA PROPOSTA PARA CALCULAR O PRODUTO MATRICIAL NO ENSINO M\u00c9DIO<\/a><\/td>\n<td valign=\"top\" width=\"144\">UNIFAP<\/td>\n<\/tr>\n<tr>\n<td valign=\"top\" width=\"144\">03\/04\/2014<\/td>\n<td valign=\"top\" width=\"144\">CARLOS ALEXANDRE SANTANA OLIVEIRA<\/td>\n<td valign=\"top\" width=\"144\"><a href=\"http:\/\/www2.unifap.br\/matematica\/files\/2017\/07\/RECORR\u00caNCIA-MATEM\u00c1TICA-APLICADA-\u00c0-RESOLU\u00c7\u00c3O-DE-PROBLEMAS-NO-ENSINO-M\u00c9DIO.pdf\">RECORR\u00caNCIA MATEM\u00c1TICA APLICADA \u00c0 RESOLU\u00c7\u00c3O DE PROBLEMAS NO ENSINO M\u00c9DIO<\/a><\/td>\n<td valign=\"top\" width=\"144\">UNIFAP<\/td>\n<\/tr>\n<tr>\n<td valign=\"top\" width=\"144\">03\/04\/2014<\/td>\n<td valign=\"top\" width=\"144\">MARCIO FERREIRA FARIAS<\/td>\n<td valign=\"top\" width=\"144\"><a href=\"http:\/\/www2.unifap.br\/matematica\/files\/2017\/07\/FUN\u00c7\u00d5ES-E-GEOGEBRA-NO-ENSINO-M\u00c9DIO.pdf\">FUN\u00c7\u00d5ES E GEOGEBRA NO ENSINO M\u00c9DIO<\/a><\/td>\n<td valign=\"top\" width=\"144\">UNIFAP<\/td>\n<\/tr>\n<tr>\n<td valign=\"top\" width=\"144\">03\/04\/2014<\/td>\n<td valign=\"top\" width=\"144\">SEBASTI\u00c3O RODRIGUES DA SILVA<\/td>\n<td valign=\"top\" width=\"144\"><a href=\"http:\/\/www2.unifap.br\/matematica\/files\/2017\/07\/O-USO-DA-MODELAGEM-MATEM\u00c1TICA-NO-ENSINO-DE-FUN\u00c7\u00d5ES-NA-EDUCA\u00c7\u00c3O-B\u00c1SICA.pdf\">O USO DA MODELAGEM MATEM\u00c1TICA NO ENSINO DE FUN\u00c7\u00d5ES NA EDUCA\u00c7\u00c3O B\u00c1SICA<\/a><\/td>\n<td valign=\"top\" width=\"144\">UNIFAP<\/td>\n<\/tr>\n<tr>\n<td valign=\"top\" width=\"144\">05\/12\/2013<\/td>\n<td valign=\"top\" width=\"144\">MARILIA CHAVES QUINTAS<\/td>\n<td valign=\"top\" width=\"144\"><a href=\"http:\/\/www2.unifap.br\/matematica\/files\/2017\/07\/APRENDIZAGEM-SIGNIFICATIVA-DE-LOGARITMO-UM-RELATO-DE-EXPERI\u00caNCIA.pdf\">APRENDIZAGEM SIGNIFICATIVA DE LOGARITMO: UM RELATO DE EXPERI\u00caNCIA<\/a><\/td>\n<td valign=\"top\" width=\"144\">UNIFAP<\/td>\n<\/tr>\n<tr>\n<td valign=\"top\" width=\"144\">05\/12\/2013<\/td>\n<td valign=\"top\" width=\"144\">NARALINA VIANA SOARES DA SILVA<\/td>\n<td valign=\"top\" width=\"144\"><a href=\"http:\/\/www2.unifap.br\/matematica\/files\/2017\/07\/CONICAS-E-SUAS-DIFERENTES-REPRESENTA\u00c7\u00d5ES.pdf\">CONICAS E SUAS DIFERENTES REPRESENTA\u00c7\u00d5ES<\/a><\/td>\n<td valign=\"top\" width=\"144\">UNIFAP<\/td>\n<\/tr>\n<tr>\n<td valign=\"top\" width=\"144\">05\/12\/2013<\/td>\n<td valign=\"top\" width=\"144\">S\u00c9RGIO BARBOSA DE MIRANDA<\/td>\n<td valign=\"top\" width=\"144\"><a href=\"http:\/\/www2.unifap.br\/matematica\/files\/2017\/07\/UM-ESTUDO-DE-\u00c1REAS-DE-FIGURAS-PLANAS-E-O-TEOREMA-DA-DESIGUALDADE-ISOPERIM\u00c9TRICA.pdf\">UM ESTUDO DE \u00c1REAS DE FIGURAS PLANAS E O TEOREMA DA DESIGUALDADE ISOPERIM\u00c9TRICA<\/a><\/td>\n<td valign=\"top\" width=\"144\">UNIFAP<\/td>\n<\/tr>\n<\/tbody>\n<\/table>\n","protected":false},"excerpt":{"rendered":"<p>Data de defesa Aluno T\u00edtulo da Disserta\u00e7\u00e3o Institui\u00e7\u00e3o 11\/03\/2017 DIMITRI ALLI MAHMUD O USO DE ROB\u00d3TICA EDUCACIONAL COMO MOTIVA\u00c7\u00c3O A APRENDIZAGEM DE MATEM\u00c1TICA UNIFAP 03\/03\/2017&nbsp; RONALDO FRANCK FIGUEIREDO LEITE UM OLHAR DA ETNOMATEM\u00c1TICA NA APLICAC\u00c7\u00c3O DAS FUNC\u00c7\u00d5ES SENO E COSSENO NA PREVIS\u00c3O DA MAR\u00c9 NA FOZ DO RIO AJURUXI ESQUINA COM O RIO AMAZONAS UNIFAP&#8230;<\/p>\n","protected":false},"author":1721,"featured_media":0,"parent":1955,"menu_order":6,"comment_status":"open","ping_status":"open","template":"","meta":{"inline_featured_image":false,"site-sidebar-layout":"default","site-content-layout":"","ast-site-content-layout":"default","site-content-style":"default","site-sidebar-style":"default","ast-global-header-display":"","ast-banner-title-visibility":"","ast-main-header-display":"","ast-hfb-above-header-display":"","ast-hfb-below-header-display":"","ast-hfb-mobile-header-display":"","site-post-title":"","ast-breadcrumbs-content":"","ast-featured-img":"","footer-sml-layout":"","theme-transparent-header-meta":"","adv-header-id-meta":"","stick-header-meta":"","header-above-stick-meta":"","header-main-stick-meta":"","header-below-stick-meta":"","astra-migrate-meta-layouts":"default","ast-page-background-enabled":"default","ast-page-background-meta":{"desktop":{"background-color":"var(--ast-global-color-4)","background-image":"","background-repeat":"repeat","background-position":"center center","background-size":"auto","background-attachment":"scroll","background-type":"","background-media":"","overlay-type":"","overlay-color":"","overlay-opacity":"","overlay-gradient":""},"tablet":{"background-color":"","background-image":"","background-repeat":"repeat","background-position":"center center","background-size":"auto","background-attachment":"scroll","background-type":"","background-media":"","overlay-type":"","overlay-color":"","overlay-opacity":"","overlay-gradient":""},"mobile":{"background-color":"","background-image":"","background-repeat":"repeat","background-position":"center center","background-size":"auto","background-attachment":"scroll","background-type":"","background-media":"","overlay-type":"","overlay-color":"","overlay-opacity":"","overlay-gradient":""}},"ast-content-background-meta":{"desktop":{"background-color":"var(--ast-global-color-5)","background-image":"","background-repeat":"repeat","background-position":"center center","background-size":"auto","background-attachment":"scroll","background-type":"","background-media":"","overlay-type":"","overlay-color":"","overlay-opacity":"","overlay-gradient":""},"tablet":{"background-color":"var(--ast-global-color-5)","background-image":"","background-repeat":"repeat","background-position":"center center","background-size":"auto","background-attachment":"scroll","background-type":"","background-media":"","overlay-type":"","overlay-color":"","overlay-opacity":"","overlay-gradient":""},"mobile":{"background-color":"var(--ast-global-color-5)","background-image":"","background-repeat":"repeat","background-position":"center center","background-size":"auto","background-attachment":"scroll","background-type":"","background-media":"","overlay-type":"","overlay-color":"","overlay-opacity":"","overlay-gradient":""}},"ngg_post_thumbnail":0,"footnotes":""},"class_list":["post-1967","page","type-page","status-publish","hentry"],"_links":{"self":[{"href":"https:\/\/www2.unifap.br\/matematica\/index.php?rest_route=\/wp\/v2\/pages\/1967","targetHints":{"allow":["GET"]}}],"collection":[{"href":"https:\/\/www2.unifap.br\/matematica\/index.php?rest_route=\/wp\/v2\/pages"}],"about":[{"href":"https:\/\/www2.unifap.br\/matematica\/index.php?rest_route=\/wp\/v2\/types\/page"}],"author":[{"embeddable":true,"href":"https:\/\/www2.unifap.br\/matematica\/index.php?rest_route=\/wp\/v2\/users\/1721"}],"replies":[{"embeddable":true,"href":"https:\/\/www2.unifap.br\/matematica\/index.php?rest_route=%2Fwp%2Fv2%2Fcomments&post=1967"}],"version-history":[{"count":5,"href":"https:\/\/www2.unifap.br\/matematica\/index.php?rest_route=\/wp\/v2\/pages\/1967\/revisions"}],"predecessor-version":[{"id":2018,"href":"https:\/\/www2.unifap.br\/matematica\/index.php?rest_route=\/wp\/v2\/pages\/1967\/revisions\/2018"}],"up":[{"embeddable":true,"href":"https:\/\/www2.unifap.br\/matematica\/index.php?rest_route=\/wp\/v2\/pages\/1955"}],"wp:attachment":[{"href":"https:\/\/www2.unifap.br\/matematica\/index.php?rest_route=%2Fwp%2Fv2%2Fmedia&parent=1967"}],"curies":[{"name":"wp","href":"https:\/\/api.w.org\/{rel}","templated":true}]}}