{"id":2099,"date":"2017-09-20T12:38:58","date_gmt":"2017-09-20T12:38:58","guid":{"rendered":"http:\/\/www2.unifap.br\/matematica\/?page_id=2099"},"modified":"2017-09-26T11:02:48","modified_gmt":"2017-09-26T11:02:48","slug":"3-corpo-editorialcomissao-organizadora","status":"publish","type":"page","link":"https:\/\/www2.unifap.br\/matematica\/?page_id=2099","title":{"rendered":"3. Corpo Editorial\/Comiss\u00e3o Organizadora"},"content":{"rendered":"<p><strong>ANAIS DO COL\u00d3QUIO DE MATEM\u00c1TICA DA REGI\u00c3O NORTE<\/strong><\/p>\n<p><strong>Comit\u00ea Cient\u00edfico<\/strong><\/p>\n<p>Dr. Eduardo Teixeira &#8211; UFC<br \/>\nDr. Giovany Malcher Figueiredo &#8211; UFPA<br \/>\nDr. Jo\u00e3o Xavier Cruz Neto &#8211; UFPI<br \/>\nDr. Jos\u00e9 Nazareno Vieira Gomes &#8211; UFAM<br \/>\nDra. Sandra Augusta Santos &#8211; UNICAMP<br \/>\nDra. Eliane Leal Vasquez &#8211; UNIFAP (Coordenadora Geral)<br \/>\nMe. Marcel Lucas Pican\u00e7o Nascimento &#8211; UNIFAP<\/p>\n<p><strong>Comit\u00ea Organizador Local<\/strong><\/p>\n<p>Dra. Eliane Leal Vasquez &#8211; UNIFAP<br \/>\nDr. Gilberlandio Jesus Dias &#8211; UNIFAP<br \/>\nDr. Guzm\u00e1n Eul\u00e1lio Isla Chamilco &#8211; UNIFAP<br \/>\nMe. Jo\u00e3o Socorro Pinheiro Ferreira &#8211; UNIFAP<br \/>\nMe. Marcel Lucas Pican\u00e7o Nascimento &#8211; UNIFAP<br \/>\nMa. Naralina Viana Soares da Silva &#8211; UNIFAP (Coordenadora Local)<br \/>\nMe. S\u00e9rgio Barbosa de Miranda &#8211; UNIFAP<br \/>\nDra. Simone de Almeida Delphim Leal &#8211; UNIFAP<\/p>\n<p><strong>Comit\u00ea Organizador Regional<\/strong><\/p>\n<p>Ma. Dilene K\u00e1tia Costa da Silva\u00a0 \u2013 UNIFAP<br \/>\nEsp. Fabiola Nascimento dos Santos Paes \u2013 IFPE<br \/>\nMe. Jefferson Ferreira Mesquita \u2013\u00a0 UEAP<br \/>\nDra. Leila do Socorro Rodrigues Feio \u2013 UNIFAP<br \/>\nDr. Rafael Pontes Lima \u2013 UNIFAP<br \/>\nMe. Wilson Monteiro de Albuquerque Maranh\u00e3o \u2013 UEAP<\/p>\n<p><strong>Comit\u00ea Organizador dos Anais do Col\u00f3quio de Matem\u00e1tica da Regi\u00e3o Norte<\/strong><\/p>\n<p>Dra. Eliane Leal Vasquez &#8211; UNIFAP<br \/>\nMa. Naralina Viana Soares da Silva &#8211; UNIFAP<br \/>\nMa. Elifaleth Rego Sabino &#8211; UNIFAP<\/p>\n","protected":false},"excerpt":{"rendered":"<p>ANAIS DO COL\u00d3QUIO DE MATEM\u00c1TICA DA REGI\u00c3O NORTE Comit\u00ea Cient\u00edfico Dr. Eduardo Teixeira &#8211; UFC Dr. Giovany Malcher Figueiredo &#8211; UFPA Dr. Jo\u00e3o Xavier Cruz Neto &#8211; UFPI Dr. Jos\u00e9 Nazareno Vieira Gomes &#8211; UFAM Dra. Sandra Augusta Santos &#8211; UNICAMP Dra. Eliane Leal Vasquez &#8211; UNIFAP (Coordenadora Geral) Me. Marcel Lucas Pican\u00e7o Nascimento &#8211;&#8230;<\/p>\n","protected":false},"author":1721,"featured_media":0,"parent":2093,"menu_order":3,"comment_status":"open","ping_status":"open","template":"","meta":{"inline_featured_image":false,"site-sidebar-layout":"default","site-content-layout":"","ast-site-content-layout":"default","site-content-style":"default","site-sidebar-style":"default","ast-global-header-display":"","ast-banner-title-visibility":"","ast-main-header-display":"","ast-hfb-above-header-display":"","ast-hfb-below-header-display":"","ast-hfb-mobile-header-display":"","site-post-title":"","ast-breadcrumbs-content":"","ast-featured-img":"","footer-sml-layout":"","theme-transparent-header-meta":"","adv-header-id-meta":"","stick-header-meta":"","header-above-stick-meta":"","header-main-stick-meta":"","header-below-stick-meta":"","astra-migrate-meta-layouts":"default","ast-page-background-enabled":"default","ast-page-background-meta":{"desktop":{"background-color":"var(--ast-global-color-4)","background-image":"","background-repeat":"repeat","background-position":"center center","background-size":"auto","background-attachment":"scroll","background-type":"","background-media":"","overlay-type":"","overlay-color":"","overlay-opacity":"","overlay-gradient":""},"tablet":{"background-color":"","background-image":"","background-repeat":"repeat","background-position":"center center","background-size":"auto","background-attachment":"scroll","background-type":"","background-media":"","overlay-type":"","overlay-color":"","overlay-opacity":"","overlay-gradient":""},"mobile":{"background-color":"","background-image":"","background-repeat":"repeat","background-position":"center center","background-size":"auto","background-attachment":"scroll","background-type":"","background-media":"","overlay-type":"","overlay-color":"","overlay-opacity":"","overlay-gradient":""}},"ast-content-background-meta":{"desktop":{"background-color":"var(--ast-global-color-5)","background-image":"","background-repeat":"repeat","background-position":"center center","background-size":"auto","background-attachment":"scroll","background-type":"","background-media":"","overlay-type":"","overlay-color":"","overlay-opacity":"","overlay-gradient":""},"tablet":{"background-color":"var(--ast-global-color-5)","background-image":"","background-repeat":"repeat","background-position":"center center","background-size":"auto","background-attachment":"scroll","background-type":"","background-media":"","overlay-type":"","overlay-color":"","overlay-opacity":"","overlay-gradient":""},"mobile":{"background-color":"var(--ast-global-color-5)","background-image":"","background-repeat":"repeat","background-position":"center center","background-size":"auto","background-attachment":"scroll","background-type":"","background-media":"","overlay-type":"","overlay-color":"","overlay-opacity":"","overlay-gradient":""}},"ngg_post_thumbnail":0,"footnotes":""},"class_list":["post-2099","page","type-page","status-publish","hentry"],"_links":{"self":[{"href":"https:\/\/www2.unifap.br\/matematica\/index.php?rest_route=\/wp\/v2\/pages\/2099","targetHints":{"allow":["GET"]}}],"collection":[{"href":"https:\/\/www2.unifap.br\/matematica\/index.php?rest_route=\/wp\/v2\/pages"}],"about":[{"href":"https:\/\/www2.unifap.br\/matematica\/index.php?rest_route=\/wp\/v2\/types\/page"}],"author":[{"embeddable":true,"href":"https:\/\/www2.unifap.br\/matematica\/index.php?rest_route=\/wp\/v2\/users\/1721"}],"replies":[{"embeddable":true,"href":"https:\/\/www2.unifap.br\/matematica\/index.php?rest_route=%2Fwp%2Fv2%2Fcomments&post=2099"}],"version-history":[{"count":12,"href":"https:\/\/www2.unifap.br\/matematica\/index.php?rest_route=\/wp\/v2\/pages\/2099\/revisions"}],"predecessor-version":[{"id":2290,"href":"https:\/\/www2.unifap.br\/matematica\/index.php?rest_route=\/wp\/v2\/pages\/2099\/revisions\/2290"}],"up":[{"embeddable":true,"href":"https:\/\/www2.unifap.br\/matematica\/index.php?rest_route=\/wp\/v2\/pages\/2093"}],"wp:attachment":[{"href":"https:\/\/www2.unifap.br\/matematica\/index.php?rest_route=%2Fwp%2Fv2%2Fmedia&parent=2099"}],"curies":[{"name":"wp","href":"https:\/\/api.w.org\/{rel}","templated":true}]}}