{"id":2104,"date":"2017-09-20T12:40:20","date_gmt":"2017-09-20T12:40:20","guid":{"rendered":"http:\/\/www2.unifap.br\/matematica\/?page_id=2104"},"modified":"2017-09-25T19:42:52","modified_gmt":"2017-09-25T19:42:52","slug":"5-contato","status":"publish","type":"page","link":"https:\/\/www2.unifap.br\/matematica\/?page_id=2104","title":{"rendered":"5. Contato"},"content":{"rendered":"<p><strong>ANAIS DO COL\u00d3QUIO DE MATEM\u00c1TICA DA REGI\u00c3O NORTE<\/strong><\/p>\n<p><strong>Universidade Federal do Amap\u00e1\/ Campus Marco Zero do Equador<\/strong><br \/>\n<strong>Departamento de Ci\u00eancias Exatas e Tecnol\u00f3gicas<\/strong><br \/>\n<strong>Coordena\u00e7\u00e3o do Curso de Licenciatura em Matem\u00e1tica<\/strong><br \/>\nRodovia Juscelino Kubitschek, KM-02, Jardim Marco Zero, Macap\u00e1,<br \/>\nCEP: 68.903-419, Brasil<br \/>\n<a title=\"Anais do CMRN\" href=\"http:\/\/www2.unifap.br\/matematica\/publicacoes\/anais-do-cmrn\/\">http:\/\/www2.unifap.br\/matematica\/publicacoes\/anais-do-cmrn\/<\/a><br \/>\nTelefone: (+55)96.3312.1784<br \/>\ne-mail: matematica@unifap.br \u00a0ou \u00a0matematica.coord@gmail.com<\/p>\n","protected":false},"excerpt":{"rendered":"<p>ANAIS DO COL\u00d3QUIO DE MATEM\u00c1TICA DA REGI\u00c3O NORTE Universidade Federal do Amap\u00e1\/ Campus Marco Zero do Equador Departamento de Ci\u00eancias Exatas e Tecnol\u00f3gicas Coordena\u00e7\u00e3o do Curso de Licenciatura em Matem\u00e1tica Rodovia Juscelino Kubitschek, KM-02, Jardim Marco Zero, Macap\u00e1, CEP: 68.903-419, Brasil http:\/\/www2.unifap.br\/matematica\/publicacoes\/anais-do-cmrn\/ Telefone: (+55)96.3312.1784 e-mail: matematica@unifap.br \u00a0ou \u00a0matematica.coord@gmail.com<\/p>\n","protected":false},"author":1721,"featured_media":0,"parent":2093,"menu_order":5,"comment_status":"open","ping_status":"open","template":"","meta":{"inline_featured_image":false,"site-sidebar-layout":"default","site-content-layout":"","ast-site-content-layout":"default","site-content-style":"default","site-sidebar-style":"default","ast-global-header-display":"","ast-banner-title-visibility":"","ast-main-header-display":"","ast-hfb-above-header-display":"","ast-hfb-below-header-display":"","ast-hfb-mobile-header-display":"","site-post-title":"","ast-breadcrumbs-content":"","ast-featured-img":"","footer-sml-layout":"","theme-transparent-header-meta":"","adv-header-id-meta":"","stick-header-meta":"","header-above-stick-meta":"","header-main-stick-meta":"","header-below-stick-meta":"","astra-migrate-meta-layouts":"default","ast-page-background-enabled":"default","ast-page-background-meta":{"desktop":{"background-color":"var(--ast-global-color-4)","background-image":"","background-repeat":"repeat","background-position":"center center","background-size":"auto","background-attachment":"scroll","background-type":"","background-media":"","overlay-type":"","overlay-color":"","overlay-opacity":"","overlay-gradient":""},"tablet":{"background-color":"","background-image":"","background-repeat":"repeat","background-position":"center center","background-size":"auto","background-attachment":"scroll","background-type":"","background-media":"","overlay-type":"","overlay-color":"","overlay-opacity":"","overlay-gradient":""},"mobile":{"background-color":"","background-image":"","background-repeat":"repeat","background-position":"center center","background-size":"auto","background-attachment":"scroll","background-type":"","background-media":"","overlay-type":"","overlay-color":"","overlay-opacity":"","overlay-gradient":""}},"ast-content-background-meta":{"desktop":{"background-color":"var(--ast-global-color-5)","background-image":"","background-repeat":"repeat","background-position":"center center","background-size":"auto","background-attachment":"scroll","background-type":"","background-media":"","overlay-type":"","overlay-color":"","overlay-opacity":"","overlay-gradient":""},"tablet":{"background-color":"var(--ast-global-color-5)","background-image":"","background-repeat":"repeat","background-position":"center center","background-size":"auto","background-attachment":"scroll","background-type":"","background-media":"","overlay-type":"","overlay-color":"","overlay-opacity":"","overlay-gradient":""},"mobile":{"background-color":"var(--ast-global-color-5)","background-image":"","background-repeat":"repeat","background-position":"center center","background-size":"auto","background-attachment":"scroll","background-type":"","background-media":"","overlay-type":"","overlay-color":"","overlay-opacity":"","overlay-gradient":""}},"ngg_post_thumbnail":0,"footnotes":""},"class_list":["post-2104","page","type-page","status-publish","hentry"],"_links":{"self":[{"href":"https:\/\/www2.unifap.br\/matematica\/index.php?rest_route=\/wp\/v2\/pages\/2104","targetHints":{"allow":["GET"]}}],"collection":[{"href":"https:\/\/www2.unifap.br\/matematica\/index.php?rest_route=\/wp\/v2\/pages"}],"about":[{"href":"https:\/\/www2.unifap.br\/matematica\/index.php?rest_route=\/wp\/v2\/types\/page"}],"author":[{"embeddable":true,"href":"https:\/\/www2.unifap.br\/matematica\/index.php?rest_route=\/wp\/v2\/users\/1721"}],"replies":[{"embeddable":true,"href":"https:\/\/www2.unifap.br\/matematica\/index.php?rest_route=%2Fwp%2Fv2%2Fcomments&post=2104"}],"version-history":[{"count":9,"href":"https:\/\/www2.unifap.br\/matematica\/index.php?rest_route=\/wp\/v2\/pages\/2104\/revisions"}],"predecessor-version":[{"id":2288,"href":"https:\/\/www2.unifap.br\/matematica\/index.php?rest_route=\/wp\/v2\/pages\/2104\/revisions\/2288"}],"up":[{"embeddable":true,"href":"https:\/\/www2.unifap.br\/matematica\/index.php?rest_route=\/wp\/v2\/pages\/2093"}],"wp:attachment":[{"href":"https:\/\/www2.unifap.br\/matematica\/index.php?rest_route=%2Fwp%2Fv2%2Fmedia&parent=2104"}],"curies":[{"name":"wp","href":"https:\/\/api.w.org\/{rel}","templated":true}]}}