{"id":2125,"date":"2017-09-20T14:44:23","date_gmt":"2017-09-20T14:44:23","guid":{"rendered":"http:\/\/www2.unifap.br\/matematica\/?page_id=2125"},"modified":"2021-03-21T18:09:06","modified_gmt":"2021-03-21T18:09:06","slug":"solange-regina-cromianski","status":"publish","type":"page","link":"https:\/\/www2.unifap.br\/matematica\/?page_id=2125","title":{"rendered":"Prof\u00aa Dra Solange Regina Cromianski"},"content":{"rendered":"<p style=\"text-align: justify\"><a href=\"http:\/\/www2.unifap.br\/matematica\/files\/2017\/09\/SC.jpg\"><img decoding=\"async\" class=\"alignleft wp-image-2403\" src=\"http:\/\/www2.unifap.br\/matematica\/files\/2017\/09\/SC-150x150.jpg\" alt=\"SC\" width=\"78\" height=\"78\" srcset=\"https:\/\/www2.unifap.br\/matematica\/files\/2017\/09\/SC-150x150.jpg 150w, https:\/\/www2.unifap.br\/matematica\/files\/2017\/09\/SC-70x70.jpg 70w\" sizes=\"(max-width: 78px) 100vw, 78px\" \/><\/a><\/p>\n<p>&nbsp;<\/p>\n<p>&nbsp;<\/p>\n<p>&nbsp;<\/p>\n<p><strong>Curr\u00edculo Lattes<\/strong>:&nbsp;<a href=\"http:\/\/lattes.cnpq.br\/3587645830954823\">http:\/\/lattes.cnpq.br\/3587645830954823<\/a><\/p>\n<p style=\"text-align: justify\"><strong>Tema de Pesquisa<\/strong>:&nbsp; \u00c1rea da Matem\u00e1tica Aplicada, com \u00eanfase em Teoria de Transporte, Problemas Bidimensionais de Transporte de N\u00eautrons, Ordenadas Discretas e M\u00e9todo ADO.&nbsp;&nbsp;<\/p>\n<p><strong>E-mail<\/strong>:&nbsp;solange.cromianski@unifap.br<\/p>\n<p>&nbsp;<\/p>\n","protected":false},"excerpt":{"rendered":"<p>&nbsp; &nbsp; &nbsp; Curr\u00edculo Lattes:&nbsp;http:\/\/lattes.cnpq.br\/3587645830954823 Tema de Pesquisa:&nbsp; \u00c1rea da Matem\u00e1tica Aplicada, com \u00eanfase em Teoria de Transporte, Problemas Bidimensionais de Transporte de N\u00eautrons, Ordenadas Discretas e M\u00e9todo ADO.&nbsp;&nbsp; E-mail:&nbsp;solange.cromianski@unifap.br &nbsp;<\/p>\n","protected":false},"author":1721,"featured_media":0,"parent":4807,"menu_order":14,"comment_status":"open","ping_status":"open","template":"","meta":{"inline_featured_image":false,"site-sidebar-layout":"default","site-content-layout":"","ast-site-content-layout":"default","site-content-style":"default","site-sidebar-style":"default","ast-global-header-display":"","ast-banner-title-visibility":"","ast-main-header-display":"","ast-hfb-above-header-display":"","ast-hfb-below-header-display":"","ast-hfb-mobile-header-display":"","site-post-title":"","ast-breadcrumbs-content":"","ast-featured-img":"","footer-sml-layout":"","theme-transparent-header-meta":"","adv-header-id-meta":"","stick-header-meta":"","header-above-stick-meta":"","header-main-stick-meta":"","header-below-stick-meta":"","astra-migrate-meta-layouts":"default","ast-page-background-enabled":"default","ast-page-background-meta":{"desktop":{"background-color":"var(--ast-global-color-4)","background-image":"","background-repeat":"repeat","background-position":"center center","background-size":"auto","background-attachment":"scroll","background-type":"","background-media":"","overlay-type":"","overlay-color":"","overlay-opacity":"","overlay-gradient":""},"tablet":{"background-color":"","background-image":"","background-repeat":"repeat","background-position":"center center","background-size":"auto","background-attachment":"scroll","background-type":"","background-media":"","overlay-type":"","overlay-color":"","overlay-opacity":"","overlay-gradient":""},"mobile":{"background-color":"","background-image":"","background-repeat":"repeat","background-position":"center center","background-size":"auto","background-attachment":"scroll","background-type":"","background-media":"","overlay-type":"","overlay-color":"","overlay-opacity":"","overlay-gradient":""}},"ast-content-background-meta":{"desktop":{"background-color":"var(--ast-global-color-5)","background-image":"","background-repeat":"repeat","background-position":"center center","background-size":"auto","background-attachment":"scroll","background-type":"","background-media":"","overlay-type":"","overlay-color":"","overlay-opacity":"","overlay-gradient":""},"tablet":{"background-color":"var(--ast-global-color-5)","background-image":"","background-repeat":"repeat","background-position":"center center","background-size":"auto","background-attachment":"scroll","background-type":"","background-media":"","overlay-type":"","overlay-color":"","overlay-opacity":"","overlay-gradient":""},"mobile":{"background-color":"var(--ast-global-color-5)","background-image":"","background-repeat":"repeat","background-position":"center center","background-size":"auto","background-attachment":"scroll","background-type":"","background-media":"","overlay-type":"","overlay-color":"","overlay-opacity":"","overlay-gradient":""}},"ngg_post_thumbnail":0,"footnotes":""},"class_list":["post-2125","page","type-page","status-publish","hentry"],"_links":{"self":[{"href":"https:\/\/www2.unifap.br\/matematica\/index.php?rest_route=\/wp\/v2\/pages\/2125","targetHints":{"allow":["GET"]}}],"collection":[{"href":"https:\/\/www2.unifap.br\/matematica\/index.php?rest_route=\/wp\/v2\/pages"}],"about":[{"href":"https:\/\/www2.unifap.br\/matematica\/index.php?rest_route=\/wp\/v2\/types\/page"}],"author":[{"embeddable":true,"href":"https:\/\/www2.unifap.br\/matematica\/index.php?rest_route=\/wp\/v2\/users\/1721"}],"replies":[{"embeddable":true,"href":"https:\/\/www2.unifap.br\/matematica\/index.php?rest_route=%2Fwp%2Fv2%2Fcomments&post=2125"}],"version-history":[{"count":23,"href":"https:\/\/www2.unifap.br\/matematica\/index.php?rest_route=\/wp\/v2\/pages\/2125\/revisions"}],"predecessor-version":[{"id":5243,"href":"https:\/\/www2.unifap.br\/matematica\/index.php?rest_route=\/wp\/v2\/pages\/2125\/revisions\/5243"}],"up":[{"embeddable":true,"href":"https:\/\/www2.unifap.br\/matematica\/index.php?rest_route=\/wp\/v2\/pages\/4807"}],"wp:attachment":[{"href":"https:\/\/www2.unifap.br\/matematica\/index.php?rest_route=%2Fwp%2Fv2%2Fmedia&parent=2125"}],"curies":[{"name":"wp","href":"https:\/\/api.w.org\/{rel}","templated":true}]}}