{"id":2596,"date":"2017-10-18T18:03:31","date_gmt":"2017-10-18T18:03:31","guid":{"rendered":"http:\/\/www2.unifap.br\/matematica\/?page_id=2596"},"modified":"2018-06-09T12:32:00","modified_gmt":"2018-06-09T12:32:00","slug":"especializacao-em-docencia-para-educacao-penitenciaria","status":"publish","type":"page","link":"https:\/\/www2.unifap.br\/matematica\/?page_id=2596","title":{"rendered":"Especializa\u00e7\u00e3o em Doc\u00eancia para Educa\u00e7\u00e3o Penitenci\u00e1ria"},"content":{"rendered":"<p style=\"text-align: justify\">A turma\u00a0piloto do <em>Curso de Especializa\u00e7\u00e3o em Doc\u00eancia para Educa\u00e7\u00e3o Penitenci\u00e1ria pela modalidade EAD<\/em> ser\u00e1 ofertada pelo Departamento de Educa\u00e7\u00e3o \u00e0 Dist\u00e2ncia da Universidade Federal do Amap\u00e1 e o Programa Universidade Aberta do Brasil\/Polo Macap\u00e1\/Gabriel Almeida Caf\u00e9. Para obter informa\u00e7\u00e3o sobre o edital que trata do processo seletivo simplificado e inscri\u00e7\u00e3o online, no per\u00edodo de 02\/10\/2017 a 27\/10\/2017, acesse o site:\u00a0<a href=\"http:\/\/www2.unifap.br\/ead\/pss-docencia-penitenciaria\/\">http:\/\/www2.unifap.br\/ead\/pss-docencia-penitenciaria\/<\/a>.<\/p>\n<p style=\"text-align: center\"><a href=\"http:\/\/www2.unifap.br\/matematica\/files\/2017\/10\/Edital-de-curso-lato-sensu.jpg\"><img fetchpriority=\"high\" decoding=\"async\" class=\"aligncenter size-medium wp-image-2654\" alt=\"Edital de curso lato sensu\" src=\"http:\/\/www2.unifap.br\/matematica\/files\/2017\/10\/Edital-de-curso-lato-sensu-300x300.jpg\" width=\"300\" height=\"300\" srcset=\"https:\/\/www2.unifap.br\/matematica\/files\/2017\/10\/Edital-de-curso-lato-sensu-300x300.jpg 300w, https:\/\/www2.unifap.br\/matematica\/files\/2017\/10\/Edital-de-curso-lato-sensu-150x150.jpg 150w, https:\/\/www2.unifap.br\/matematica\/files\/2017\/10\/Edital-de-curso-lato-sensu-70x70.jpg 70w, https:\/\/www2.unifap.br\/matematica\/files\/2017\/10\/Edital-de-curso-lato-sensu.jpg 1000w\" sizes=\"(max-width: 300px) 100vw, 300px\" \/><\/a><\/p>\n<p style=\"text-align: justify\">O carga hor\u00e1ria do referido curso lato sensu \u00e9 de 655 h, com 110 vagas destinadas 80% para professores que trabalham na educa\u00e7\u00e3o penitenci\u00e1ria, atuando com a oferta de cursos pela modalidade EJA, e, 20% do total das vagas ser\u00e3o para demanda social, envolvendo profissionais com defici\u00eancia, profissionais lotados no Grupo Penitenci\u00e1rio ou a profissional autodeclarado negro, ativista com comprovada atua\u00e7\u00e3o na defesa de direitos humanos, membros da Pastoral Carcer\u00e1ria, Pastoral da Juventude, Pastoral Afro, Profissionais que atuam voluntariamente em projetos de pr\u00e1ticas restaurativas com a popula\u00e7\u00e3o carcer\u00e1ria, membros de associa\u00e7\u00f5es que trabalham em defesa dos direitos das pessoas presas ou egressos do sistema penitenci\u00e1rio e demais profissionais interessados no curso lato sensu, conforme esclarece o Edital N\u00ba 18\/2017-DPG\/UNIFAP.<\/p>\n<p style=\"text-align: justify\">O curso lato sensu \u00e9 financiado pelo Edital N\u00ba 75\/2014-DEAD\/CAPES. Para ver o resultado do EDITAL N\u00ba 18\/2017 &#8211; DPG\/UNIFAP, que selecionou estudantes para o referido curso, acesse:\u00a0<a href=\"http:\/\/www2.unifap.br\/ead\/pss-docencia-penitenciaria\/\">http:\/\/www2.unifap.br\/ead\/pss-docencia-penitenciaria\/<\/a><a href=\"http:\/\/www2.unifap.br\/ead\/files\/2017\/11\/Resultado-educa%C3%A7%C3%A3o-penitenci%C3%A1ria.pdf\"><br \/>\n<\/a><\/p>\n<p>Financiamento:<\/p>\n<p><a href=\"http:\/\/www2.unifap.br\/matematica\/files\/2017\/10\/Apoio-CAPES.png\"><img decoding=\"async\" class=\"alignleft size-full wp-image-2624\" alt=\"Apoio CAPES\" src=\"http:\/\/www2.unifap.br\/matematica\/files\/2017\/10\/Apoio-CAPES.png\" width=\"136\" height=\"125\" \/><\/a><\/p>\n<p>&nbsp;<\/p>\n","protected":false},"excerpt":{"rendered":"<p>A turma\u00a0piloto do Curso de Especializa\u00e7\u00e3o em Doc\u00eancia para Educa\u00e7\u00e3o Penitenci\u00e1ria pela modalidade EAD ser\u00e1 ofertada pelo Departamento de Educa\u00e7\u00e3o \u00e0 Dist\u00e2ncia da Universidade Federal do Amap\u00e1 e o Programa Universidade Aberta do Brasil\/Polo Macap\u00e1\/Gabriel Almeida Caf\u00e9. Para obter informa\u00e7\u00e3o sobre o edital que trata do processo seletivo simplificado e inscri\u00e7\u00e3o online, no per\u00edodo de&#8230;<\/p>\n","protected":false},"author":1721,"featured_media":0,"parent":298,"menu_order":0,"comment_status":"open","ping_status":"open","template":"","meta":{"inline_featured_image":false,"site-sidebar-layout":"default","site-content-layout":"","ast-site-content-layout":"default","site-content-style":"default","site-sidebar-style":"default","ast-global-header-display":"","ast-banner-title-visibility":"","ast-main-header-display":"","ast-hfb-above-header-display":"","ast-hfb-below-header-display":"","ast-hfb-mobile-header-display":"","site-post-title":"","ast-breadcrumbs-content":"","ast-featured-img":"","footer-sml-layout":"","theme-transparent-header-meta":"","adv-header-id-meta":"","stick-header-meta":"","header-above-stick-meta":"","header-main-stick-meta":"","header-below-stick-meta":"","astra-migrate-meta-layouts":"default","ast-page-background-enabled":"default","ast-page-background-meta":{"desktop":{"background-color":"var(--ast-global-color-4)","background-image":"","background-repeat":"repeat","background-position":"center center","background-size":"auto","background-attachment":"scroll","background-type":"","background-media":"","overlay-type":"","overlay-color":"","overlay-opacity":"","overlay-gradient":""},"tablet":{"background-color":"","background-image":"","background-repeat":"repeat","background-position":"center center","background-size":"auto","background-attachment":"scroll","background-type":"","background-media":"","overlay-type":"","overlay-color":"","overlay-opacity":"","overlay-gradient":""},"mobile":{"background-color":"","background-image":"","background-repeat":"repeat","background-position":"center center","background-size":"auto","background-attachment":"scroll","background-type":"","background-media":"","overlay-type":"","overlay-color":"","overlay-opacity":"","overlay-gradient":""}},"ast-content-background-meta":{"desktop":{"background-color":"var(--ast-global-color-5)","background-image":"","background-repeat":"repeat","background-position":"center center","background-size":"auto","background-attachment":"scroll","background-type":"","background-media":"","overlay-type":"","overlay-color":"","overlay-opacity":"","overlay-gradient":""},"tablet":{"background-color":"var(--ast-global-color-5)","background-image":"","background-repeat":"repeat","background-position":"center center","background-size":"auto","background-attachment":"scroll","background-type":"","background-media":"","overlay-type":"","overlay-color":"","overlay-opacity":"","overlay-gradient":""},"mobile":{"background-color":"var(--ast-global-color-5)","background-image":"","background-repeat":"repeat","background-position":"center center","background-size":"auto","background-attachment":"scroll","background-type":"","background-media":"","overlay-type":"","overlay-color":"","overlay-opacity":"","overlay-gradient":""}},"ngg_post_thumbnail":0,"footnotes":""},"class_list":["post-2596","page","type-page","status-publish","hentry"],"_links":{"self":[{"href":"https:\/\/www2.unifap.br\/matematica\/index.php?rest_route=\/wp\/v2\/pages\/2596","targetHints":{"allow":["GET"]}}],"collection":[{"href":"https:\/\/www2.unifap.br\/matematica\/index.php?rest_route=\/wp\/v2\/pages"}],"about":[{"href":"https:\/\/www2.unifap.br\/matematica\/index.php?rest_route=\/wp\/v2\/types\/page"}],"author":[{"embeddable":true,"href":"https:\/\/www2.unifap.br\/matematica\/index.php?rest_route=\/wp\/v2\/users\/1721"}],"replies":[{"embeddable":true,"href":"https:\/\/www2.unifap.br\/matematica\/index.php?rest_route=%2Fwp%2Fv2%2Fcomments&post=2596"}],"version-history":[{"count":27,"href":"https:\/\/www2.unifap.br\/matematica\/index.php?rest_route=\/wp\/v2\/pages\/2596\/revisions"}],"predecessor-version":[{"id":3515,"href":"https:\/\/www2.unifap.br\/matematica\/index.php?rest_route=\/wp\/v2\/pages\/2596\/revisions\/3515"}],"up":[{"embeddable":true,"href":"https:\/\/www2.unifap.br\/matematica\/index.php?rest_route=\/wp\/v2\/pages\/298"}],"wp:attachment":[{"href":"https:\/\/www2.unifap.br\/matematica\/index.php?rest_route=%2Fwp%2Fv2%2Fmedia&parent=2596"}],"curies":[{"name":"wp","href":"https:\/\/api.w.org\/{rel}","templated":true}]}}

Especialização em Docência para Educação Penitenciária

<p style="text-align: justify">A turma piloto do <em>Curso de Especialização em Docência para Educação Penitenciária pela modalidade EAD</em> será ofertada pelo Departamento de Educação à Distância da Universidade Federal do Amapá e o Programa Universidade Aberta do Brasil/Polo Macapá/Gabriel Almeida Café. Para obter informação sobre o edital que trata do processo seletivo simplificado e inscrição online, no período de 02/10/2017 a 27/10/2017, acesse o site: <a href="http://www2.unifap.br/ead/pss-docencia-penitenciaria/">http://www2.unifap.br/ead/pss-docencia-penitenciaria/</a>.</p>
<p style="text-align: center"><a href="http://www2.unifap.br/matematica/files/2017/10/Edital-de-curso-lato-sensu.jpg"><img fetchpriority="high" decoding="async" class="aligncenter size-medium wp-image-2654" alt="Edital de curso lato sensu" src="http://www2.unifap.br/matematica/files/2017/10/Edital-de-curso-lato-sensu-300x300.jpg" width="300" height="300" srcset="https://www2.unifap.br/matematica/files/2017/10/Edital-de-curso-lato-sensu-300x300.jpg 300w, https://www2.unifap.br/matematica/files/2017/10/Edital-de-curso-lato-sensu-150x150.jpg 150w, https://www2.unifap.br/matematica/files/2017/10/Edital-de-curso-lato-sensu-70x70.jpg 70w, https://www2.unifap.br/matematica/files/2017/10/Edital-de-curso-lato-sensu.jpg 1000w" sizes="(max-width: 300px) 100vw, 300px" /></a></p>
<p style="text-align: justify">O carga horária do referido curso lato sensu é de 655 h, com 110 vagas destinadas 80% para professores que trabalham na educação penitenciária, atuando com a oferta de cursos pela modalidade EJA, e, 20% do total das vagas serão para demanda social, envolvendo profissionais com deficiência, profissionais lotados no Grupo Penitenciário ou a profissional autodeclarado negro, ativista com comprovada atuação na defesa de direitos humanos, membros da Pastoral Carcerária, Pastoral da Juventude, Pastoral Afro, Profissionais que atuam voluntariamente em projetos de práticas restaurativas com a população carcerária, membros de associações que trabalham em defesa dos direitos das pessoas presas ou egressos do sistema penitenciário e demais profissionais interessados no curso lato sensu, conforme esclarece o Edital Nº 18/2017-DPG/UNIFAP.</p>
<p style="text-align: justify">O curso lato sensu é financiado pelo Edital Nº 75/2014-DEAD/CAPES. Para ver o resultado do EDITAL Nº 18/2017 &#8211; DPG/UNIFAP, que selecionou estudantes para o referido curso, acesse: <a href="http://www2.unifap.br/ead/pss-docencia-penitenciaria/">http://www2.unifap.br/ead/pss-docencia-penitenciaria/</a><a href="http://www2.unifap.br/ead/files/2017/11/Resultado-educa%C3%A7%C3%A3o-penitenci%C3%A1ria.pdf"><br />
</a></p>
<p>Financiamento:</p>
<p><a href="http://www2.unifap.br/matematica/files/2017/10/Apoio-CAPES.png"><img decoding="async" class="alignleft size-full wp-image-2624" alt="Apoio CAPES" src="http://www2.unifap.br/matematica/files/2017/10/Apoio-CAPES.png" width="136" height="125" /></a></p>
<p>&nbsp;</p>

<p>A turma piloto do Curso de Especialização em Docência para Educação Penitenciária pela modalidade EAD será ofertada pelo Departamento de Educação à Distância da Universidade Federal do Amapá e o Programa Universidade Aberta do Brasil/Polo Macapá/Gabriel Almeida Café. Para obter informação sobre o edital que trata do processo seletivo simplificado e inscrição online, no período de&#8230;</p>
