{"id":2661,"date":"2017-10-18T22:45:43","date_gmt":"2017-10-18T22:45:43","guid":{"rendered":"http:\/\/www2.unifap.br\/matematica\/?page_id=2661"},"modified":"2020-08-17T19:50:07","modified_gmt":"2020-08-17T19:50:07","slug":"comissao","status":"publish","type":"page","link":"https:\/\/www2.unifap.br\/matematica\/?page_id=2661","title":{"rendered":"COMISS\u00d5ES"},"content":{"rendered":"<ul>\n<li><strong>Comiss\u00e3o de Elabora\u00e7\u00e3o do Projeto Pol\u00edtico Pedag\u00f3gico-PPC do Curso de Licenciatura em Matem\u00e1tica &#8211; Modalidade Presencial<\/strong>, institu\u00edda pela\u00a0\u00a0Portaria\u00a0N\u00ba 0614\/2016 e formada por\u00a0Simone de Almeida Delphim Leal (presidente), S\u00e9rgio Barbosa de Miranda\u00a0(2\u00ba membro), Erasmo Senger\u00a0(3\u00ba membro),\u00a0Guzman Eulalio Isla Chamilco\u00a0(4\u00ba membro),\u00a0Marcel Lucas Pican\u00e7o Nascimento\u00a0(5\u00ba membro) e\u00a0Gilberlandio Jesus Dias\u00a0(6\u00ba membro);<\/li>\n<\/ul>\n<ul>\n<li>\u00a0<strong>Comiss\u00e3o de An\u00e1lise e Avalia\u00e7\u00e3o de Projetos de Pesquisa da Matem\u00e1tica<\/strong>, institu\u00edda pela Portaria N\u00ba\u00a00134\/2017, formada por\u00a0Guzman Eulalio Isla Chamilco (presidente), Marcel Lucas Pican\u00e7o Nascimento\u00a0(2\u00ba membro) e Jo\u00e3o Socorro Pinheiro Ferreira\u00a0(3\u00ba membro);<\/li>\n<\/ul>\n<ul>\n<li><strong>Comiss\u00e3o de An\u00e1lise e Avalia\u00e7\u00e3o de Projetos de Extens\u00e3o dos Docentes do Curso de Matem\u00e1tica<\/strong>, institu\u00edda pela Portaria N\u00ba\u00a00136\/2017 e composta por\u00a0Gilberlandio Jesus Dias\u00a0(presidente),\u00a0S\u00e9rgio Barbosa de Miranda\u00a0(2\u00ba membro) e\u00a0Steve Wanderson Calheiros de Araujo\u00a0(3\u00ba membro);<\/li>\n<\/ul>\n<ul>\n<li><strong>Comiss\u00e3o de Pr\u00e1tica Pedag\u00f3gica e Est\u00e1gio Supervisionado do Curso de Matem\u00e1tica- Presencial<\/strong>, institu\u00edda pela Portaria N\u00ba 0137\/2017 e formada por Eliane Leal Vasquez (presidente), Edivaldo Pinto dos Santos\u00a0(2\u00ba membro) e Arlindo Moreira da Silva Filho\u00a0(3\u00ba membro);<\/li>\n<\/ul>\n<ul>\n<li style=\"text-align: justify\"><strong>Comiss\u00e3o de Elei\u00e7\u00e3o do Departamento de Ci\u00eancias Exatas e Tecnol\u00f3gicas<\/strong>,\u00a0\u00a0institu\u00edda pela Portaria\u00a0N\u00ba 1060\/2017, formada pelos membros\u00a0Marcio Clei Silva de Oliveira (presidente),\u00a0Darlen Raquel dos Santos Maia (2\u00ba membro),\u00a0Helena de F\u00e1tima Teles Carneiro de Oliveira (3\u00ba membro),\u00a0Patricia Helena Turola Takamatsu (4\u00ba membro),\u00a0Paulo Roberto Soledade Junior (5\u00ba membro),\u00a0Marco Antonio Leal da Silva (6\u00ba membro),\u00a0\u00a0Eliane Leal Vasquez (7\u00ba membro)e\u00a0Cristina Maria Baddini Lucas\u00a0(8\u00ba membro).<\/li>\n<\/ul>\n<ul>\n<li style=\"text-align: justify\"><strong>Comiss\u00e3o Eleitoral para Coordena\u00e7\u00e3o do Curso de Matem\u00e1tica Presencial<\/strong>, institu\u00edda pela Portaria\u00a0N\u00ba\u00a0\u00a02058\/2017, tendo como membros Kelmem da Cruz Barroso (presidente), Erasmo Senger (2\u00ba membro), Marcel Lucas Pican\u00e7o Nascimento (3\u00ba membro), Jo\u00e3o Socorro Pinheiro Ferreira\u00a0(4\u00ba membro) e Gilberlandio Jesus Dias (5\u00ba membro).<\/li>\n<\/ul>\n<ul>\n<li><strong>Comiss\u00e3o\u00a0do Processo Seletivo para a Especializa\u00e7\u00e3o em Doc\u00eancia Penitenci\u00e1ria &#8211; modalidade Educa\u00e7\u00e3o a Dist\u00e2ncia<\/strong>, institu\u00edda pela Portaria\u00a0N\u00ba 1866\/2017, formada por\u00a0\u00a0Eliane Leal Vasquez (presidente), Almiro Alves de Abreu\u00a0(2\u00ba membro), Leila do Socorro Rodrigues Feio\u00a0(3\u00ba membro) e Jos\u00e9 Carlos Cariacas Rom\u00e3o dos Santos\u00a0(4\u00ba membro).<\/li>\n<\/ul>\n","protected":false},"excerpt":{"rendered":"<p>Comiss\u00e3o de Elabora\u00e7\u00e3o do Projeto Pol\u00edtico Pedag\u00f3gico-PPC do Curso de Licenciatura em Matem\u00e1tica &#8211; Modalidade Presencial, institu\u00edda pela\u00a0\u00a0Portaria\u00a0N\u00ba 0614\/2016 e formada por\u00a0Simone de Almeida Delphim Leal (presidente), S\u00e9rgio Barbosa de Miranda\u00a0(2\u00ba membro), Erasmo Senger\u00a0(3\u00ba membro),\u00a0Guzman Eulalio Isla Chamilco\u00a0(4\u00ba membro),\u00a0Marcel Lucas Pican\u00e7o Nascimento\u00a0(5\u00ba membro) e\u00a0Gilberlandio Jesus Dias\u00a0(6\u00ba membro); \u00a0Comiss\u00e3o de An\u00e1lise e Avalia\u00e7\u00e3o de Projetos de&#8230;<\/p>\n","protected":false},"author":1721,"featured_media":0,"parent":0,"menu_order":6,"comment_status":"open","ping_status":"closed","template":"","meta":{"inline_featured_image":false,"site-sidebar-layout":"default","site-content-layout":"","ast-site-content-layout":"default","site-content-style":"default","site-sidebar-style":"default","ast-global-header-display":"","ast-banner-title-visibility":"","ast-main-header-display":"","ast-hfb-above-header-display":"","ast-hfb-below-header-display":"","ast-hfb-mobile-header-display":"","site-post-title":"","ast-breadcrumbs-content":"","ast-featured-img":"","footer-sml-layout":"","theme-transparent-header-meta":"","adv-header-id-meta":"","stick-header-meta":"","header-above-stick-meta":"","header-main-stick-meta":"","header-below-stick-meta":"","astra-migrate-meta-layouts":"default","ast-page-background-enabled":"default","ast-page-background-meta":{"desktop":{"background-color":"var(--ast-global-color-4)","background-image":"","background-repeat":"repeat","background-position":"center center","background-size":"auto","background-attachment":"scroll","background-type":"","background-media":"","overlay-type":"","overlay-color":"","overlay-opacity":"","overlay-gradient":""},"tablet":{"background-color":"","background-image":"","background-repeat":"repeat","background-position":"center center","background-size":"auto","background-attachment":"scroll","background-type":"","background-media":"","overlay-type":"","overlay-color":"","overlay-opacity":"","overlay-gradient":""},"mobile":{"background-color":"","background-image":"","background-repeat":"repeat","background-position":"center center","background-size":"auto","background-attachment":"scroll","background-type":"","background-media":"","overlay-type":"","overlay-color":"","overlay-opacity":"","overlay-gradient":""}},"ast-content-background-meta":{"desktop":{"background-color":"var(--ast-global-color-5)","background-image":"","background-repeat":"repeat","background-position":"center center","background-size":"auto","background-attachment":"scroll","background-type":"","background-media":"","overlay-type":"","overlay-color":"","overlay-opacity":"","overlay-gradient":""},"tablet":{"background-color":"var(--ast-global-color-5)","background-image":"","background-repeat":"repeat","background-position":"center center","background-size":"auto","background-attachment":"scroll","background-type":"","background-media":"","overlay-type":"","overlay-color":"","overlay-opacity":"","overlay-gradient":""},"mobile":{"background-color":"var(--ast-global-color-5)","background-image":"","background-repeat":"repeat","background-position":"center center","background-size":"auto","background-attachment":"scroll","background-type":"","background-media":"","overlay-type":"","overlay-color":"","overlay-opacity":"","overlay-gradient":""}},"ngg_post_thumbnail":0,"footnotes":""},"class_list":["post-2661","page","type-page","status-publish","hentry"],"_links":{"self":[{"href":"https:\/\/www2.unifap.br\/matematica\/index.php?rest_route=\/wp\/v2\/pages\/2661","targetHints":{"allow":["GET"]}}],"collection":[{"href":"https:\/\/www2.unifap.br\/matematica\/index.php?rest_route=\/wp\/v2\/pages"}],"about":[{"href":"https:\/\/www2.unifap.br\/matematica\/index.php?rest_route=\/wp\/v2\/types\/page"}],"author":[{"embeddable":true,"href":"https:\/\/www2.unifap.br\/matematica\/index.php?rest_route=\/wp\/v2\/users\/1721"}],"replies":[{"embeddable":true,"href":"https:\/\/www2.unifap.br\/matematica\/index.php?rest_route=%2Fwp%2Fv2%2Fcomments&post=2661"}],"version-history":[{"count":11,"href":"https:\/\/www2.unifap.br\/matematica\/index.php?rest_route=\/wp\/v2\/pages\/2661\/revisions"}],"predecessor-version":[{"id":5065,"href":"https:\/\/www2.unifap.br\/matematica\/index.php?rest_route=\/wp\/v2\/pages\/2661\/revisions\/5065"}],"wp:attachment":[{"href":"https:\/\/www2.unifap.br\/matematica\/index.php?rest_route=%2Fwp%2Fv2%2Fmedia&parent=2661"}],"curies":[{"name":"wp","href":"https:\/\/api.w.org\/{rel}","templated":true}]}}