{"id":310,"date":"2014-01-22T12:34:05","date_gmt":"2014-01-22T12:34:05","guid":{"rendered":"http:\/\/www2.unifap.br\/matematica\/?page_id=310"},"modified":"2018-06-17T13:46:21","modified_gmt":"2018-06-17T13:46:21","slug":"links","status":"publish","type":"page","link":"https:\/\/www2.unifap.br\/matematica\/?page_id=310","title":{"rendered":"LINK"},"content":{"rendered":"<ol>\n<li><strong><a href=\"http:\/\/lattes.cnpq.br\/\">Plataforma Lattes &#8211; CNPq<\/a><\/strong><\/li>\n<li><strong><span style=\"color: #0000ee\"><span style=\"text-decoration: underline\"><a href=\"http:\/\/carloschagas.cnpq.br\/\">Plataforma Integrada Carlos Chagas &#8211; CNPq<\/a><\/span><\/span><\/strong><\/li>\n<li><strong><a href=\"http:\/\/www.periodicos.capes.gov.br\/\">Peri\u00f3dicos CAPES<\/a><\/strong><\/li>\n<li><strong><a href=\"http:\/\/www.sbembrasil.org.br\/sbembrasil\/\">Sociedade Brasileira de Educa\u00e7\u00e3o Matem\u00e1tica (SBEM)<\/a><\/strong><\/li>\n<li><strong><a href=\"http:\/\/www.sbhc.org.br\/\">Sociedade Brasileira de Hist\u00f3ria da Ci\u00eancia (SBHC)<\/a><\/strong><\/li>\n<li><strong><a href=\"http:\/\/www.sbm.org.br\/\">Sociedade Brasileira de Matem\u00e1tica (SBM)<\/a><\/strong><\/li>\n<\/ol>\n","protected":false},"excerpt":{"rendered":"<p>Plataforma Lattes &#8211; CNPq Plataforma Integrada Carlos Chagas &#8211; CNPq Peri\u00f3dicos CAPES Sociedade Brasileira de Educa\u00e7\u00e3o Matem\u00e1tica (SBEM) Sociedade Brasileira de Hist\u00f3ria da Ci\u00eancia (SBHC) Sociedade Brasileira de Matem\u00e1tica (SBM)<\/p>\n","protected":false},"author":363,"featured_media":0,"parent":0,"menu_order":10,"comment_status":"open","ping_status":"closed","template":"","meta":{"inline_featured_image":false,"site-sidebar-layout":"default","site-content-layout":"","ast-site-content-layout":"default","site-content-style":"default","site-sidebar-style":"default","ast-global-header-display":"","ast-banner-title-visibility":"","ast-main-header-display":"","ast-hfb-above-header-display":"","ast-hfb-below-header-display":"","ast-hfb-mobile-header-display":"","site-post-title":"","ast-breadcrumbs-content":"","ast-featured-img":"","footer-sml-layout":"","theme-transparent-header-meta":"","adv-header-id-meta":"","stick-header-meta":"","header-above-stick-meta":"","header-main-stick-meta":"","header-below-stick-meta":"","astra-migrate-meta-layouts":"default","ast-page-background-enabled":"default","ast-page-background-meta":{"desktop":{"background-color":"var(--ast-global-color-4)","background-image":"","background-repeat":"repeat","background-position":"center center","background-size":"auto","background-attachment":"scroll","background-type":"","background-media":"","overlay-type":"","overlay-color":"","overlay-opacity":"","overlay-gradient":""},"tablet":{"background-color":"","background-image":"","background-repeat":"repeat","background-position":"center center","background-size":"auto","background-attachment":"scroll","background-type":"","background-media":"","overlay-type":"","overlay-color":"","overlay-opacity":"","overlay-gradient":""},"mobile":{"background-color":"","background-image":"","background-repeat":"repeat","background-position":"center center","background-size":"auto","background-attachment":"scroll","background-type":"","background-media":"","overlay-type":"","overlay-color":"","overlay-opacity":"","overlay-gradient":""}},"ast-content-background-meta":{"desktop":{"background-color":"var(--ast-global-color-5)","background-image":"","background-repeat":"repeat","background-position":"center center","background-size":"auto","background-attachment":"scroll","background-type":"","background-media":"","overlay-type":"","overlay-color":"","overlay-opacity":"","overlay-gradient":""},"tablet":{"background-color":"var(--ast-global-color-5)","background-image":"","background-repeat":"repeat","background-position":"center center","background-size":"auto","background-attachment":"scroll","background-type":"","background-media":"","overlay-type":"","overlay-color":"","overlay-opacity":"","overlay-gradient":""},"mobile":{"background-color":"var(--ast-global-color-5)","background-image":"","background-repeat":"repeat","background-position":"center center","background-size":"auto","background-attachment":"scroll","background-type":"","background-media":"","overlay-type":"","overlay-color":"","overlay-opacity":"","overlay-gradient":""}},"ngg_post_thumbnail":0,"footnotes":""},"class_list":["post-310","page","type-page","status-publish","hentry"],"_links":{"self":[{"href":"https:\/\/www2.unifap.br\/matematica\/index.php?rest_route=\/wp\/v2\/pages\/310","targetHints":{"allow":["GET"]}}],"collection":[{"href":"https:\/\/www2.unifap.br\/matematica\/index.php?rest_route=\/wp\/v2\/pages"}],"about":[{"href":"https:\/\/www2.unifap.br\/matematica\/index.php?rest_route=\/wp\/v2\/types\/page"}],"author":[{"embeddable":true,"href":"https:\/\/www2.unifap.br\/matematica\/index.php?rest_route=\/wp\/v2\/users\/363"}],"replies":[{"embeddable":true,"href":"https:\/\/www2.unifap.br\/matematica\/index.php?rest_route=%2Fwp%2Fv2%2Fcomments&post=310"}],"version-history":[{"count":12,"href":"https:\/\/www2.unifap.br\/matematica\/index.php?rest_route=\/wp\/v2\/pages\/310\/revisions"}],"predecessor-version":[{"id":3563,"href":"https:\/\/www2.unifap.br\/matematica\/index.php?rest_route=\/wp\/v2\/pages\/310\/revisions\/3563"}],"wp:attachment":[{"href":"https:\/\/www2.unifap.br\/matematica\/index.php?rest_route=%2Fwp%2Fv2%2Fmedia&parent=310"}],"curies":[{"name":"wp","href":"https:\/\/api.w.org\/{rel}","templated":true}]}}