{"id":330,"date":"2014-01-22T12:49:50","date_gmt":"2014-01-22T12:49:50","guid":{"rendered":"http:\/\/www2.unifap.br\/matematica\/?page_id=330"},"modified":"2020-07-08T19:44:40","modified_gmt":"2020-07-08T19:44:40","slug":"ementas-de-disciplinas","status":"publish","type":"page","link":"https:\/\/www2.unifap.br\/matematica\/?page_id=330","title":{"rendered":"Conte\u00fados Program\u00e1ticos das Disciplinas"},"content":{"rendered":"<p>&nbsp;<\/p>\n<p style=\"text-align: center\">MATRIZ CURRICULAR EM VIGOR(APLICADA A PARTIR DE 2007)<\/p>\n<p>&nbsp;<\/p>\n<p>BLOCO I<\/p>\n<ul>\n<li><a href=\"http:\/\/www2.unifap.br\/matematica\/files\/2014\/01\/\u00c1LGEBRA-ELEMENTAR.pdf\">\u00c1LGEBRA ELEMENTAR<\/a><\/li>\n<li><a href=\"http:\/\/www2.unifap.br\/matematica\/files\/2014\/01\/INTRODU\u00c7\u00c3O-AO-C\u00c1LCULO.pdf\">INTRODU\u00c7\u00c3O AO C\u00c1LCULO<\/a><\/li>\n<\/ul>\n<p>&nbsp;<\/p>\n<p>BLOCO II<\/p>\n<ul>\n<li><a href=\"http:\/\/www2.unifap.br\/matematica\/files\/2014\/01\/C\u00c1LCULO-I.pdf\">C\u00c1LCULO I<\/a><\/li>\n<li><a href=\"http:\/\/www2.unifap.br\/matematica\/files\/2014\/01\/GEOMETRIA-ANAL\u00cdTICA.pdf\">GEOMETRIA ANAL\u00cdTICA<\/a><\/li>\n<li><a href=\"http:\/\/www2.unifap.br\/matematica\/files\/2014\/01\/L\u00d3GICA-MATEM\u00c1TICA.pdf\">L\u00d3GICA MATEM\u00c1TICA<\/a><\/li>\n<li><a href=\"http:\/\/www2.unifap.br\/matematica\/files\/2014\/01\/POL\u00cdTICAS-E-LEGISLA\u00c7\u00c3O-EDUCACIONAL-BRASILEIRA.pdf\">POL\u00cdTICAS E LEGISLA\u00c7\u00c3O EDUCACIONAL BRASILEIRA<\/a><\/li>\n<li><a href=\"http:\/\/www2.unifap.br\/matematica\/files\/2014\/01\/PORTUGU\u00caS-INSTRUMENTAL.pdf\">PORTUGU\u00caS INSTRUMENTAL<\/a><\/li>\n<li><a href=\"http:\/\/www2.unifap.br\/matematica\/files\/2014\/01\/PSICOLOGIA-DA-EDUCA\u00c7\u00c3O.pdf\">PSICOLOGIA DA EDUCA\u00c7\u00c3O<\/a><\/li>\n<\/ul>\n<p>&nbsp;<\/p>\n<p>BLOCO III<\/p>\n<ul>\n<li><a href=\"http:\/\/www2.unifap.br\/matematica\/files\/2014\/01\/C\u00c1LCULO-II.pdf\">C\u00c1LCULO II<\/a><\/li>\n<li><a href=\"http:\/\/www2.unifap.br\/matematica\/files\/2014\/01\/GEOMETRIA-EUCLIDIANA.pdf\">GEOMETRIA EUCLIDIANA<\/a><\/li>\n<li><a href=\"http:\/\/www2.unifap.br\/matematica\/files\/2014\/01\/TEORIA-DOS-N\u00daMEROS.pdf\">TEORIA DOS N\u00daMEROS<\/a><\/li>\n<li><a href=\"http:\/\/www2.unifap.br\/matematica\/files\/2014\/01\/PRATICAS-COMPUTACIONAIS-NOS-FUNDAMENTOS-DA-MATEM\u00c1TICA.pdf\">PRATICAS COMPUTACIONAIS NOS FUNDAMENTOS DA MATEM\u00c1TICA<\/a><\/li>\n<li><a href=\"http:\/\/www2.unifap.br\/matematica\/files\/2014\/01\/DID\u00c1TICA-GERAL1.pdf\">DID\u00c1TICA GERAL<\/a><\/li>\n<li><a href=\"http:\/\/www2.unifap.br\/matematica\/files\/2014\/01\/METODOLOGIA-DA-PESQUISA-CIENT\u00cdFICA-EM-MATEM\u00c1TICA.pdf\">METODOLOGIA DA PESQUISA CIENT\u00cdFICA EM MATEM\u00c1TICA<\/a><\/li>\n<\/ul>\n<p>&nbsp;<\/p>\n<p>BLOCO IV<\/p>\n<ul>\n<li><a href=\"http:\/\/www2.unifap.br\/matematica\/files\/2014\/01\/C\u00c1LCULO-III.pdf\">C\u00c1LCULO III<\/a><\/li>\n<li><a href=\"http:\/\/www2.unifap.br\/matematica\/files\/2014\/01\/\u00c1LGEBRA-LINEAR.pdf\">\u00c1LGEBRA LINEAR<\/a><\/li>\n<li><a href=\"http:\/\/www2.unifap.br\/matematica\/files\/2014\/01\/F\u00cdSICA-GERAL-I.pdf\">F\u00cdSICA GERAL I<\/a><\/li>\n<li><a href=\"http:\/\/www2.unifap.br\/matematica\/files\/2014\/01\/ALGORITMO-DE-PROGRAMA\u00c7\u00c3O.pdf\">ALGORITMO DE PROGRAMA\u00c7\u00c3O<\/a><\/li>\n<li><a href=\"http:\/\/www2.unifap.br\/matematica\/files\/2014\/01\/ESTAT\u00cdSTICA.pdf\">ESTAT\u00cdSTICA<\/a><\/li>\n<li><a href=\"http:\/\/www2.unifap.br\/matematica\/files\/2014\/01\/PR\u00c1TICA-DE-ENSINO-APRENDIZAGEM-E-LABORAT\u00d3RIO-MATEM\u00c1TICA-I.pdf\">PR\u00c1TICA DE ENSINO-APRENDIZAGEM E LABORAT\u00d3RIO MATEM\u00c1TICA I<\/a><\/li>\n<\/ul>\n<p>&nbsp;<\/p>\n<p>BLOCO V<\/p>\n<ul>\n<li><a href=\"http:\/\/www2.unifap.br\/matematica\/files\/2014\/01\/\u00c1LGEBRA-I.pdf\">\u00c1LGEBRA I<\/a><\/li>\n<li><a href=\"http:\/\/www2.unifap.br\/matematica\/files\/2014\/01\/C\u00c1LCULO-DE-PROBABILIDADE.pdf\">C\u00c1LCULO DE PROBABILIDADE<\/a><\/li>\n<li><a href=\"https:\/\/drive.google.com\/file\/d\/0BxLWt2gGgyCEYjRxY3ZxS2dodDA\/view?usp=sharing\">EQUA\u00c7\u00d5ES DIFERENCIAIS ORDIN\u00c1RIAS<\/a><\/li>\n<li><a href=\"http:\/\/www2.unifap.br\/matematica\/files\/2014\/01\/F\u00cdSICA-GERAL-II.pdf\">F\u00cdSICA GERAL II<\/a><\/li>\n<li><a href=\"http:\/\/www2.unifap.br\/matematica\/files\/2014\/01\/PR\u00c1TICA-DE-ENSINO-APRENDIZAGEM-E-LABORAT\u00d3RIO-MATEM\u00c1TICA-II.pdf\">PR\u00c1TICA DE ENSINO-APRENDIZAGEM E LABORAT\u00d3RIO MATEM\u00c1TICA II<\/a><\/li>\n<li><a href=\"http:\/\/www2.unifap.br\/matematica\/files\/2014\/01\/EST\u00c1GIO-SUPERVISIONADO-I.pdf\">EST\u00c1GIO SUPERVISIONADO I<\/a><\/li>\n<\/ul>\n<p>&nbsp;<\/p>\n<p>BLOCO VI<\/p>\n<ul>\n<li><a href=\"http:\/\/www2.unifap.br\/matematica\/files\/2014\/01\/\u00c1LGEBRA-II.pdf\">\u00c1LGEBRA II<\/a><\/li>\n<li><a href=\"http:\/\/www2.unifap.br\/matematica\/files\/2014\/01\/AN\u00c1LISE-REAL-I.pdf\">AN\u00c1LISE REAL I<\/a><\/li>\n<li><a href=\"http:\/\/www2.unifap.br\/matematica\/files\/2014\/01\/C\u00c1LCULO-NUM\u00c9RICO.pdf\">C\u00c1LCULO NUM\u00c9RICO<\/a><\/li>\n<li><a href=\"http:\/\/www2.unifap.br\/matematica\/files\/2014\/01\/HIST\u00d3RIA-DA-MATEM\u00c1TICA.pdf\">HIST\u00d3RIA DA MATEM\u00c1TICA<\/a><\/li>\n<li><a href=\"http:\/\/www2.unifap.br\/matematica\/files\/2014\/01\/OFICINAS-DE-MATEM\u00c1TICA-PARA-O-ENSINO-FUNDAMENTAL-E-M\u00c9DIO.pdf\">OFICINAS DE MATEM\u00c1TICA PARA O ENSINO FUNDAMENTAL E M\u00c9DIO<\/a><\/li>\n<li><a href=\"http:\/\/www2.unifap.br\/matematica\/files\/2014\/01\/EST\u00c1GIO-SUPERVISIONADO-II.pdf\">EST\u00c1GIO SUPERVISIONADO II<\/a><\/li>\n<\/ul>\n<p>&nbsp;<\/p>\n<p>BLOCO VII<\/p>\n<ul>\n<li><a href=\"http:\/\/www2.unifap.br\/matematica\/files\/2014\/01\/\u00c1LGEBRA-MATRICIAL-E-COMPUTACIONAL.pdf\">\u00c1LGEBRA MATRICIAL E COMPUTACIONAL<\/a><\/li>\n<li><a href=\"http:\/\/www2.unifap.br\/matematica\/files\/2014\/01\/AN\u00c1LISE-REAL-II.pdf\">AN\u00c1LISE REAL II<\/a><\/li>\n<li>OPTATIVA I<\/li>\n<li><a href=\"http:\/\/www2.unifap.br\/matematica\/files\/2014\/01\/PR\u00c1TICA-DE-ENSINO-DA-MATEM\u00c1TICA-I.pdf\">PR\u00c1TICA DE ENSINO DA MATEM\u00c1TICA I<\/a><\/li>\n<li><a href=\"http:\/\/www2.unifap.br\/matematica\/files\/2014\/01\/EST\u00c1GIO-SUPERVISIONADO-III.pdf\">EST\u00c1GIO SUPERVISIONADO III<\/a><\/li>\n<li><a href=\"http:\/\/www2.unifap.br\/matematica\/files\/2016\/10\/LIBRAS.pdf\">LINGUA BRASILEIRA DE SINAIS<\/a><\/li>\n<\/ul>\n<p>&nbsp;<\/p>\n<p>BLOCO VIII<\/p>\n<ul>\n<li><a href=\"http:\/\/www2.unifap.br\/matematica\/files\/2014\/01\/PR\u00c1TICA-DE-ENSINO-DA-MATEM\u00c1TICA-II1.pdf\">PR\u00c1TICA DE ENSINO DA MATEM\u00c1TICA II<\/a><\/li>\n<li>OPTATIVA II<\/li>\n<li>OPTATIVA III<\/li>\n<li><a href=\"http:\/\/www2.unifap.br\/matematica\/files\/2014\/01\/TRABALHO-DE-CONCLUS\u00c3O-DE-CURSO-TCC.pdf\">TRABALHO DE CONCLUS\u00c3O DE CURSO &#8211; TCC<\/a><\/li>\n<li><a href=\"http:\/\/www2.unifap.br\/matematica\/files\/2014\/01\/EST\u00c1GIO-SUPERVISIONADO-IV.pdf\">EST\u00c1GIO SUPERVISIONADO IV<\/a><\/li>\n<\/ul>\n","protected":false},"excerpt":{"rendered":"<p>&nbsp; MATRIZ CURRICULAR EM VIGOR(APLICADA A PARTIR DE 2007) &nbsp; BLOCO I \u00c1LGEBRA ELEMENTAR INTRODU\u00c7\u00c3O AO C\u00c1LCULO &nbsp; BLOCO II C\u00c1LCULO I GEOMETRIA ANAL\u00cdTICA L\u00d3GICA MATEM\u00c1TICA POL\u00cdTICAS E LEGISLA\u00c7\u00c3O EDUCACIONAL BRASILEIRA PORTUGU\u00caS INSTRUMENTAL PSICOLOGIA DA EDUCA\u00c7\u00c3O &nbsp; BLOCO III C\u00c1LCULO II GEOMETRIA EUCLIDIANA TEORIA DOS N\u00daMEROS PRATICAS COMPUTACIONAIS NOS FUNDAMENTOS DA MATEM\u00c1TICA DID\u00c1TICA GERAL METODOLOGIA&#8230;<\/p>\n","protected":false},"author":363,"featured_media":0,"parent":9,"menu_order":3,"comment_status":"open","ping_status":"open","template":"","meta":{"inline_featured_image":false,"site-sidebar-layout":"default","site-content-layout":"","ast-site-content-layout":"default","site-content-style":"default","site-sidebar-style":"default","ast-global-header-display":"","ast-banner-title-visibility":"","ast-main-header-display":"","ast-hfb-above-header-display":"","ast-hfb-below-header-display":"","ast-hfb-mobile-header-display":"","site-post-title":"","ast-breadcrumbs-content":"","ast-featured-img":"","footer-sml-layout":"","theme-transparent-header-meta":"","adv-header-id-meta":"","stick-header-meta":"","header-above-stick-meta":"","header-main-stick-meta":"","header-below-stick-meta":"","astra-migrate-meta-layouts":"default","ast-page-background-enabled":"default","ast-page-background-meta":{"desktop":{"background-color":"var(--ast-global-color-4)","background-image":"","background-repeat":"repeat","background-position":"center center","background-size":"auto","background-attachment":"scroll","background-type":"","background-media":"","overlay-type":"","overlay-color":"","overlay-opacity":"","overlay-gradient":""},"tablet":{"background-color":"","background-image":"","background-repeat":"repeat","background-position":"center center","background-size":"auto","background-attachment":"scroll","background-type":"","background-media":"","overlay-type":"","overlay-color":"","overlay-opacity":"","overlay-gradient":""},"mobile":{"background-color":"","background-image":"","background-repeat":"repeat","background-position":"center center","background-size":"auto","background-attachment":"scroll","background-type":"","background-media":"","overlay-type":"","overlay-color":"","overlay-opacity":"","overlay-gradient":""}},"ast-content-background-meta":{"desktop":{"background-color":"var(--ast-global-color-5)","background-image":"","background-repeat":"repeat","background-position":"center center","background-size":"auto","background-attachment":"scroll","background-type":"","background-media":"","overlay-type":"","overlay-color":"","overlay-opacity":"","overlay-gradient":""},"tablet":{"background-color":"var(--ast-global-color-5)","background-image":"","background-repeat":"repeat","background-position":"center center","background-size":"auto","background-attachment":"scroll","background-type":"","background-media":"","overlay-type":"","overlay-color":"","overlay-opacity":"","overlay-gradient":""},"mobile":{"background-color":"var(--ast-global-color-5)","background-image":"","background-repeat":"repeat","background-position":"center center","background-size":"auto","background-attachment":"scroll","background-type":"","background-media":"","overlay-type":"","overlay-color":"","overlay-opacity":"","overlay-gradient":""}},"ngg_post_thumbnail":0,"footnotes":""},"class_list":["post-330","page","type-page","status-publish","hentry"],"_links":{"self":[{"href":"https:\/\/www2.unifap.br\/matematica\/index.php?rest_route=\/wp\/v2\/pages\/330","targetHints":{"allow":["GET"]}}],"collection":[{"href":"https:\/\/www2.unifap.br\/matematica\/index.php?rest_route=\/wp\/v2\/pages"}],"about":[{"href":"https:\/\/www2.unifap.br\/matematica\/index.php?rest_route=\/wp\/v2\/types\/page"}],"author":[{"embeddable":true,"href":"https:\/\/www2.unifap.br\/matematica\/index.php?rest_route=\/wp\/v2\/users\/363"}],"replies":[{"embeddable":true,"href":"https:\/\/www2.unifap.br\/matematica\/index.php?rest_route=%2Fwp%2Fv2%2Fcomments&post=330"}],"version-history":[{"count":15,"href":"https:\/\/www2.unifap.br\/matematica\/index.php?rest_route=\/wp\/v2\/pages\/330\/revisions"}],"predecessor-version":[{"id":1030,"href":"https:\/\/www2.unifap.br\/matematica\/index.php?rest_route=\/wp\/v2\/pages\/330\/revisions\/1030"}],"up":[{"embeddable":true,"href":"https:\/\/www2.unifap.br\/matematica\/index.php?rest_route=\/wp\/v2\/pages\/9"}],"wp:attachment":[{"href":"https:\/\/www2.unifap.br\/matematica\/index.php?rest_route=%2Fwp%2Fv2%2Fmedia&parent=330"}],"curies":[{"name":"wp","href":"https:\/\/api.w.org\/{rel}","templated":true}]}}