{"id":339,"date":"2014-01-22T12:57:25","date_gmt":"2014-01-22T12:57:25","guid":{"rendered":"http:\/\/www2.unifap.br\/matematica\/?page_id=339"},"modified":"2017-01-19T13:40:55","modified_gmt":"2017-01-19T13:40:55","slug":"laboratorio-de-pesquisa-e-extensao","status":"publish","type":"page","link":"https:\/\/www2.unifap.br\/matematica\/?page_id=339","title":{"rendered":"Laborat\u00f3rio de Pesquisa e Extens\u00e3o"},"content":{"rendered":"<p><a title=\"Agenda LaPEM\" href=\"http:\/\/www2.unifap.br\/matematica\/laboratorios-2\/laboratorio-de-pesquisa-e-extensao\/agenda-lapem\/\">Calend\u00e1rio de Agendamento<\/a><\/p>\n<p><a title=\"Solicita\u00e7\u00e3o de Agendamento LaPEM\" href=\"http:\/\/www2.unifap.br\/matematica\/laboratorios-2\/laboratorio-de-pesquisa-e-extensao\/solicitacao-de-agendamento-lapem\/\">Solicita\u00e7\u00e3o de Agendamento<\/a><\/p>\n<p>Sala P5<\/p>\n<p><a href=\"http:\/\/www2.unifap.br\/matematica\/files\/2014\/01\/Sala-P5-11.jpeg\"><img fetchpriority=\"high\" decoding=\"async\" class=\"aligncenter size-medium wp-image-1629\" alt=\"Sala P5 (11)\" src=\"http:\/\/www2.unifap.br\/matematica\/files\/2014\/01\/Sala-P5-11-300x224.jpeg\" width=\"300\" height=\"224\" srcset=\"https:\/\/www2.unifap.br\/matematica\/files\/2014\/01\/Sala-P5-11-300x224.jpeg 300w, https:\/\/www2.unifap.br\/matematica\/files\/2014\/01\/Sala-P5-11-1024x767.jpeg 1024w, https:\/\/www2.unifap.br\/matematica\/files\/2014\/01\/Sala-P5-11.jpeg 1280w\" sizes=\"(max-width: 300px) 100vw, 300px\" \/><\/a><\/p>\n<p><a href=\"http:\/\/www2.unifap.br\/matematica\/files\/2014\/01\/Sala-P5-10.jpeg\"><img decoding=\"async\" class=\"aligncenter size-medium wp-image-1628\" alt=\"Sala P5 (10)\" src=\"http:\/\/www2.unifap.br\/matematica\/files\/2014\/01\/Sala-P5-10-300x224.jpeg\" width=\"300\" height=\"224\" srcset=\"https:\/\/www2.unifap.br\/matematica\/files\/2014\/01\/Sala-P5-10-300x224.jpeg 300w, https:\/\/www2.unifap.br\/matematica\/files\/2014\/01\/Sala-P5-10-1024x767.jpeg 1024w, https:\/\/www2.unifap.br\/matematica\/files\/2014\/01\/Sala-P5-10.jpeg 1280w\" sizes=\"(max-width: 300px) 100vw, 300px\" \/><\/a>\u00a0 <a href=\"http:\/\/www2.unifap.br\/matematica\/files\/2014\/01\/Sala-P5-9.jpeg\"><img decoding=\"async\" class=\"aligncenter size-medium wp-image-1627\" alt=\"Sala P5 (9)\" src=\"http:\/\/www2.unifap.br\/matematica\/files\/2014\/01\/Sala-P5-9-300x224.jpeg\" width=\"300\" height=\"224\" srcset=\"https:\/\/www2.unifap.br\/matematica\/files\/2014\/01\/Sala-P5-9-300x224.jpeg 300w, https:\/\/www2.unifap.br\/matematica\/files\/2014\/01\/Sala-P5-9-1024x767.jpeg 1024w, https:\/\/www2.unifap.br\/matematica\/files\/2014\/01\/Sala-P5-9.jpeg 1280w\" sizes=\"(max-width: 300px) 100vw, 300px\" \/><\/a><\/p>\n<p><a href=\"http:\/\/www2.unifap.br\/matematica\/files\/2014\/01\/Sala-P5-8.jpeg\"><img loading=\"lazy\" decoding=\"async\" class=\"aligncenter size-medium wp-image-1626\" alt=\"Sala P5 (8)\" src=\"http:\/\/www2.unifap.br\/matematica\/files\/2014\/01\/Sala-P5-8-300x224.jpeg\" width=\"300\" height=\"224\" srcset=\"https:\/\/www2.unifap.br\/matematica\/files\/2014\/01\/Sala-P5-8-300x224.jpeg 300w, https:\/\/www2.unifap.br\/matematica\/files\/2014\/01\/Sala-P5-8-1024x767.jpeg 1024w, https:\/\/www2.unifap.br\/matematica\/files\/2014\/01\/Sala-P5-8.jpeg 1280w\" sizes=\"(max-width: 300px) 100vw, 300px\" \/><\/a><\/p>\n<p><a href=\"http:\/\/www2.unifap.br\/matematica\/files\/2014\/01\/Sala-P5-7.jpeg\"><img loading=\"lazy\" decoding=\"async\" class=\"aligncenter size-medium wp-image-1625\" alt=\"Sala P5 (7)\" src=\"http:\/\/www2.unifap.br\/matematica\/files\/2014\/01\/Sala-P5-7-300x224.jpeg\" width=\"300\" height=\"224\" srcset=\"https:\/\/www2.unifap.br\/matematica\/files\/2014\/01\/Sala-P5-7-300x224.jpeg 300w, https:\/\/www2.unifap.br\/matematica\/files\/2014\/01\/Sala-P5-7-1024x767.jpeg 1024w, https:\/\/www2.unifap.br\/matematica\/files\/2014\/01\/Sala-P5-7.jpeg 1280w\" sizes=\"(max-width: 300px) 100vw, 300px\" \/><\/a><\/p>\n<p><a href=\"http:\/\/www2.unifap.br\/matematica\/files\/2014\/01\/Sala-P5-6.jpeg\"><img loading=\"lazy\" decoding=\"async\" class=\"aligncenter size-medium wp-image-1624\" alt=\"Sala P5 (6)\" src=\"http:\/\/www2.unifap.br\/matematica\/files\/2014\/01\/Sala-P5-6-300x224.jpeg\" width=\"300\" height=\"224\" srcset=\"https:\/\/www2.unifap.br\/matematica\/files\/2014\/01\/Sala-P5-6-300x224.jpeg 300w, https:\/\/www2.unifap.br\/matematica\/files\/2014\/01\/Sala-P5-6-1024x767.jpeg 1024w, https:\/\/www2.unifap.br\/matematica\/files\/2014\/01\/Sala-P5-6.jpeg 1280w\" sizes=\"(max-width: 300px) 100vw, 300px\" \/><\/a><\/p>\n<p><a href=\"http:\/\/www2.unifap.br\/matematica\/files\/2014\/01\/Sala-P5-5.jpeg\"><img loading=\"lazy\" decoding=\"async\" class=\"aligncenter size-medium wp-image-1623\" alt=\"Sala P5 (5)\" src=\"http:\/\/www2.unifap.br\/matematica\/files\/2014\/01\/Sala-P5-5-300x224.jpeg\" width=\"300\" height=\"224\" srcset=\"https:\/\/www2.unifap.br\/matematica\/files\/2014\/01\/Sala-P5-5-300x224.jpeg 300w, https:\/\/www2.unifap.br\/matematica\/files\/2014\/01\/Sala-P5-5-1024x767.jpeg 1024w, https:\/\/www2.unifap.br\/matematica\/files\/2014\/01\/Sala-P5-5.jpeg 1280w\" sizes=\"(max-width: 300px) 100vw, 300px\" \/><\/a><\/p>\n<p><a href=\"http:\/\/www2.unifap.br\/matematica\/files\/2014\/01\/Sala-P5-4.jpeg\"><img loading=\"lazy\" decoding=\"async\" class=\"aligncenter size-medium wp-image-1622\" alt=\"Sala P5 (4)\" src=\"http:\/\/www2.unifap.br\/matematica\/files\/2014\/01\/Sala-P5-4-300x224.jpeg\" width=\"300\" height=\"224\" srcset=\"https:\/\/www2.unifap.br\/matematica\/files\/2014\/01\/Sala-P5-4-300x224.jpeg 300w, https:\/\/www2.unifap.br\/matematica\/files\/2014\/01\/Sala-P5-4-1024x767.jpeg 1024w, https:\/\/www2.unifap.br\/matematica\/files\/2014\/01\/Sala-P5-4.jpeg 1280w\" sizes=\"(max-width: 300px) 100vw, 300px\" \/><\/a><\/p>\n<p><a href=\"http:\/\/www2.unifap.br\/matematica\/files\/2014\/01\/Sala-P5-3.jpeg\"><img loading=\"lazy\" decoding=\"async\" class=\"aligncenter size-medium wp-image-1621\" alt=\"Sala P5 (3)\" src=\"http:\/\/www2.unifap.br\/matematica\/files\/2014\/01\/Sala-P5-3-300x224.jpeg\" width=\"300\" height=\"224\" srcset=\"https:\/\/www2.unifap.br\/matematica\/files\/2014\/01\/Sala-P5-3-300x224.jpeg 300w, https:\/\/www2.unifap.br\/matematica\/files\/2014\/01\/Sala-P5-3-1024x767.jpeg 1024w, https:\/\/www2.unifap.br\/matematica\/files\/2014\/01\/Sala-P5-3.jpeg 1280w\" sizes=\"(max-width: 300px) 100vw, 300px\" \/><\/a><\/p>\n<p><a href=\"http:\/\/www2.unifap.br\/matematica\/files\/2014\/01\/Sala-P5-2.jpeg\"><img loading=\"lazy\" decoding=\"async\" class=\"aligncenter size-medium wp-image-1620\" alt=\"Sala P5 (2)\" src=\"http:\/\/www2.unifap.br\/matematica\/files\/2014\/01\/Sala-P5-2-300x224.jpeg\" width=\"300\" height=\"224\" srcset=\"https:\/\/www2.unifap.br\/matematica\/files\/2014\/01\/Sala-P5-2-300x224.jpeg 300w, https:\/\/www2.unifap.br\/matematica\/files\/2014\/01\/Sala-P5-2-1024x767.jpeg 1024w, https:\/\/www2.unifap.br\/matematica\/files\/2014\/01\/Sala-P5-2.jpeg 1280w\" sizes=\"(max-width: 300px) 100vw, 300px\" \/><\/a> <a href=\"http:\/\/www2.unifap.br\/matematica\/files\/2014\/01\/Sala-P5-1.jpeg\"><img loading=\"lazy\" decoding=\"async\" class=\"aligncenter size-medium wp-image-1619\" alt=\"Sala P5 (1)\" src=\"http:\/\/www2.unifap.br\/matematica\/files\/2014\/01\/Sala-P5-1-300x224.jpeg\" width=\"300\" height=\"224\" srcset=\"https:\/\/www2.unifap.br\/matematica\/files\/2014\/01\/Sala-P5-1-300x224.jpeg 300w, https:\/\/www2.unifap.br\/matematica\/files\/2014\/01\/Sala-P5-1-1024x767.jpeg 1024w, https:\/\/www2.unifap.br\/matematica\/files\/2014\/01\/Sala-P5-1.jpeg 1280w\" sizes=\"(max-width: 300px) 100vw, 300px\" \/><\/a><\/p>\n","protected":false},"excerpt":{"rendered":"<p>Calend\u00e1rio de Agendamento Solicita\u00e7\u00e3o de Agendamento Sala P5 \u00a0<\/p>\n","protected":false},"author":363,"featured_media":0,"parent":304,"menu_order":2,"comment_status":"open","ping_status":"open","template":"","meta":{"inline_featured_image":false,"site-sidebar-layout":"default","site-content-layout":"","ast-site-content-layout":"default","site-content-style":"default","site-sidebar-style":"default","ast-global-header-display":"","ast-banner-title-visibility":"","ast-main-header-display":"","ast-hfb-above-header-display":"","ast-hfb-below-header-display":"","ast-hfb-mobile-header-display":"","site-post-title":"","ast-breadcrumbs-content":"","ast-featured-img":"","footer-sml-layout":"","theme-transparent-header-meta":"","adv-header-id-meta":"","stick-header-meta":"","header-above-stick-meta":"","header-main-stick-meta":"","header-below-stick-meta":"","astra-migrate-meta-layouts":"default","ast-page-background-enabled":"default","ast-page-background-meta":{"desktop":{"background-color":"var(--ast-global-color-4)","background-image":"","background-repeat":"repeat","background-position":"center center","background-size":"auto","background-attachment":"scroll","background-type":"","background-media":"","overlay-type":"","overlay-color":"","overlay-opacity":"","overlay-gradient":""},"tablet":{"background-color":"","background-image":"","background-repeat":"repeat","background-position":"center center","background-size":"auto","background-attachment":"scroll","background-type":"","background-media":"","overlay-type":"","overlay-color":"","overlay-opacity":"","overlay-gradient":""},"mobile":{"background-color":"","background-image":"","background-repeat":"repeat","background-position":"center center","background-size":"auto","background-attachment":"scroll","background-type":"","background-media":"","overlay-type":"","overlay-color":"","overlay-opacity":"","overlay-gradient":""}},"ast-content-background-meta":{"desktop":{"background-color":"var(--ast-global-color-5)","background-image":"","background-repeat":"repeat","background-position":"center center","background-size":"auto","background-attachment":"scroll","background-type":"","background-media":"","overlay-type":"","overlay-color":"","overlay-opacity":"","overlay-gradient":""},"tablet":{"background-color":"var(--ast-global-color-5)","background-image":"","background-repeat":"repeat","background-position":"center center","background-size":"auto","background-attachment":"scroll","background-type":"","background-media":"","overlay-type":"","overlay-color":"","overlay-opacity":"","overlay-gradient":""},"mobile":{"background-color":"var(--ast-global-color-5)","background-image":"","background-repeat":"repeat","background-position":"center center","background-size":"auto","background-attachment":"scroll","background-type":"","background-media":"","overlay-type":"","overlay-color":"","overlay-opacity":"","overlay-gradient":""}},"ngg_post_thumbnail":0,"footnotes":""},"class_list":["post-339","page","type-page","status-publish","hentry"],"_links":{"self":[{"href":"https:\/\/www2.unifap.br\/matematica\/index.php?rest_route=\/wp\/v2\/pages\/339","targetHints":{"allow":["GET"]}}],"collection":[{"href":"https:\/\/www2.unifap.br\/matematica\/index.php?rest_route=\/wp\/v2\/pages"}],"about":[{"href":"https:\/\/www2.unifap.br\/matematica\/index.php?rest_route=\/wp\/v2\/types\/page"}],"author":[{"embeddable":true,"href":"https:\/\/www2.unifap.br\/matematica\/index.php?rest_route=\/wp\/v2\/users\/363"}],"replies":[{"embeddable":true,"href":"https:\/\/www2.unifap.br\/matematica\/index.php?rest_route=%2Fwp%2Fv2%2Fcomments&post=339"}],"version-history":[{"count":37,"href":"https:\/\/www2.unifap.br\/matematica\/index.php?rest_route=\/wp\/v2\/pages\/339\/revisions"}],"predecessor-version":[{"id":1650,"href":"https:\/\/www2.unifap.br\/matematica\/index.php?rest_route=\/wp\/v2\/pages\/339\/revisions\/1650"}],"up":[{"embeddable":true,"href":"https:\/\/www2.unifap.br\/matematica\/index.php?rest_route=\/wp\/v2\/pages\/304"}],"wp:attachment":[{"href":"https:\/\/www2.unifap.br\/matematica\/index.php?rest_route=%2Fwp%2Fv2%2Fmedia&parent=339"}],"curies":[{"name":"wp","href":"https:\/\/api.w.org\/{rel}","templated":true}]}}