{"id":3576,"date":"2018-06-25T14:57:59","date_gmt":"2018-06-25T14:57:59","guid":{"rendered":"http:\/\/www2.unifap.br\/matematica\/?page_id=3576"},"modified":"2018-06-25T15:09:45","modified_gmt":"2018-06-25T15:09:45","slug":"solicitacao-online","status":"publish","type":"page","link":"https:\/\/www2.unifap.br\/matematica\/?page_id=3576","title":{"rendered":"Solicita\u00e7\u00e3o Online"},"content":{"rendered":"<p>Prezados Estudantes,<\/p>\n<p>&nbsp;<\/p>\n<p style=\"text-align: justify\">Para encaminhar\u00a0um requerimento online \u00e0 Coordena\u00e7\u00e3o do Curso de Esp. em Doc\u00eancia para Educa\u00e7\u00e3o Penitenci\u00e1ria &#8211; EAD, preencha o f\u00f3rmul\u00e1rio no seguinte link:\u00a0<strong><a href=\"https:\/\/goo.gl\/forms\/R71fQZd6uprSQEQv2\">https:\/\/goo.gl\/forms\/R71fQZd6uprSQEQv2<\/a><\/strong><span style=\"color: #000000\">.\u00a0 E aguarde a resposta no seu email.\u00a0<\/span><\/p>\n<p>&nbsp;<\/p>\n<p style=\"text-align: center\">Macap\u00e1, 25 de junho de 2018.<\/p>\n<p><i>Myryan Sylvia Sousa de Almeida<\/i><\/p>\n<p>Tutora Online de Apoio Pedag\u00f3gico<\/p>\n<p>Curso de Esp. em Doc\u00eancia para Educa\u00e7\u00e3o Penitenci\u00e1ria &#8211; EAD<\/p>\n<p>&nbsp;<\/p>\n<p>&nbsp;<\/p>\n<p>&nbsp;<\/p>\n<p>&nbsp;<\/p>\n<p>&nbsp;<\/p>\n<p>&nbsp;<\/p>\n<p>&nbsp;<\/p>\n<p>&nbsp;<\/p>\n<p>&nbsp;<\/p>\n","protected":false},"excerpt":{"rendered":"<p>Prezados Estudantes, &nbsp; Para encaminhar\u00a0um requerimento online \u00e0 Coordena\u00e7\u00e3o do Curso de Esp. em Doc\u00eancia para Educa\u00e7\u00e3o Penitenci\u00e1ria &#8211; EAD, preencha o f\u00f3rmul\u00e1rio no seguinte link:\u00a0https:\/\/goo.gl\/forms\/R71fQZd6uprSQEQv2.\u00a0 E aguarde a resposta no seu email.\u00a0 &nbsp; Macap\u00e1, 25 de junho de 2018. Myryan Sylvia Sousa de Almeida Tutora Online de Apoio Pedag\u00f3gico Curso de Esp. em Doc\u00eancia&#8230;<\/p>\n","protected":false},"author":1721,"featured_media":0,"parent":2596,"menu_order":4,"comment_status":"open","ping_status":"open","template":"","meta":{"inline_featured_image":false,"site-sidebar-layout":"default","site-content-layout":"","ast-site-content-layout":"default","site-content-style":"default","site-sidebar-style":"default","ast-global-header-display":"","ast-banner-title-visibility":"","ast-main-header-display":"","ast-hfb-above-header-display":"","ast-hfb-below-header-display":"","ast-hfb-mobile-header-display":"","site-post-title":"","ast-breadcrumbs-content":"","ast-featured-img":"","footer-sml-layout":"","theme-transparent-header-meta":"","adv-header-id-meta":"","stick-header-meta":"","header-above-stick-meta":"","header-main-stick-meta":"","header-below-stick-meta":"","astra-migrate-meta-layouts":"default","ast-page-background-enabled":"default","ast-page-background-meta":{"desktop":{"background-color":"var(--ast-global-color-4)","background-image":"","background-repeat":"repeat","background-position":"center center","background-size":"auto","background-attachment":"scroll","background-type":"","background-media":"","overlay-type":"","overlay-color":"","overlay-opacity":"","overlay-gradient":""},"tablet":{"background-color":"","background-image":"","background-repeat":"repeat","background-position":"center center","background-size":"auto","background-attachment":"scroll","background-type":"","background-media":"","overlay-type":"","overlay-color":"","overlay-opacity":"","overlay-gradient":""},"mobile":{"background-color":"","background-image":"","background-repeat":"repeat","background-position":"center center","background-size":"auto","background-attachment":"scroll","background-type":"","background-media":"","overlay-type":"","overlay-color":"","overlay-opacity":"","overlay-gradient":""}},"ast-content-background-meta":{"desktop":{"background-color":"var(--ast-global-color-5)","background-image":"","background-repeat":"repeat","background-position":"center center","background-size":"auto","background-attachment":"scroll","background-type":"","background-media":"","overlay-type":"","overlay-color":"","overlay-opacity":"","overlay-gradient":""},"tablet":{"background-color":"var(--ast-global-color-5)","background-image":"","background-repeat":"repeat","background-position":"center center","background-size":"auto","background-attachment":"scroll","background-type":"","background-media":"","overlay-type":"","overlay-color":"","overlay-opacity":"","overlay-gradient":""},"mobile":{"background-color":"var(--ast-global-color-5)","background-image":"","background-repeat":"repeat","background-position":"center center","background-size":"auto","background-attachment":"scroll","background-type":"","background-media":"","overlay-type":"","overlay-color":"","overlay-opacity":"","overlay-gradient":""}},"ngg_post_thumbnail":0,"footnotes":""},"class_list":["post-3576","page","type-page","status-publish","hentry"],"_links":{"self":[{"href":"https:\/\/www2.unifap.br\/matematica\/index.php?rest_route=\/wp\/v2\/pages\/3576","targetHints":{"allow":["GET"]}}],"collection":[{"href":"https:\/\/www2.unifap.br\/matematica\/index.php?rest_route=\/wp\/v2\/pages"}],"about":[{"href":"https:\/\/www2.unifap.br\/matematica\/index.php?rest_route=\/wp\/v2\/types\/page"}],"author":[{"embeddable":true,"href":"https:\/\/www2.unifap.br\/matematica\/index.php?rest_route=\/wp\/v2\/users\/1721"}],"replies":[{"embeddable":true,"href":"https:\/\/www2.unifap.br\/matematica\/index.php?rest_route=%2Fwp%2Fv2%2Fcomments&post=3576"}],"version-history":[{"count":6,"href":"https:\/\/www2.unifap.br\/matematica\/index.php?rest_route=\/wp\/v2\/pages\/3576\/revisions"}],"predecessor-version":[{"id":3579,"href":"https:\/\/www2.unifap.br\/matematica\/index.php?rest_route=\/wp\/v2\/pages\/3576\/revisions\/3579"}],"up":[{"embeddable":true,"href":"https:\/\/www2.unifap.br\/matematica\/index.php?rest_route=\/wp\/v2\/pages\/2596"}],"wp:attachment":[{"href":"https:\/\/www2.unifap.br\/matematica\/index.php?rest_route=%2Fwp%2Fv2%2Fmedia&parent=3576"}],"curies":[{"name":"wp","href":"https:\/\/api.w.org\/{rel}","templated":true}]}}