{"id":358,"date":"2014-01-23T14:00:14","date_gmt":"2014-01-23T14:00:14","guid":{"rendered":"http:\/\/www2.unifap.br\/matematica\/?page_id=358"},"modified":"2025-01-04T19:34:24","modified_gmt":"2025-01-04T19:34:24","slug":"horario-de-expediente","status":"publish","type":"page","link":"https:\/\/www2.unifap.br\/matematica\/?page_id=358","title":{"rendered":"Hor\u00e1rio de Expediente"},"content":{"rendered":"<p><strong>Coordenador: R\u00d4MULO LIMA DA GAMA<\/strong><\/p>\n<p><strong>Vice coordenador: SOLANGE REGINA CROMIANSKI<\/strong><\/p>\n<p><strong>T\u00e9cnico administrativo:&nbsp;NEY DOS SANTOS FERNANDES<\/strong><\/p>\n<p><strong>Hor\u00e1rio de Expediente:<\/strong><\/p>\n<p><strong>Atendimento Presencial:<\/strong><\/p>\n<ul>\n<li><strong>10:00 \u00e0s 12:00h<\/strong><\/li>\n<li><strong>14:00 \u00e0s 17:00h<\/strong><\/li>\n<\/ul>\n<p><strong>Telefone:&nbsp;<\/strong><\/p>\n<p><strong>E-mail: matematica@unifap.br<\/strong><\/p>\n","protected":false},"excerpt":{"rendered":"<p>Coordenador: R\u00d4MULO LIMA DA GAMA Vice coordenador: SOLANGE REGINA CROMIANSKI T\u00e9cnico administrativo:&nbsp;NEY DOS SANTOS FERNANDES Hor\u00e1rio de Expediente: Atendimento Presencial: 10:00 \u00e0s 12:00h 14:00 \u00e0s 17:00h Telefone:&nbsp; E-mail: matematica@unifap.br<\/p>\n","protected":false},"author":363,"featured_media":0,"parent":12,"menu_order":3,"comment_status":"open","ping_status":"open","template":"","meta":{"inline_featured_image":false,"site-sidebar-layout":"default","site-content-layout":"","ast-site-content-layout":"default","site-content-style":"default","site-sidebar-style":"default","ast-global-header-display":"","ast-banner-title-visibility":"","ast-main-header-display":"","ast-hfb-above-header-display":"","ast-hfb-below-header-display":"","ast-hfb-mobile-header-display":"","site-post-title":"","ast-breadcrumbs-content":"","ast-featured-img":"","footer-sml-layout":"","theme-transparent-header-meta":"default","adv-header-id-meta":"","stick-header-meta":"","header-above-stick-meta":"","header-main-stick-meta":"","header-below-stick-meta":"","astra-migrate-meta-layouts":"set","ast-page-background-enabled":"default","ast-page-background-meta":{"desktop":{"background-color":"var(--ast-global-color-4)","background-image":"","background-repeat":"repeat","background-position":"center center","background-size":"auto","background-attachment":"scroll","background-type":"","background-media":"","overlay-type":"","overlay-color":"","overlay-opacity":"","overlay-gradient":""},"tablet":{"background-color":"","background-image":"","background-repeat":"repeat","background-position":"center center","background-size":"auto","background-attachment":"scroll","background-type":"","background-media":"","overlay-type":"","overlay-color":"","overlay-opacity":"","overlay-gradient":""},"mobile":{"background-color":"","background-image":"","background-repeat":"repeat","background-position":"center center","background-size":"auto","background-attachment":"scroll","background-type":"","background-media":"","overlay-type":"","overlay-color":"","overlay-opacity":"","overlay-gradient":""}},"ast-content-background-meta":{"desktop":{"background-color":"var(--ast-global-color-5)","background-image":"","background-repeat":"repeat","background-position":"center center","background-size":"auto","background-attachment":"scroll","background-type":"","background-media":"","overlay-type":"","overlay-color":"","overlay-opacity":"","overlay-gradient":""},"tablet":{"background-color":"var(--ast-global-color-5)","background-image":"","background-repeat":"repeat","background-position":"center center","background-size":"auto","background-attachment":"scroll","background-type":"","background-media":"","overlay-type":"","overlay-color":"","overlay-opacity":"","overlay-gradient":""},"mobile":{"background-color":"var(--ast-global-color-5)","background-image":"","background-repeat":"repeat","background-position":"center center","background-size":"auto","background-attachment":"scroll","background-type":"","background-media":"","overlay-type":"","overlay-color":"","overlay-opacity":"","overlay-gradient":""}},"ngg_post_thumbnail":0,"footnotes":""},"class_list":["post-358","page","type-page","status-publish","hentry"],"_links":{"self":[{"href":"https:\/\/www2.unifap.br\/matematica\/index.php?rest_route=\/wp\/v2\/pages\/358","targetHints":{"allow":["GET"]}}],"collection":[{"href":"https:\/\/www2.unifap.br\/matematica\/index.php?rest_route=\/wp\/v2\/pages"}],"about":[{"href":"https:\/\/www2.unifap.br\/matematica\/index.php?rest_route=\/wp\/v2\/types\/page"}],"author":[{"embeddable":true,"href":"https:\/\/www2.unifap.br\/matematica\/index.php?rest_route=\/wp\/v2\/users\/363"}],"replies":[{"embeddable":true,"href":"https:\/\/www2.unifap.br\/matematica\/index.php?rest_route=%2Fwp%2Fv2%2Fcomments&post=358"}],"version-history":[{"count":23,"href":"https:\/\/www2.unifap.br\/matematica\/index.php?rest_route=\/wp\/v2\/pages\/358\/revisions"}],"predecessor-version":[{"id":5922,"href":"https:\/\/www2.unifap.br\/matematica\/index.php?rest_route=\/wp\/v2\/pages\/358\/revisions\/5922"}],"up":[{"embeddable":true,"href":"https:\/\/www2.unifap.br\/matematica\/index.php?rest_route=\/wp\/v2\/pages\/12"}],"wp:attachment":[{"href":"https:\/\/www2.unifap.br\/matematica\/index.php?rest_route=%2Fwp%2Fv2%2Fmedia&parent=358"}],"curies":[{"name":"wp","href":"https:\/\/api.w.org\/{rel}","templated":true}]}}