{"id":365,"date":"2014-01-23T14:35:23","date_gmt":"2014-01-23T14:35:23","guid":{"rendered":"http:\/\/www2.unifap.br\/matematica\/?page_id=365"},"modified":"2021-03-21T20:03:00","modified_gmt":"2021-03-21T20:03:00","slug":"elifaleth-rego-sabino","status":"publish","type":"page","link":"https:\/\/www2.unifap.br\/matematica\/?page_id=365","title":{"rendered":"Prof\u00aa Ma Elifaleth Rego Sabino"},"content":{"rendered":"<p><a href=\"http:\/\/www2.unifap.br\/matematica\/files\/2014\/01\/ES.jpg\"><img decoding=\"async\" class=\"alignleft wp-image-2453\" src=\"http:\/\/www2.unifap.br\/matematica\/files\/2014\/01\/ES-150x150.jpg\" alt=\"ES\" width=\"80\" height=\"80\" srcset=\"https:\/\/www2.unifap.br\/matematica\/files\/2014\/01\/ES-150x150.jpg 150w, https:\/\/www2.unifap.br\/matematica\/files\/2014\/01\/ES-70x70.jpg 70w\" sizes=\"(max-width: 80px) 100vw, 80px\" \/><\/a><\/p>\n<p>&nbsp;<\/p>\n<p>&nbsp;<\/p>\n<p>&nbsp;<\/p>\n<p><strong>Curr\u00edculo Lattes<\/strong>:&nbsp;<a href=\"http:\/\/lattes.cnpq.br\/0568071912378050\">http:\/\/lattes.cnpq.br\/0568071912378050<\/a><\/p>\n<p>&nbsp;<strong>Tema de pesquisa<\/strong>: \u00c1rea de An\u00e1lise, \u00eanfase em An\u00e1lise Funcional e Equa\u00e7\u00f5es Diferenciais Parciais. Tamb\u00e9m orientada estudos desenvolvidos pelos estudantes de Gradua\u00e7\u00e3o em Matem\u00e1tica, com foco em Ensino de Matem\u00e1tica na Educa\u00e7\u00e3o B\u00e1sica.&nbsp;<\/p>\n<p><strong>E-mail<\/strong>:&nbsp;elifaleth@unifap.br<\/p>\n<p>&nbsp;<\/p>\n","protected":false},"excerpt":{"rendered":"<p>&nbsp; &nbsp; &nbsp; Curr\u00edculo Lattes:&nbsp;http:\/\/lattes.cnpq.br\/0568071912378050 &nbsp;Tema de pesquisa: \u00c1rea de An\u00e1lise, \u00eanfase em An\u00e1lise Funcional e Equa\u00e7\u00f5es Diferenciais Parciais. Tamb\u00e9m orientada estudos desenvolvidos pelos estudantes de Gradua\u00e7\u00e3o em Matem\u00e1tica, com foco em Ensino de Matem\u00e1tica na Educa\u00e7\u00e3o B\u00e1sica.&nbsp; E-mail:&nbsp;elifaleth@unifap.br &nbsp;<\/p>\n","protected":false},"author":363,"featured_media":0,"parent":4807,"menu_order":3,"comment_status":"open","ping_status":"open","template":"","meta":{"inline_featured_image":false,"site-sidebar-layout":"default","site-content-layout":"","ast-site-content-layout":"default","site-content-style":"default","site-sidebar-style":"default","ast-global-header-display":"","ast-banner-title-visibility":"","ast-main-header-display":"","ast-hfb-above-header-display":"","ast-hfb-below-header-display":"","ast-hfb-mobile-header-display":"","site-post-title":"","ast-breadcrumbs-content":"","ast-featured-img":"","footer-sml-layout":"","theme-transparent-header-meta":"","adv-header-id-meta":"","stick-header-meta":"","header-above-stick-meta":"","header-main-stick-meta":"","header-below-stick-meta":"","astra-migrate-meta-layouts":"default","ast-page-background-enabled":"default","ast-page-background-meta":{"desktop":{"background-color":"var(--ast-global-color-4)","background-image":"","background-repeat":"repeat","background-position":"center center","background-size":"auto","background-attachment":"scroll","background-type":"","background-media":"","overlay-type":"","overlay-color":"","overlay-opacity":"","overlay-gradient":""},"tablet":{"background-color":"","background-image":"","background-repeat":"repeat","background-position":"center center","background-size":"auto","background-attachment":"scroll","background-type":"","background-media":"","overlay-type":"","overlay-color":"","overlay-opacity":"","overlay-gradient":""},"mobile":{"background-color":"","background-image":"","background-repeat":"repeat","background-position":"center center","background-size":"auto","background-attachment":"scroll","background-type":"","background-media":"","overlay-type":"","overlay-color":"","overlay-opacity":"","overlay-gradient":""}},"ast-content-background-meta":{"desktop":{"background-color":"var(--ast-global-color-5)","background-image":"","background-repeat":"repeat","background-position":"center center","background-size":"auto","background-attachment":"scroll","background-type":"","background-media":"","overlay-type":"","overlay-color":"","overlay-opacity":"","overlay-gradient":""},"tablet":{"background-color":"var(--ast-global-color-5)","background-image":"","background-repeat":"repeat","background-position":"center center","background-size":"auto","background-attachment":"scroll","background-type":"","background-media":"","overlay-type":"","overlay-color":"","overlay-opacity":"","overlay-gradient":""},"mobile":{"background-color":"var(--ast-global-color-5)","background-image":"","background-repeat":"repeat","background-position":"center center","background-size":"auto","background-attachment":"scroll","background-type":"","background-media":"","overlay-type":"","overlay-color":"","overlay-opacity":"","overlay-gradient":""}},"ngg_post_thumbnail":0,"footnotes":""},"class_list":["post-365","page","type-page","status-publish","hentry"],"_links":{"self":[{"href":"https:\/\/www2.unifap.br\/matematica\/index.php?rest_route=\/wp\/v2\/pages\/365","targetHints":{"allow":["GET"]}}],"collection":[{"href":"https:\/\/www2.unifap.br\/matematica\/index.php?rest_route=\/wp\/v2\/pages"}],"about":[{"href":"https:\/\/www2.unifap.br\/matematica\/index.php?rest_route=\/wp\/v2\/types\/page"}],"author":[{"embeddable":true,"href":"https:\/\/www2.unifap.br\/matematica\/index.php?rest_route=\/wp\/v2\/users\/363"}],"replies":[{"embeddable":true,"href":"https:\/\/www2.unifap.br\/matematica\/index.php?rest_route=%2Fwp%2Fv2%2Fcomments&post=365"}],"version-history":[{"count":19,"href":"https:\/\/www2.unifap.br\/matematica\/index.php?rest_route=\/wp\/v2\/pages\/365\/revisions"}],"predecessor-version":[{"id":5267,"href":"https:\/\/www2.unifap.br\/matematica\/index.php?rest_route=\/wp\/v2\/pages\/365\/revisions\/5267"}],"up":[{"embeddable":true,"href":"https:\/\/www2.unifap.br\/matematica\/index.php?rest_route=\/wp\/v2\/pages\/4807"}],"wp:attachment":[{"href":"https:\/\/www2.unifap.br\/matematica\/index.php?rest_route=%2Fwp%2Fv2%2Fmedia&parent=365"}],"curies":[{"name":"wp","href":"https:\/\/api.w.org\/{rel}","templated":true}]}}