{"id":384,"date":"2014-01-23T14:48:40","date_gmt":"2014-01-23T14:48:40","guid":{"rendered":"http:\/\/www2.unifap.br\/matematica\/?page_id=384"},"modified":"2025-01-06T13:05:32","modified_gmt":"2025-01-06T13:05:32","slug":"marcel-lucas-picanco-nascimento","status":"publish","type":"page","link":"https:\/\/www2.unifap.br\/matematica\/?page_id=384","title":{"rendered":"Prof. Me Marcel Lucas Pican\u00e7o Nascimento (Doutorando)"},"content":{"rendered":"<p style=\"text-align: justify\"><a href=\"http:\/\/www2.unifap.br\/matematica\/files\/2014\/01\/MN.jpg\"><img decoding=\"async\" class=\"alignleft wp-image-2442\" src=\"http:\/\/www2.unifap.br\/matematica\/files\/2014\/01\/MN-150x150.jpg\" alt=\"MN\" width=\"84\" height=\"84\" srcset=\"https:\/\/www2.unifap.br\/matematica\/files\/2014\/01\/MN-150x150.jpg 150w, https:\/\/www2.unifap.br\/matematica\/files\/2014\/01\/MN-298x300.jpg 298w, https:\/\/www2.unifap.br\/matematica\/files\/2014\/01\/MN-70x70.jpg 70w, https:\/\/www2.unifap.br\/matematica\/files\/2014\/01\/MN.jpg 478w\" sizes=\"(max-width: 84px) 100vw, 84px\" \/><\/a><\/p>\n<p>&nbsp;<\/p>\n<p>&nbsp;<\/p>\n<p>&nbsp;<\/p>\n<p><strong>Curr\u00edculo Lattes<\/strong>:&nbsp;<a href=\"http:\/\/lattes.cnpq.br\/8760711618082326\">http:\/\/lattes.cnpq.br\/8760711618082326<\/a><\/p>\n<p style=\"text-align: justify\"><strong>Temas de pesquisa<\/strong>: \u00c1rea de An\u00e1lise, com \u00eanfase em An\u00e1lise Funcional e Equa\u00e7\u00f5es Diferenciais, discutindo as Teoria das Distribui\u00e7\u00f5es e Espa\u00e7os de Sobolev, e, Sistema de Equa\u00e7\u00f5es Diferenciais Parciais de Evolu\u00e7\u00e3o do tipo Phase-Field (Campo de Fase).&nbsp;<\/p>\n<p><strong>E-mail<\/strong>:&nbsp;<a href=\"mailto:marcelnascimento@unifap.br\">marcelnascimento@unifap.br<\/a><\/p>\n<p>&nbsp;<\/p>\n","protected":false},"excerpt":{"rendered":"<p>&nbsp; &nbsp; &nbsp; Curr\u00edculo Lattes:&nbsp;http:\/\/lattes.cnpq.br\/8760711618082326 Temas de pesquisa: \u00c1rea de An\u00e1lise, com \u00eanfase em An\u00e1lise Funcional e Equa\u00e7\u00f5es Diferenciais, discutindo as Teoria das Distribui\u00e7\u00f5es e Espa\u00e7os de Sobolev, e, Sistema de Equa\u00e7\u00f5es Diferenciais Parciais de Evolu\u00e7\u00e3o do tipo Phase-Field (Campo de Fase).&nbsp; E-mail:&nbsp;marcelnascimento@unifap.br &nbsp;<\/p>\n","protected":false},"author":363,"featured_media":0,"parent":4807,"menu_order":10,"comment_status":"open","ping_status":"open","template":"","meta":{"inline_featured_image":false,"site-sidebar-layout":"default","site-content-layout":"","ast-site-content-layout":"default","site-content-style":"default","site-sidebar-style":"default","ast-global-header-display":"","ast-banner-title-visibility":"","ast-main-header-display":"","ast-hfb-above-header-display":"","ast-hfb-below-header-display":"","ast-hfb-mobile-header-display":"","site-post-title":"","ast-breadcrumbs-content":"","ast-featured-img":"","footer-sml-layout":"","theme-transparent-header-meta":"default","adv-header-id-meta":"","stick-header-meta":"","header-above-stick-meta":"","header-main-stick-meta":"","header-below-stick-meta":"","astra-migrate-meta-layouts":"set","ast-page-background-enabled":"default","ast-page-background-meta":{"desktop":{"background-color":"var(--ast-global-color-4)","background-image":"","background-repeat":"repeat","background-position":"center center","background-size":"auto","background-attachment":"scroll","background-type":"","background-media":"","overlay-type":"","overlay-color":"","overlay-opacity":"","overlay-gradient":""},"tablet":{"background-color":"","background-image":"","background-repeat":"repeat","background-position":"center center","background-size":"auto","background-attachment":"scroll","background-type":"","background-media":"","overlay-type":"","overlay-color":"","overlay-opacity":"","overlay-gradient":""},"mobile":{"background-color":"","background-image":"","background-repeat":"repeat","background-position":"center center","background-size":"auto","background-attachment":"scroll","background-type":"","background-media":"","overlay-type":"","overlay-color":"","overlay-opacity":"","overlay-gradient":""}},"ast-content-background-meta":{"desktop":{"background-color":"var(--ast-global-color-5)","background-image":"","background-repeat":"repeat","background-position":"center center","background-size":"auto","background-attachment":"scroll","background-type":"","background-media":"","overlay-type":"","overlay-color":"","overlay-opacity":"","overlay-gradient":""},"tablet":{"background-color":"var(--ast-global-color-5)","background-image":"","background-repeat":"repeat","background-position":"center center","background-size":"auto","background-attachment":"scroll","background-type":"","background-media":"","overlay-type":"","overlay-color":"","overlay-opacity":"","overlay-gradient":""},"mobile":{"background-color":"var(--ast-global-color-5)","background-image":"","background-repeat":"repeat","background-position":"center center","background-size":"auto","background-attachment":"scroll","background-type":"","background-media":"","overlay-type":"","overlay-color":"","overlay-opacity":"","overlay-gradient":""}},"ngg_post_thumbnail":0,"footnotes":""},"class_list":["post-384","page","type-page","status-publish","hentry"],"_links":{"self":[{"href":"https:\/\/www2.unifap.br\/matematica\/index.php?rest_route=\/wp\/v2\/pages\/384","targetHints":{"allow":["GET"]}}],"collection":[{"href":"https:\/\/www2.unifap.br\/matematica\/index.php?rest_route=\/wp\/v2\/pages"}],"about":[{"href":"https:\/\/www2.unifap.br\/matematica\/index.php?rest_route=\/wp\/v2\/types\/page"}],"author":[{"embeddable":true,"href":"https:\/\/www2.unifap.br\/matematica\/index.php?rest_route=\/wp\/v2\/users\/363"}],"replies":[{"embeddable":true,"href":"https:\/\/www2.unifap.br\/matematica\/index.php?rest_route=%2Fwp%2Fv2%2Fcomments&post=384"}],"version-history":[{"count":18,"href":"https:\/\/www2.unifap.br\/matematica\/index.php?rest_route=\/wp\/v2\/pages\/384\/revisions"}],"predecessor-version":[{"id":5947,"href":"https:\/\/www2.unifap.br\/matematica\/index.php?rest_route=\/wp\/v2\/pages\/384\/revisions\/5947"}],"up":[{"embeddable":true,"href":"https:\/\/www2.unifap.br\/matematica\/index.php?rest_route=\/wp\/v2\/pages\/4807"}],"wp:attachment":[{"href":"https:\/\/www2.unifap.br\/matematica\/index.php?rest_route=%2Fwp%2Fv2%2Fmedia&parent=384"}],"curies":[{"name":"wp","href":"https:\/\/api.w.org\/{rel}","templated":true}]}}