{"id":4280,"date":"2018-12-05T18:06:05","date_gmt":"2018-12-05T18:06:05","guid":{"rendered":"http:\/\/www2.unifap.br\/matematica\/?page_id=4280"},"modified":"2018-12-06T02:27:33","modified_gmt":"2018-12-06T02:27:33","slug":"13o-ciclo-de-defesas-de-tccs-de-matematica","status":"publish","type":"page","link":"https:\/\/www2.unifap.br\/matematica\/?page_id=4280","title":{"rendered":"13\u00ba Ciclo de Defesas de Tcc&#8217;s de Matem\u00e1tica"},"content":{"rendered":"<h3 style=\"text-align: justify\"><strong>Nos dias 26 a 29 de novembro de 2018 foi realizado o XIII Ciclo de Defesas de TCC da Matem\u00e1tica (CDTM). Nesta ocasi\u00e3o, ocorreram defesas de TCCs da Gradua\u00e7\u00e3o e da P\u00f3s-Gradua\u00e7\u00e3o, al\u00e9m de palestras sobre os mais variados temas da matem\u00e1tica pura e aplicada ministradas por professores e acad\u00eamicos do curso de Matem\u00e1tica.<\/strong><\/h3>\n<h3 style=\"text-align: justify\"><strong>O CDTM \u00e9 um evento que tem por objetivo divulgar os trabalhos de conclus\u00e3o de curso dos acad\u00eamicos do colegiado de Licenciatura em Matem\u00e1tica. O evento visa principalmente \u00e0 exposi\u00e7\u00e3o dos trabalhos realizados para os demais acad\u00eamicos e a prepara\u00e7\u00e3o destes para uma oportuna ocasi\u00e3o. Al\u00e9m disso, uma das estrat\u00e9gias do ciclo \u00e9 promover a intera\u00e7\u00e3o entre os alunos do curso e de \u00e1reas afins, de forma que a Matem\u00e1tica seja vista, ouvida, discutida e posteriormente divulgada para ganhar ainda mais adeptos.<\/strong><\/h3>\n<h3 style=\"text-align: justify\"><strong>Os organizadores do evento agradecem a participa\u00e7\u00e3o de toda a comunidade acad\u00eamica que se fizeram presentes no XIII CDTM. <\/strong><\/h3>\n<h3 style=\"text-align: justify\"><strong>Fotos do evento:<\/strong><\/h3>\n<div id='gallery-1' class='gallery galleryid-4280 gallery-columns-3 gallery-size-thumbnail'><figure class='gallery-item'>\n\t\t\t<div class='gallery-icon landscape'>\n\t\t\t\t<a href='https:\/\/www2.unifap.br\/matematica\/?attachment_id=4281'><img decoding=\"async\" width=\"150\" height=\"150\" src=\"https:\/\/www2.unifap.br\/matematica\/files\/2018\/12\/IMG_20181119_103510-150x150.jpg\" class=\"attachment-thumbnail size-thumbnail\" alt=\"\" srcset=\"https:\/\/www2.unifap.br\/matematica\/files\/2018\/12\/IMG_20181119_103510-150x150.jpg 150w, https:\/\/www2.unifap.br\/matematica\/files\/2018\/12\/IMG_20181119_103510-70x70.jpg 70w\" sizes=\"(max-width: 150px) 100vw, 150px\" \/><\/a>\n\t\t\t<\/div><\/figure><figure class='gallery-item'>\n\t\t\t<div class='gallery-icon landscape'>\n\t\t\t\t<a href='https:\/\/www2.unifap.br\/matematica\/?attachment_id=4282'><img decoding=\"async\" width=\"150\" height=\"150\" src=\"https:\/\/www2.unifap.br\/matematica\/files\/2018\/12\/IMG_20181126_090322-150x150.jpg\" class=\"attachment-thumbnail size-thumbnail\" alt=\"\" srcset=\"https:\/\/www2.unifap.br\/matematica\/files\/2018\/12\/IMG_20181126_090322-150x150.jpg 150w, https:\/\/www2.unifap.br\/matematica\/files\/2018\/12\/IMG_20181126_090322-70x70.jpg 70w\" sizes=\"(max-width: 150px) 100vw, 150px\" \/><\/a>\n\t\t\t<\/div><\/figure><figure class='gallery-item'>\n\t\t\t<div class='gallery-icon landscape'>\n\t\t\t\t<a href='https:\/\/www2.unifap.br\/matematica\/?attachment_id=4283'><img decoding=\"async\" width=\"150\" height=\"150\" src=\"https:\/\/www2.unifap.br\/matematica\/files\/2018\/12\/IMG_20181126_090829-150x150.jpg\" class=\"attachment-thumbnail size-thumbnail\" alt=\"\" srcset=\"https:\/\/www2.unifap.br\/matematica\/files\/2018\/12\/IMG_20181126_090829-150x150.jpg 150w, https:\/\/www2.unifap.br\/matematica\/files\/2018\/12\/IMG_20181126_090829-70x70.jpg 70w\" sizes=\"(max-width: 150px) 100vw, 150px\" \/><\/a>\n\t\t\t<\/div><\/figure><figure class='gallery-item'>\n\t\t\t<div class='gallery-icon landscape'>\n\t\t\t\t<a href='https:\/\/www2.unifap.br\/matematica\/?attachment_id=4284'><img loading=\"lazy\" decoding=\"async\" width=\"150\" height=\"150\" src=\"https:\/\/www2.unifap.br\/matematica\/files\/2018\/12\/IMG_20181126_090833-150x150.jpg\" class=\"attachment-thumbnail size-thumbnail\" alt=\"\" srcset=\"https:\/\/www2.unifap.br\/matematica\/files\/2018\/12\/IMG_20181126_090833-150x150.jpg 150w, https:\/\/www2.unifap.br\/matematica\/files\/2018\/12\/IMG_20181126_090833-70x70.jpg 70w\" sizes=\"(max-width: 150px) 100vw, 150px\" \/><\/a>\n\t\t\t<\/div><\/figure><figure class='gallery-item'>\n\t\t\t<div class='gallery-icon landscape'>\n\t\t\t\t<a href='https:\/\/www2.unifap.br\/matematica\/?attachment_id=4285'><img loading=\"lazy\" decoding=\"async\" width=\"150\" height=\"150\" src=\"https:\/\/www2.unifap.br\/matematica\/files\/2018\/12\/IMG_20181126_113306-150x150.jpg\" class=\"attachment-thumbnail size-thumbnail\" alt=\"\" srcset=\"https:\/\/www2.unifap.br\/matematica\/files\/2018\/12\/IMG_20181126_113306-150x150.jpg 150w, https:\/\/www2.unifap.br\/matematica\/files\/2018\/12\/IMG_20181126_113306-70x70.jpg 70w\" sizes=\"(max-width: 150px) 100vw, 150px\" \/><\/a>\n\t\t\t<\/div><\/figure><figure class='gallery-item'>\n\t\t\t<div class='gallery-icon landscape'>\n\t\t\t\t<a href='https:\/\/www2.unifap.br\/matematica\/?attachment_id=4286'><img loading=\"lazy\" decoding=\"async\" width=\"150\" height=\"150\" src=\"https:\/\/www2.unifap.br\/matematica\/files\/2018\/12\/IMG_20181126_173035-150x150.jpg\" class=\"attachment-thumbnail size-thumbnail\" alt=\"\" srcset=\"https:\/\/www2.unifap.br\/matematica\/files\/2018\/12\/IMG_20181126_173035-150x150.jpg 150w, https:\/\/www2.unifap.br\/matematica\/files\/2018\/12\/IMG_20181126_173035-70x70.jpg 70w\" sizes=\"(max-width: 150px) 100vw, 150px\" \/><\/a>\n\t\t\t<\/div><\/figure><figure class='gallery-item'>\n\t\t\t<div class='gallery-icon landscape'>\n\t\t\t\t<a href='https:\/\/www2.unifap.br\/matematica\/?attachment_id=4287'><img loading=\"lazy\" decoding=\"async\" width=\"150\" height=\"150\" src=\"https:\/\/www2.unifap.br\/matematica\/files\/2018\/12\/IMG_20181126_184005-150x150.jpg\" class=\"attachment-thumbnail size-thumbnail\" alt=\"\" srcset=\"https:\/\/www2.unifap.br\/matematica\/files\/2018\/12\/IMG_20181126_184005-150x150.jpg 150w, https:\/\/www2.unifap.br\/matematica\/files\/2018\/12\/IMG_20181126_184005-70x70.jpg 70w\" sizes=\"(max-width: 150px) 100vw, 150px\" \/><\/a>\n\t\t\t<\/div><\/figure><figure class='gallery-item'>\n\t\t\t<div class='gallery-icon landscape'>\n\t\t\t\t<a href='https:\/\/www2.unifap.br\/matematica\/?attachment_id=4288'><img loading=\"lazy\" decoding=\"async\" width=\"150\" height=\"150\" src=\"https:\/\/www2.unifap.br\/matematica\/files\/2018\/12\/IMG_20181127_095632-150x150.jpg\" class=\"attachment-thumbnail size-thumbnail\" alt=\"\" srcset=\"https:\/\/www2.unifap.br\/matematica\/files\/2018\/12\/IMG_20181127_095632-150x150.jpg 150w, https:\/\/www2.unifap.br\/matematica\/files\/2018\/12\/IMG_20181127_095632-70x70.jpg 70w\" sizes=\"(max-width: 150px) 100vw, 150px\" \/><\/a>\n\t\t\t<\/div><\/figure><figure class='gallery-item'>\n\t\t\t<div class='gallery-icon landscape'>\n\t\t\t\t<a href='https:\/\/www2.unifap.br\/matematica\/?attachment_id=4289'><img loading=\"lazy\" decoding=\"async\" width=\"150\" height=\"150\" src=\"https:\/\/www2.unifap.br\/matematica\/files\/2018\/12\/IMG_20181127_114419-150x150.jpg\" class=\"attachment-thumbnail size-thumbnail\" alt=\"\" srcset=\"https:\/\/www2.unifap.br\/matematica\/files\/2018\/12\/IMG_20181127_114419-150x150.jpg 150w, https:\/\/www2.unifap.br\/matematica\/files\/2018\/12\/IMG_20181127_114419-70x70.jpg 70w\" sizes=\"(max-width: 150px) 100vw, 150px\" \/><\/a>\n\t\t\t<\/div><\/figure><figure class='gallery-item'>\n\t\t\t<div class='gallery-icon landscape'>\n\t\t\t\t<a href='https:\/\/www2.unifap.br\/matematica\/?attachment_id=4290'><img loading=\"lazy\" decoding=\"async\" width=\"150\" height=\"150\" src=\"https:\/\/www2.unifap.br\/matematica\/files\/2018\/12\/IMG_20181127_141102-150x150.jpg\" class=\"attachment-thumbnail size-thumbnail\" alt=\"\" srcset=\"https:\/\/www2.unifap.br\/matematica\/files\/2018\/12\/IMG_20181127_141102-150x150.jpg 150w, https:\/\/www2.unifap.br\/matematica\/files\/2018\/12\/IMG_20181127_141102-70x70.jpg 70w\" sizes=\"(max-width: 150px) 100vw, 150px\" \/><\/a>\n\t\t\t<\/div><\/figure><figure class='gallery-item'>\n\t\t\t<div class='gallery-icon landscape'>\n\t\t\t\t<a href='https:\/\/www2.unifap.br\/matematica\/?attachment_id=4291'><img loading=\"lazy\" decoding=\"async\" width=\"150\" height=\"150\" src=\"https:\/\/www2.unifap.br\/matematica\/files\/2018\/12\/IMG_20181127_143030-150x150.jpg\" class=\"attachment-thumbnail size-thumbnail\" alt=\"\" srcset=\"https:\/\/www2.unifap.br\/matematica\/files\/2018\/12\/IMG_20181127_143030-150x150.jpg 150w, https:\/\/www2.unifap.br\/matematica\/files\/2018\/12\/IMG_20181127_143030-70x70.jpg 70w\" sizes=\"(max-width: 150px) 100vw, 150px\" \/><\/a>\n\t\t\t<\/div><\/figure><figure class='gallery-item'>\n\t\t\t<div class='gallery-icon landscape'>\n\t\t\t\t<a href='https:\/\/www2.unifap.br\/matematica\/?attachment_id=4292'><img loading=\"lazy\" decoding=\"async\" width=\"150\" height=\"150\" src=\"https:\/\/www2.unifap.br\/matematica\/files\/2018\/12\/IMG_20181127_143035-150x150.jpg\" class=\"attachment-thumbnail size-thumbnail\" alt=\"\" srcset=\"https:\/\/www2.unifap.br\/matematica\/files\/2018\/12\/IMG_20181127_143035-150x150.jpg 150w, https:\/\/www2.unifap.br\/matematica\/files\/2018\/12\/IMG_20181127_143035-70x70.jpg 70w\" sizes=\"(max-width: 150px) 100vw, 150px\" \/><\/a>\n\t\t\t<\/div><\/figure><figure class='gallery-item'>\n\t\t\t<div class='gallery-icon landscape'>\n\t\t\t\t<a href='https:\/\/www2.unifap.br\/matematica\/?attachment_id=4293'><img loading=\"lazy\" decoding=\"async\" width=\"150\" height=\"150\" src=\"https:\/\/www2.unifap.br\/matematica\/files\/2018\/12\/IMG_20181127_151411-150x150.jpg\" class=\"attachment-thumbnail size-thumbnail\" alt=\"\" srcset=\"https:\/\/www2.unifap.br\/matematica\/files\/2018\/12\/IMG_20181127_151411-150x150.jpg 150w, https:\/\/www2.unifap.br\/matematica\/files\/2018\/12\/IMG_20181127_151411-70x70.jpg 70w\" sizes=\"(max-width: 150px) 100vw, 150px\" \/><\/a>\n\t\t\t<\/div><\/figure><figure class='gallery-item'>\n\t\t\t<div class='gallery-icon landscape'>\n\t\t\t\t<a href='https:\/\/www2.unifap.br\/matematica\/?attachment_id=4294'><img loading=\"lazy\" decoding=\"async\" width=\"150\" height=\"150\" src=\"https:\/\/www2.unifap.br\/matematica\/files\/2018\/12\/IMG_20181127_160856-150x150.jpg\" class=\"attachment-thumbnail size-thumbnail\" alt=\"\" srcset=\"https:\/\/www2.unifap.br\/matematica\/files\/2018\/12\/IMG_20181127_160856-150x150.jpg 150w, https:\/\/www2.unifap.br\/matematica\/files\/2018\/12\/IMG_20181127_160856-70x70.jpg 70w\" sizes=\"(max-width: 150px) 100vw, 150px\" \/><\/a>\n\t\t\t<\/div><\/figure><figure class='gallery-item'>\n\t\t\t<div class='gallery-icon landscape'>\n\t\t\t\t<a href='https:\/\/www2.unifap.br\/matematica\/?attachment_id=4295'><img loading=\"lazy\" decoding=\"async\" width=\"150\" height=\"150\" src=\"https:\/\/www2.unifap.br\/matematica\/files\/2018\/12\/IMG_20181127_164312-150x150.jpg\" class=\"attachment-thumbnail size-thumbnail\" alt=\"\" srcset=\"https:\/\/www2.unifap.br\/matematica\/files\/2018\/12\/IMG_20181127_164312-150x150.jpg 150w, https:\/\/www2.unifap.br\/matematica\/files\/2018\/12\/IMG_20181127_164312-70x70.jpg 70w\" sizes=\"(max-width: 150px) 100vw, 150px\" \/><\/a>\n\t\t\t<\/div><\/figure><figure class='gallery-item'>\n\t\t\t<div class='gallery-icon landscape'>\n\t\t\t\t<a href='https:\/\/www2.unifap.br\/matematica\/?attachment_id=4296'><img loading=\"lazy\" decoding=\"async\" width=\"150\" height=\"150\" src=\"https:\/\/www2.unifap.br\/matematica\/files\/2018\/12\/IMG_20181127_165555-150x150.jpg\" class=\"attachment-thumbnail size-thumbnail\" alt=\"\" srcset=\"https:\/\/www2.unifap.br\/matematica\/files\/2018\/12\/IMG_20181127_165555-150x150.jpg 150w, https:\/\/www2.unifap.br\/matematica\/files\/2018\/12\/IMG_20181127_165555-70x70.jpg 70w\" sizes=\"(max-width: 150px) 100vw, 150px\" \/><\/a>\n\t\t\t<\/div><\/figure><figure class='gallery-item'>\n\t\t\t<div class='gallery-icon landscape'>\n\t\t\t\t<a href='https:\/\/www2.unifap.br\/matematica\/?attachment_id=4297'><img loading=\"lazy\" decoding=\"async\" width=\"150\" height=\"150\" src=\"https:\/\/www2.unifap.br\/matematica\/files\/2018\/12\/IMG_20181127_171539-150x150.jpg\" class=\"attachment-thumbnail size-thumbnail\" alt=\"\" srcset=\"https:\/\/www2.unifap.br\/matematica\/files\/2018\/12\/IMG_20181127_171539-150x150.jpg 150w, https:\/\/www2.unifap.br\/matematica\/files\/2018\/12\/IMG_20181127_171539-70x70.jpg 70w\" sizes=\"(max-width: 150px) 100vw, 150px\" \/><\/a>\n\t\t\t<\/div><\/figure><figure class='gallery-item'>\n\t\t\t<div class='gallery-icon landscape'>\n\t\t\t\t<a href='https:\/\/www2.unifap.br\/matematica\/?attachment_id=4298'><img loading=\"lazy\" decoding=\"async\" width=\"150\" height=\"150\" src=\"https:\/\/www2.unifap.br\/matematica\/files\/2018\/12\/IMG_20181128_101644-150x150.jpg\" class=\"attachment-thumbnail size-thumbnail\" alt=\"\" srcset=\"https:\/\/www2.unifap.br\/matematica\/files\/2018\/12\/IMG_20181128_101644-150x150.jpg 150w, https:\/\/www2.unifap.br\/matematica\/files\/2018\/12\/IMG_20181128_101644-70x70.jpg 70w\" sizes=\"(max-width: 150px) 100vw, 150px\" \/><\/a>\n\t\t\t<\/div><\/figure><figure class='gallery-item'>\n\t\t\t<div class='gallery-icon landscape'>\n\t\t\t\t<a href='https:\/\/www2.unifap.br\/matematica\/?attachment_id=4299'><img loading=\"lazy\" decoding=\"async\" width=\"150\" height=\"150\" src=\"https:\/\/www2.unifap.br\/matematica\/files\/2018\/12\/IMG_20181128_103448-150x150.jpg\" class=\"attachment-thumbnail size-thumbnail\" alt=\"\" srcset=\"https:\/\/www2.unifap.br\/matematica\/files\/2018\/12\/IMG_20181128_103448-150x150.jpg 150w, https:\/\/www2.unifap.br\/matematica\/files\/2018\/12\/IMG_20181128_103448-70x70.jpg 70w\" sizes=\"(max-width: 150px) 100vw, 150px\" \/><\/a>\n\t\t\t<\/div><\/figure><figure class='gallery-item'>\n\t\t\t<div class='gallery-icon landscape'>\n\t\t\t\t<a href='https:\/\/www2.unifap.br\/matematica\/?attachment_id=4300'><img loading=\"lazy\" decoding=\"async\" width=\"150\" height=\"150\" src=\"https:\/\/www2.unifap.br\/matematica\/files\/2018\/12\/IMG_20181128_112505-150x150.jpg\" class=\"attachment-thumbnail size-thumbnail\" alt=\"\" srcset=\"https:\/\/www2.unifap.br\/matematica\/files\/2018\/12\/IMG_20181128_112505-150x150.jpg 150w, https:\/\/www2.unifap.br\/matematica\/files\/2018\/12\/IMG_20181128_112505-70x70.jpg 70w\" sizes=\"(max-width: 150px) 100vw, 150px\" \/><\/a>\n\t\t\t<\/div><\/figure><figure class='gallery-item'>\n\t\t\t<div class='gallery-icon landscape'>\n\t\t\t\t<a href='https:\/\/www2.unifap.br\/matematica\/?attachment_id=4301'><img loading=\"lazy\" decoding=\"async\" width=\"150\" height=\"150\" src=\"https:\/\/www2.unifap.br\/matematica\/files\/2018\/12\/IMG_20181128_143712-150x150.jpg\" class=\"attachment-thumbnail size-thumbnail\" alt=\"\" srcset=\"https:\/\/www2.unifap.br\/matematica\/files\/2018\/12\/IMG_20181128_143712-150x150.jpg 150w, https:\/\/www2.unifap.br\/matematica\/files\/2018\/12\/IMG_20181128_143712-70x70.jpg 70w\" sizes=\"(max-width: 150px) 100vw, 150px\" \/><\/a>\n\t\t\t<\/div><\/figure><figure class='gallery-item'>\n\t\t\t<div class='gallery-icon landscape'>\n\t\t\t\t<a href='https:\/\/www2.unifap.br\/matematica\/?attachment_id=4302'><img loading=\"lazy\" decoding=\"async\" width=\"150\" height=\"150\" src=\"https:\/\/www2.unifap.br\/matematica\/files\/2018\/12\/IMG_20181128_170902-150x150.jpg\" class=\"attachment-thumbnail size-thumbnail\" alt=\"\" srcset=\"https:\/\/www2.unifap.br\/matematica\/files\/2018\/12\/IMG_20181128_170902-150x150.jpg 150w, https:\/\/www2.unifap.br\/matematica\/files\/2018\/12\/IMG_20181128_170902-70x70.jpg 70w\" sizes=\"(max-width: 150px) 100vw, 150px\" \/><\/a>\n\t\t\t<\/div><\/figure><figure class='gallery-item'>\n\t\t\t<div class='gallery-icon landscape'>\n\t\t\t\t<a href='https:\/\/www2.unifap.br\/matematica\/?attachment_id=4303'><img loading=\"lazy\" decoding=\"async\" width=\"150\" height=\"150\" src=\"https:\/\/www2.unifap.br\/matematica\/files\/2018\/12\/IMG_20181129_094616-150x150.jpg\" class=\"attachment-thumbnail size-thumbnail\" alt=\"\" srcset=\"https:\/\/www2.unifap.br\/matematica\/files\/2018\/12\/IMG_20181129_094616-150x150.jpg 150w, https:\/\/www2.unifap.br\/matematica\/files\/2018\/12\/IMG_20181129_094616-70x70.jpg 70w\" sizes=\"(max-width: 150px) 100vw, 150px\" \/><\/a>\n\t\t\t<\/div><\/figure><figure class='gallery-item'>\n\t\t\t<div class='gallery-icon landscape'>\n\t\t\t\t<a href='https:\/\/www2.unifap.br\/matematica\/?attachment_id=4304'><img loading=\"lazy\" decoding=\"async\" width=\"150\" height=\"150\" src=\"https:\/\/www2.unifap.br\/matematica\/files\/2018\/12\/IMG_20181129_094806-150x150.jpg\" class=\"attachment-thumbnail size-thumbnail\" alt=\"\" srcset=\"https:\/\/www2.unifap.br\/matematica\/files\/2018\/12\/IMG_20181129_094806-150x150.jpg 150w, https:\/\/www2.unifap.br\/matematica\/files\/2018\/12\/IMG_20181129_094806-70x70.jpg 70w\" sizes=\"(max-width: 150px) 100vw, 150px\" \/><\/a>\n\t\t\t<\/div><\/figure><figure class='gallery-item'>\n\t\t\t<div class='gallery-icon landscape'>\n\t\t\t\t<a href='https:\/\/www2.unifap.br\/matematica\/?attachment_id=4305'><img loading=\"lazy\" decoding=\"async\" width=\"150\" height=\"150\" src=\"https:\/\/www2.unifap.br\/matematica\/files\/2018\/12\/IMG_20181129_094950-150x150.jpg\" class=\"attachment-thumbnail size-thumbnail\" alt=\"\" srcset=\"https:\/\/www2.unifap.br\/matematica\/files\/2018\/12\/IMG_20181129_094950-150x150.jpg 150w, https:\/\/www2.unifap.br\/matematica\/files\/2018\/12\/IMG_20181129_094950-70x70.jpg 70w\" sizes=\"(max-width: 150px) 100vw, 150px\" \/><\/a>\n\t\t\t<\/div><\/figure><figure class='gallery-item'>\n\t\t\t<div class='gallery-icon landscape'>\n\t\t\t\t<a href='https:\/\/www2.unifap.br\/matematica\/?attachment_id=4306'><img loading=\"lazy\" decoding=\"async\" width=\"150\" height=\"150\" src=\"https:\/\/www2.unifap.br\/matematica\/files\/2018\/12\/IMG_20181129_115619-150x150.jpg\" class=\"attachment-thumbnail size-thumbnail\" alt=\"\" srcset=\"https:\/\/www2.unifap.br\/matematica\/files\/2018\/12\/IMG_20181129_115619-150x150.jpg 150w, https:\/\/www2.unifap.br\/matematica\/files\/2018\/12\/IMG_20181129_115619-70x70.jpg 70w\" sizes=\"(max-width: 150px) 100vw, 150px\" \/><\/a>\n\t\t\t<\/div><\/figure><figure class='gallery-item'>\n\t\t\t<div class='gallery-icon landscape'>\n\t\t\t\t<a href='https:\/\/www2.unifap.br\/matematica\/?attachment_id=4307'><img loading=\"lazy\" decoding=\"async\" width=\"150\" height=\"150\" src=\"https:\/\/www2.unifap.br\/matematica\/files\/2018\/12\/IMG_20181129_116336-150x150.jpg\" class=\"attachment-thumbnail size-thumbnail\" alt=\"\" srcset=\"https:\/\/www2.unifap.br\/matematica\/files\/2018\/12\/IMG_20181129_116336-150x150.jpg 150w, https:\/\/www2.unifap.br\/matematica\/files\/2018\/12\/IMG_20181129_116336-70x70.jpg 70w\" sizes=\"(max-width: 150px) 100vw, 150px\" \/><\/a>\n\t\t\t<\/div><\/figure><figure class='gallery-item'>\n\t\t\t<div class='gallery-icon landscape'>\n\t\t\t\t<a href='https:\/\/www2.unifap.br\/matematica\/?attachment_id=4308'><img loading=\"lazy\" decoding=\"async\" width=\"150\" height=\"150\" src=\"https:\/\/www2.unifap.br\/matematica\/files\/2018\/12\/IMG_20181129_141357-150x150.jpg\" class=\"attachment-thumbnail size-thumbnail\" alt=\"\" srcset=\"https:\/\/www2.unifap.br\/matematica\/files\/2018\/12\/IMG_20181129_141357-150x150.jpg 150w, https:\/\/www2.unifap.br\/matematica\/files\/2018\/12\/IMG_20181129_141357-70x70.jpg 70w\" sizes=\"(max-width: 150px) 100vw, 150px\" \/><\/a>\n\t\t\t<\/div><\/figure><figure class='gallery-item'>\n\t\t\t<div class='gallery-icon landscape'>\n\t\t\t\t<a href='https:\/\/www2.unifap.br\/matematica\/?attachment_id=4309'><img loading=\"lazy\" decoding=\"async\" width=\"150\" height=\"150\" src=\"https:\/\/www2.unifap.br\/matematica\/files\/2018\/12\/IMG_20181129_142422-150x150.jpg\" class=\"attachment-thumbnail size-thumbnail\" alt=\"\" srcset=\"https:\/\/www2.unifap.br\/matematica\/files\/2018\/12\/IMG_20181129_142422-150x150.jpg 150w, https:\/\/www2.unifap.br\/matematica\/files\/2018\/12\/IMG_20181129_142422-70x70.jpg 70w\" sizes=\"(max-width: 150px) 100vw, 150px\" \/><\/a>\n\t\t\t<\/div><\/figure>\n\t\t<\/div>\n\n","protected":false},"excerpt":{"rendered":"<p>Nos dias 26 a 29 de novembro de 2018 foi realizado o XIII Ciclo de Defesas de TCC da Matem\u00e1tica (CDTM). Nesta ocasi\u00e3o, ocorreram defesas de TCCs da Gradua\u00e7\u00e3o e da P\u00f3s-Gradua\u00e7\u00e3o, al\u00e9m de palestras sobre os mais variados temas da matem\u00e1tica pura e aplicada ministradas por professores e acad\u00eamicos do curso de Matem\u00e1tica. O&#8230;<\/p>\n","protected":false},"author":2067,"featured_media":0,"parent":308,"menu_order":0,"comment_status":"open","ping_status":"open","template":"","meta":{"inline_featured_image":false,"site-sidebar-layout":"default","site-content-layout":"","ast-site-content-layout":"default","site-content-style":"default","site-sidebar-style":"default","ast-global-header-display":"","ast-banner-title-visibility":"","ast-main-header-display":"","ast-hfb-above-header-display":"","ast-hfb-below-header-display":"","ast-hfb-mobile-header-display":"","site-post-title":"","ast-breadcrumbs-content":"","ast-featured-img":"","footer-sml-layout":"","theme-transparent-header-meta":"","adv-header-id-meta":"","stick-header-meta":"","header-above-stick-meta":"","header-main-stick-meta":"","header-below-stick-meta":"","astra-migrate-meta-layouts":"default","ast-page-background-enabled":"default","ast-page-background-meta":{"desktop":{"background-color":"var(--ast-global-color-4)","background-image":"","background-repeat":"repeat","background-position":"center center","background-size":"auto","background-attachment":"scroll","background-type":"","background-media":"","overlay-type":"","overlay-color":"","overlay-opacity":"","overlay-gradient":""},"tablet":{"background-color":"","background-image":"","background-repeat":"repeat","background-position":"center center","background-size":"auto","background-attachment":"scroll","background-type":"","background-media":"","overlay-type":"","overlay-color":"","overlay-opacity":"","overlay-gradient":""},"mobile":{"background-color":"","background-image":"","background-repeat":"repeat","background-position":"center center","background-size":"auto","background-attachment":"scroll","background-type":"","background-media":"","overlay-type":"","overlay-color":"","overlay-opacity":"","overlay-gradient":""}},"ast-content-background-meta":{"desktop":{"background-color":"var(--ast-global-color-5)","background-image":"","background-repeat":"repeat","background-position":"center center","background-size":"auto","background-attachment":"scroll","background-type":"","background-media":"","overlay-type":"","overlay-color":"","overlay-opacity":"","overlay-gradient":""},"tablet":{"background-color":"var(--ast-global-color-5)","background-image":"","background-repeat":"repeat","background-position":"center center","background-size":"auto","background-attachment":"scroll","background-type":"","background-media":"","overlay-type":"","overlay-color":"","overlay-opacity":"","overlay-gradient":""},"mobile":{"background-color":"var(--ast-global-color-5)","background-image":"","background-repeat":"repeat","background-position":"center center","background-size":"auto","background-attachment":"scroll","background-type":"","background-media":"","overlay-type":"","overlay-color":"","overlay-opacity":"","overlay-gradient":""}},"ngg_post_thumbnail":0,"footnotes":""},"class_list":["post-4280","page","type-page","status-publish","hentry"],"_links":{"self":[{"href":"https:\/\/www2.unifap.br\/matematica\/index.php?rest_route=\/wp\/v2\/pages\/4280","targetHints":{"allow":["GET"]}}],"collection":[{"href":"https:\/\/www2.unifap.br\/matematica\/index.php?rest_route=\/wp\/v2\/pages"}],"about":[{"href":"https:\/\/www2.unifap.br\/matematica\/index.php?rest_route=\/wp\/v2\/types\/page"}],"author":[{"embeddable":true,"href":"https:\/\/www2.unifap.br\/matematica\/index.php?rest_route=\/wp\/v2\/users\/2067"}],"replies":[{"embeddable":true,"href":"https:\/\/www2.unifap.br\/matematica\/index.php?rest_route=%2Fwp%2Fv2%2Fcomments&post=4280"}],"version-history":[{"count":4,"href":"https:\/\/www2.unifap.br\/matematica\/index.php?rest_route=\/wp\/v2\/pages\/4280\/revisions"}],"predecessor-version":[{"id":4312,"href":"https:\/\/www2.unifap.br\/matematica\/index.php?rest_route=\/wp\/v2\/pages\/4280\/revisions\/4312"}],"up":[{"embeddable":true,"href":"https:\/\/www2.unifap.br\/matematica\/index.php?rest_route=\/wp\/v2\/pages\/308"}],"wp:attachment":[{"href":"https:\/\/www2.unifap.br\/matematica\/index.php?rest_route=%2Fwp%2Fv2%2Fmedia&parent=4280"}],"curies":[{"name":"wp","href":"https:\/\/api.w.org\/{rel}","templated":true}]}}