{"id":5152,"date":"2021-02-25T18:02:43","date_gmt":"2021-02-25T18:02:43","guid":{"rendered":"http:\/\/www2.unifap.br\/matematica\/?page_id=5152"},"modified":"2021-02-25T18:02:43","modified_gmt":"2021-02-25T18:02:43","slug":"tcc-2019","status":"publish","type":"page","link":"https:\/\/www2.unifap.br\/matematica\/?page_id=5152","title":{"rendered":"TCC 2019"},"content":{"rendered":"<div><strong>TCC-1<\/strong><\/div>\n<div><strong><em>T\u00edtulo: GEOMETRIA EUCLIDIANA E ESF\u00c9RICA: UMA ABORDAGEM&nbsp;COMPARATIVA<\/em><\/strong><\/div>\n<div><strong>Autor:&nbsp;JONATHA MATHAUS SANTOS DA SILVA<\/strong><\/div>\n<div><strong>Orientador: Dra.&nbsp;Simone de Almeida Delphim Leal<\/strong><\/div>\n<div><strong>Co-Orientador: Me. Neylan Leal Dias&nbsp;<\/strong><\/div>\n<div><strong>Banca: Dr. Erasmo Senger e Me. Edcarlos Vasconcelos da Silva<\/strong><\/div>\n<div><strong><a href=\"http:\/\/www2.unifap.br\/matematica\/files\/2021\/02\/1-201321450026_JONATHA-MATHAUS.pdf\">Link<\/a><\/strong><\/div>\n<div>&nbsp;<\/div>\n<div>\n<div><strong>TCC-2<\/strong><\/div>\n<div><strong><em>T\u00edtulo: T\u00d3PICOS INTRODUT\u00d3RIOS DO CORPO DOS <\/em><\/strong><strong>REAIS E ALGUMAS NO\u00c7\u00d5ES TOPOL\u00d3GICAS DA RETA<\/strong><\/div>\n<div><strong>Autor: DALSIVANIA DA SILVA GARCIA<\/strong><\/div>\n<div><strong>Orientador: Me. Marcel Lucas Pican\u00e7o Nascimento<\/strong><\/div>\n<div><strong>Banca: Me. Welber Aires de Oliveira e Dr. Guzm\u00e1n Eul\u00e1lio Isla Chamilco<\/strong><\/div>\n<\/div>\n<div><a href=\"http:\/\/www2.unifap.br\/matematica\/files\/2021\/02\/2-201521450011_DALSIVANIA-DA.pdf\"><strong>Link<\/strong><\/a><\/div>\n<div>&nbsp;<\/div>\n<div>\n<div><strong>TCC-3<\/strong><\/div>\n<div><strong><em>T\u00edtulo: MODELAGEM MATEM\u00c1TICA APLICADA AO&nbsp;MANEJO DE RECURSOS RENOV\u00c1VEIS<\/em><\/strong><\/div>\n<div><strong>Autor:&nbsp;ELIAQUIM NABIN SAMPAIO MATIAS<\/strong><\/div>\n<div><strong>Orientador: Dra.&nbsp;Simone de Almeida Delphim Leal<\/strong><\/div>\n<div><strong>Co-Orientador: Me. Neylan Leal Dias&nbsp;<\/strong><\/div>\n<div><strong>Banca:&nbsp;Dr. Erasmo Senger e Me. Sergio Barbosa de Miranda<\/strong><\/div>\n<\/div>\n<div><a href=\"http:\/\/www2.unifap.br\/matematica\/files\/2021\/02\/3-201521450012_ELIAQUIM-NABIN.pdf\"><strong>Link<\/strong><\/a><\/div>\n<div>&nbsp;<\/div>\n<div>\n<div><strong>TCC-4<\/strong><\/div>\n<div><strong><em>T\u00edtulo: UM ESTUDO APLICADO DAS GEOMETRIAS&nbsp;HIPERB\u00d3LICA E ESF\u00c9RICA<\/em><\/strong><\/div>\n<div><strong>Autor: NAZAR\u00c9 FARIAS BRAZ\u00c3O<\/strong><\/div>\n<div><strong>Orientador: Dra.&nbsp;Simone de Almeida Delphim Leal<\/strong><\/div>\n<div><strong>Co-Orientador: Me. Neylan Leal Dias&nbsp;<\/strong><\/div>\n<div><strong>Banca: Dr. Gilberl\u00e2ndio&nbsp;Jesus Dias e Me.&nbsp;Sergio Barbosa de Miranda<\/strong><\/div>\n<\/div>\n<div><a href=\"http:\/\/www2.unifap.br\/matematica\/files\/2021\/02\/4-201521450014_NAZARE-FARIAS.pdf\"><strong>Link<\/strong><\/a><\/div>\n<div>&nbsp;<\/div>\n<div>\n<div><strong>TCC-5<\/strong><\/div>\n<div><strong><em>T\u00edtulo:&nbsp;INTRODU\u00c7\u00c3O \u00c0 TOPOLOGIA GERAL<\/em><\/strong><\/div>\n<div><strong>Autor:&nbsp;RODRIGO DIOGO FIGUEIREDO MELO<\/strong><\/div>\n<div><strong>Orientador: Me. Kelmem da Cruz&nbsp;Barroso<\/strong><\/div>\n<div><strong>Banca: Dr. \u00cdtalo Bruno Mendes Duarte e Me.&nbsp;Marcel Lucas Pican\u00e7o Nascimento<\/strong><\/div>\n<\/div>\n<div><a href=\"http:\/\/www2.unifap.br\/matematica\/files\/2021\/02\/5-201521450021_RODRIGO-DIOGO.pdf\"><strong>Link<\/strong><\/a><\/div>\n<div>&nbsp;<\/div>\n<div>\n<div><strong>TCC-6<\/strong><\/div>\n<div><strong><em>T\u00edtulo:&nbsp;A PRODU\u00c7\u00c3O CIENT\u00cdFICA NA LICENCIATURA:&nbsp;uma an\u00e1lise descritiva&nbsp;dos Trabalhos de Conclus\u00e3o de Curso de Matem\u00e1tica da UNIFAP<\/em><\/strong><\/div>\n<div><strong>Autor:&nbsp;CLEONAIA SILVA DE ALFAIA<\/strong><\/div>\n<div><strong>Orientador: Me. Jo\u00e3o Socorro Pinheiro Ferreira<\/strong><\/div>\n<div><strong>Banca: Ma. Elifaleth Rego Sabino e Me. Edcarlos Vasconcelos da Silva<\/strong><\/div>\n<\/div>\n<div><a href=\"http:\/\/www2.unifap.br\/matematica\/files\/2021\/02\/6-201621450019_CLEONAIA-SILVA.pdf\"><strong>Link<\/strong><\/a><\/div>\n<div>&nbsp;<\/div>\n<div>\n<div><strong>TCC-7<\/strong><\/div>\n<div><strong><em>T\u00edtulo:&nbsp;O TEOREMA DO PONTO FIXO DE BANACH E APLICA\u00c7\u00d5ES<\/em><\/strong><\/div>\n<div><strong>Autor:&nbsp;Ana Karoline dos Santos da Trindade<\/strong><\/div>\n<div><strong>Orientador: Dra.&nbsp;Simone de Almeida Delphim Leal<\/strong><\/div>\n<div><strong>Co-Orientador: Dr. \u00cdtalo Bruno Mendes Duarte<\/strong><\/div>\n<div><strong>Banca: Me. Kelmem da Cruz Barroso e Dr. Gilberl\u00e2ndio&nbsp;Jesus Dias<\/strong><\/div>\n<\/div>\n<div><a href=\"http:\/\/www2.unifap.br\/matematica\/files\/2021\/02\/7-201621450027_ANA-KAROLINE.pdf\"><strong>Link<\/strong><\/a><\/div>\n<div>&nbsp;<\/div>\n<div>\n<div><strong>TCC-8<\/strong><\/div>\n<div><strong><em>T\u00edtulo:&nbsp;MODELAGEM MATEM\u00c1TICA DO PROCESSO DE HIDR\u00d3LISE NA PRODU\u00c7\u00c3O DE BIOETANOL<\/em><\/strong><\/div>\n<div><strong>Autor:&nbsp;MATTHEUS LUSTOSA DE MELO MACHADO<\/strong><\/div>\n<div><strong>Orientador: Dr. Ranon de Souza Gomes<\/strong><\/div>\n<div><strong>Banca: Dr. Jos\u00e9 Walter C\u00e1rdenas Sotil e Me. R\u00f4mulo Lima da Gama<\/strong><\/div>\n<\/div>\n<div><a href=\"http:\/\/www2.unifap.br\/matematica\/files\/2021\/02\/8-201621450028_MATTHEUS-LUSTOSA.pdf\"><strong>Link<\/strong><\/a><\/div>\n<div>&nbsp;<\/div>\n<div>\n<div><strong>TCC-9<\/strong><\/div>\n<div><strong><em>T\u00edtulo:&nbsp;INTRODU\u00c7\u00c3O AS FUN\u00c7\u00d5ES DE VARI\u00c1VEL COMPLEXA E APLICA\u00c7\u00c3O NO TEOREMA FUNDAMENTAL DA \u00c1LGEBRA<\/em><\/strong><\/div>\n<div><strong>Autor:&nbsp;DANIEL MORAES DOS REIS<\/strong><\/div>\n<div><strong>Orientador: Me.&nbsp;Marcel Lucas Pican\u00e7o Nascimento<\/strong><\/div>\n<div><strong>Banca:&nbsp;Me. Kelmem da Cruz Barroso e&nbsp;Dr. Ranon de Souza Gomes<\/strong><\/div>\n<div><a href=\"http:\/\/www2.unifap.br\/matematica\/files\/2021\/02\/9-201621450034_DANIEL-MORAES.pdf\"><strong>Link<\/strong><\/a><\/div>\n<\/div>\n","protected":false},"excerpt":{"rendered":"<p>TCC-1 T\u00edtulo: GEOMETRIA EUCLIDIANA E ESF\u00c9RICA: UMA ABORDAGEM&nbsp;COMPARATIVA Autor:&nbsp;JONATHA MATHAUS SANTOS DA SILVA Orientador: Dra.&nbsp;Simone de Almeida Delphim Leal Co-Orientador: Me. Neylan Leal Dias&nbsp; Banca: Dr. Erasmo Senger e Me. Edcarlos Vasconcelos da Silva Link &nbsp; TCC-2 T\u00edtulo: T\u00d3PICOS INTRODUT\u00d3RIOS DO CORPO DOS REAIS E ALGUMAS NO\u00c7\u00d5ES TOPOL\u00d3GICAS DA RETA Autor: DALSIVANIA DA SILVA GARCIA&#8230;<\/p>\n","protected":false},"author":2067,"featured_media":0,"parent":889,"menu_order":0,"comment_status":"closed","ping_status":"closed","template":"","meta":{"inline_featured_image":false,"site-sidebar-layout":"default","site-content-layout":"","ast-site-content-layout":"default","site-content-style":"default","site-sidebar-style":"default","ast-global-header-display":"","ast-banner-title-visibility":"","ast-main-header-display":"","ast-hfb-above-header-display":"","ast-hfb-below-header-display":"","ast-hfb-mobile-header-display":"","site-post-title":"","ast-breadcrumbs-content":"","ast-featured-img":"","footer-sml-layout":"","theme-transparent-header-meta":"","adv-header-id-meta":"","stick-header-meta":"","header-above-stick-meta":"","header-main-stick-meta":"","header-below-stick-meta":"","astra-migrate-meta-layouts":"default","ast-page-background-enabled":"default","ast-page-background-meta":{"desktop":{"background-color":"var(--ast-global-color-4)","background-image":"","background-repeat":"repeat","background-position":"center center","background-size":"auto","background-attachment":"scroll","background-type":"","background-media":"","overlay-type":"","overlay-color":"","overlay-opacity":"","overlay-gradient":""},"tablet":{"background-color":"","background-image":"","background-repeat":"repeat","background-position":"center center","background-size":"auto","background-attachment":"scroll","background-type":"","background-media":"","overlay-type":"","overlay-color":"","overlay-opacity":"","overlay-gradient":""},"mobile":{"background-color":"","background-image":"","background-repeat":"repeat","background-position":"center center","background-size":"auto","background-attachment":"scroll","background-type":"","background-media":"","overlay-type":"","overlay-color":"","overlay-opacity":"","overlay-gradient":""}},"ast-content-background-meta":{"desktop":{"background-color":"var(--ast-global-color-5)","background-image":"","background-repeat":"repeat","background-position":"center center","background-size":"auto","background-attachment":"scroll","background-type":"","background-media":"","overlay-type":"","overlay-color":"","overlay-opacity":"","overlay-gradient":""},"tablet":{"background-color":"var(--ast-global-color-5)","background-image":"","background-repeat":"repeat","background-position":"center center","background-size":"auto","background-attachment":"scroll","background-type":"","background-media":"","overlay-type":"","overlay-color":"","overlay-opacity":"","overlay-gradient":""},"mobile":{"background-color":"var(--ast-global-color-5)","background-image":"","background-repeat":"repeat","background-position":"center center","background-size":"auto","background-attachment":"scroll","background-type":"","background-media":"","overlay-type":"","overlay-color":"","overlay-opacity":"","overlay-gradient":""}},"ngg_post_thumbnail":0,"footnotes":""},"class_list":["post-5152","page","type-page","status-publish","hentry"],"_links":{"self":[{"href":"https:\/\/www2.unifap.br\/matematica\/index.php?rest_route=\/wp\/v2\/pages\/5152","targetHints":{"allow":["GET"]}}],"collection":[{"href":"https:\/\/www2.unifap.br\/matematica\/index.php?rest_route=\/wp\/v2\/pages"}],"about":[{"href":"https:\/\/www2.unifap.br\/matematica\/index.php?rest_route=\/wp\/v2\/types\/page"}],"author":[{"embeddable":true,"href":"https:\/\/www2.unifap.br\/matematica\/index.php?rest_route=\/wp\/v2\/users\/2067"}],"replies":[{"embeddable":true,"href":"https:\/\/www2.unifap.br\/matematica\/index.php?rest_route=%2Fwp%2Fv2%2Fcomments&post=5152"}],"version-history":[{"count":5,"href":"https:\/\/www2.unifap.br\/matematica\/index.php?rest_route=\/wp\/v2\/pages\/5152\/revisions"}],"predecessor-version":[{"id":5166,"href":"https:\/\/www2.unifap.br\/matematica\/index.php?rest_route=\/wp\/v2\/pages\/5152\/revisions\/5166"}],"up":[{"embeddable":true,"href":"https:\/\/www2.unifap.br\/matematica\/index.php?rest_route=\/wp\/v2\/pages\/889"}],"wp:attachment":[{"href":"https:\/\/www2.unifap.br\/matematica\/index.php?rest_route=%2Fwp%2Fv2%2Fmedia&parent=5152"}],"curies":[{"name":"wp","href":"https:\/\/api.w.org\/{rel}","templated":true}]}}

<div><strong>TCC-1</strong></div>
<div><strong><em>Título: GEOMETRIA EUCLIDIANA E ESFÉRICA: UMA ABORDAGEM&nbsp;COMPARATIVA</em></strong></div>
<div><strong>Autor:&nbsp;JONATHA MATHAUS SANTOS DA SILVA</strong></div>
<div><strong>Orientador: Dra.&nbsp;Simone de Almeida Delphim Leal</strong></div>
<div><strong>Co-Orientador: Me. Neylan Leal Dias&nbsp;</strong></div>
<div><strong>Banca: Dr. Erasmo Senger e Me. Edcarlos Vasconcelos da Silva</strong></div>
<div><strong><a href="http://www2.unifap.br/matematica/files/2021/02/1-201321450026_JONATHA-MATHAUS.pdf">Link</a></strong></div>
<div>&nbsp;</div>
<div>
<div><strong>TCC-2</strong></div>
<div><strong><em>Título: TÓPICOS INTRODUTÓRIOS DO CORPO DOS </em></strong><strong>REAIS E ALGUMAS NOÇÕES TOPOLÓGICAS DA RETA</strong></div>
<div><strong>Autor: DALSIVANIA DA SILVA GARCIA</strong></div>
<div><strong>Orientador: Me. Marcel Lucas Picanço Nascimento</strong></div>
<div><strong>Banca: Me. Welber Aires de Oliveira e Dr. Guzmán Eulálio Isla Chamilco</strong></div>
</div>
<div><a href="http://www2.unifap.br/matematica/files/2021/02/2-201521450011_DALSIVANIA-DA.pdf"><strong>Link</strong></a></div>
<div>&nbsp;</div>
<div>
<div><strong>TCC-3</strong></div>
<div><strong><em>Título: MODELAGEM MATEMÁTICA APLICADA AO&nbsp;MANEJO DE RECURSOS RENOVÁVEIS</em></strong></div>
<div><strong>Autor:&nbsp;ELIAQUIM NABIN SAMPAIO MATIAS</strong></div>
<div><strong>Orientador: Dra.&nbsp;Simone de Almeida Delphim Leal</strong></div>
<div><strong>Co-Orientador: Me. Neylan Leal Dias&nbsp;</strong></div>
<div><strong>Banca:&nbsp;Dr. Erasmo Senger e Me. Sergio Barbosa de Miranda</strong></div>
</div>
<div><a href="http://www2.unifap.br/matematica/files/2021/02/3-201521450012_ELIAQUIM-NABIN.pdf"><strong>Link</strong></a></div>
<div>&nbsp;</div>
<div>
<div><strong>TCC-4</strong></div>
<div><strong><em>Título: UM ESTUDO APLICADO DAS GEOMETRIAS&nbsp;HIPERBÓLICA E ESFÉRICA</em></strong></div>
<div><strong>Autor: NAZARÉ FARIAS BRAZÃO</strong></div>
<div><strong>Orientador: Dra.&nbsp;Simone de Almeida Delphim Leal</strong></div>
<div><strong>Co-Orientador: Me. Neylan Leal Dias&nbsp;</strong></div>
<div><strong>Banca: Dr. Gilberlândio&nbsp;Jesus Dias e Me.&nbsp;Sergio Barbosa de Miranda</strong></div>
</div>
<div><a href="http://www2.unifap.br/matematica/files/2021/02/4-201521450014_NAZARE-FARIAS.pdf"><strong>Link</strong></a></div>
<div>&nbsp;</div>
<div>
<div><strong>TCC-5</strong></div>
<div><strong><em>Título:&nbsp;INTRODUÇÃO À TOPOLOGIA GERAL</em></strong></div>
<div><strong>Autor:&nbsp;RODRIGO DIOGO FIGUEIREDO MELO</strong></div>
<div><strong>Orientador: Me. Kelmem da Cruz&nbsp;Barroso</strong></div>
<div><strong>Banca: Dr. Ítalo Bruno Mendes Duarte e Me.&nbsp;Marcel Lucas Picanço Nascimento</strong></div>
</div>
<div><a href="http://www2.unifap.br/matematica/files/2021/02/5-201521450021_RODRIGO-DIOGO.pdf"><strong>Link</strong></a></div>
<div>&nbsp;</div>
<div>
<div><strong>TCC-6</strong></div>
<div><strong><em>Título:&nbsp;A PRODUÇÃO CIENTÍFICA NA LICENCIATURA:&nbsp;uma análise descritiva&nbsp;dos Trabalhos de Conclusão de Curso de Matemática da UNIFAP</em></strong></div>
<div><strong>Autor:&nbsp;CLEONAIA SILVA DE ALFAIA</strong></div>
<div><strong>Orientador: Me. João Socorro Pinheiro Ferreira</strong></div>
<div><strong>Banca: Ma. Elifaleth Rego Sabino e Me. Edcarlos Vasconcelos da Silva</strong></div>
</div>
<div><a href="http://www2.unifap.br/matematica/files/2021/02/6-201621450019_CLEONAIA-SILVA.pdf"><strong>Link</strong></a></div>
<div>&nbsp;</div>
<div>
<div><strong>TCC-7</strong></div>
<div><strong><em>Título:&nbsp;O TEOREMA DO PONTO FIXO DE BANACH E APLICAÇÕES</em></strong></div>
<div><strong>Autor:&nbsp;Ana Karoline dos Santos da Trindade</strong></div>
<div><strong>Orientador: Dra.&nbsp;Simone de Almeida Delphim Leal</strong></div>
<div><strong>Co-Orientador: Dr. Ítalo Bruno Mendes Duarte</strong></div>
<div><strong>Banca: Me. Kelmem da Cruz Barroso e Dr. Gilberlândio&nbsp;Jesus Dias</strong></div>
</div>
<div><a href="http://www2.unifap.br/matematica/files/2021/02/7-201621450027_ANA-KAROLINE.pdf"><strong>Link</strong></a></div>
<div>&nbsp;</div>
<div>
<div><strong>TCC-8</strong></div>
<div><strong><em>Título:&nbsp;MODELAGEM MATEMÁTICA DO PROCESSO DE HIDRÓLISE NA PRODUÇÃO DE BIOETANOL</em></strong></div>
<div><strong>Autor:&nbsp;MATTHEUS LUSTOSA DE MELO MACHADO</strong></div>
<div><strong>Orientador: Dr. Ranon de Souza Gomes</strong></div>
<div><strong>Banca: Dr. José Walter Cárdenas Sotil e Me. Rômulo Lima da Gama</strong></div>
</div>
<div><a href="http://www2.unifap.br/matematica/files/2021/02/8-201621450028_MATTHEUS-LUSTOSA.pdf"><strong>Link</strong></a></div>
<div>&nbsp;</div>
<div>
<div><strong>TCC-9</strong></div>
<div><strong><em>Título:&nbsp;INTRODUÇÃO AS FUNÇÕES DE VARIÁVEL COMPLEXA E APLICAÇÃO NO TEOREMA FUNDAMENTAL DA ÁLGEBRA</em></strong></div>
<div><strong>Autor:&nbsp;DANIEL MORAES DOS REIS</strong></div>
<div><strong>Orientador: Me.&nbsp;Marcel Lucas Picanço Nascimento</strong></div>
<div><strong>Banca:&nbsp;Me. Kelmem da Cruz Barroso e&nbsp;Dr. Ranon de Souza Gomes</strong></div>
<div><a href="http://www2.unifap.br/matematica/files/2021/02/9-201621450034_DANIEL-MORAES.pdf"><strong>Link</strong></a></div>
</div>

<p>TCC-1 Título: GEOMETRIA EUCLIDIANA E ESFÉRICA: UMA ABORDAGEM&nbsp;COMPARATIVA Autor:&nbsp;JONATHA MATHAUS SANTOS DA SILVA Orientador: Dra.&nbsp;Simone de Almeida Delphim Leal Co-Orientador: Me. Neylan Leal Dias&nbsp; Banca: Dr. Erasmo Senger e Me. Edcarlos Vasconcelos da Silva Link &nbsp; TCC-2 Título: TÓPICOS INTRODUTÓRIOS DO CORPO DOS REAIS E ALGUMAS NOÇÕES TOPOLÓGICAS DA RETA Autor: DALSIVANIA DA SILVA GARCIA&#8230;</p>
