{"id":28,"date":"2018-01-12T13:45:35","date_gmt":"2018-01-12T13:45:35","guid":{"rendered":"http:\/\/www2.unifap.br\/mazagao\/?page_id=28"},"modified":"2018-01-24T12:47:33","modified_gmt":"2018-01-24T12:47:33","slug":"concursos","status":"publish","type":"page","link":"https:\/\/www2.unifap.br\/mazagao\/concursos\/","title":{"rendered":"Concursos"},"content":{"rendered":"<p>Considerando o Edital\u00a0N\u00ba. 018\/2017, de 22 de dezembro de 2017, que\u00a0torna p\u00fablica a realiza\u00e7\u00e3o de Processo Seletivo Simplificado, composto de provas e t\u00edtulos, para sele\u00e7\u00e3o de 44 (quarenta e quatro) Professores Substitutos, segue\u00a0 link que d\u00e1 acesso ao PROJETO PEDAG\u00d3GICO DO CURSO DE LICENCIATURA EM EDUCA\u00c7\u00c3O DO CAMPO, da UNIFAP-Campus Mazag\u00e3o:<\/p>\n<p>&nbsp;<\/p>\n<p>https:\/\/drive.google.com\/file\/d\/1qrlLxAXKe5O-CAj2F5wIzT5GJv40emO5\/view<\/p>\n<p>&nbsp;<\/p>\n","protected":false},"excerpt":{"rendered":"<p>Considerando o Edital\u00a0N\u00ba. 018\/2017, de 22 de dezembro de 2017, que\u00a0torna p\u00fablica a realiza\u00e7\u00e3o de Processo Seletivo Simplificado, composto de provas e t\u00edtulos, para sele\u00e7\u00e3o de 44 (quarenta e quatro) Professores Substitutos, segue\u00a0 link que d\u00e1 acesso ao PROJETO PEDAG\u00d3GICO DO CURSO DE LICENCIATURA EM EDUCA\u00c7\u00c3O DO CAMPO, da UNIFAP-Campus&#8230; <a class=\"continue-reading-link\" href=\"https:\/\/www2.unifap.br\/mazagao\/concursos\/\"> Continue reading <span class=\"meta-nav\">&rarr; <\/span><\/a><\/p>\n","protected":false},"author":2217,"featured_media":0,"parent":0,"menu_order":0,"comment_status":"open","ping_status":"open","template":"","meta":{"inline_featured_image":false,"ngg_post_thumbnail":0,"footnotes":""},"class_list":["post-28","page","type-page","status-publish","hentry"],"_links":{"self":[{"href":"https:\/\/www2.unifap.br\/mazagao\/wp-json\/wp\/v2\/pages\/28","targetHints":{"allow":["GET"]}}],"collection":[{"href":"https:\/\/www2.unifap.br\/mazagao\/wp-json\/wp\/v2\/pages"}],"about":[{"href":"https:\/\/www2.unifap.br\/mazagao\/wp-json\/wp\/v2\/types\/page"}],"author":[{"embeddable":true,"href":"https:\/\/www2.unifap.br\/mazagao\/wp-json\/wp\/v2\/users\/2217"}],"replies":[{"embeddable":true,"href":"https:\/\/www2.unifap.br\/mazagao\/wp-json\/wp\/v2\/comments?post=28"}],"version-history":[{"count":7,"href":"https:\/\/www2.unifap.br\/mazagao\/wp-json\/wp\/v2\/pages\/28\/revisions"}],"predecessor-version":[{"id":40,"href":"https:\/\/www2.unifap.br\/mazagao\/wp-json\/wp\/v2\/pages\/28\/revisions\/40"}],"wp:attachment":[{"href":"https:\/\/www2.unifap.br\/mazagao\/wp-json\/wp\/v2\/media?parent=28"}],"curies":[{"name":"wp","href":"https:\/\/api.w.org\/{rel}","templated":true}]}}