{"id":103,"date":"2020-06-28T20:08:09","date_gmt":"2020-06-28T23:08:09","guid":{"rendered":"http:\/\/www2.unifap.br\/meninasnacomputacao\/?page_id=103"},"modified":"2021-05-31T08:12:37","modified_gmt":"2021-05-31T11:12:37","slug":"equipe","status":"publish","type":"page","link":"https:\/\/www2.unifap.br\/meninasnacomputacao\/equipe\/","title":{"rendered":"Equipe"},"content":{"rendered":"<blockquote>\n<h2><strong>Coordena\u00e7\u00e3o:<\/strong><\/h2>\n<\/blockquote>\n<p><span style=\"font-weight: 400\"><img fetchpriority=\"high\" decoding=\"async\" class=\"size-medium wp-image-511 alignnone\" src=\"http:\/\/www2.unifap.br\/meninasnacomputacao\/files\/2021\/05\/182576757_1181123209027036_8884560115475699158_n-300x300.jpg\" alt=\"\" width=\"300\" height=\"300\" srcset=\"https:\/\/www2.unifap.br\/meninasnacomputacao\/files\/2021\/05\/182576757_1181123209027036_8884560115475699158_n-300x300.jpg 300w, https:\/\/www2.unifap.br\/meninasnacomputacao\/files\/2021\/05\/182576757_1181123209027036_8884560115475699158_n-150x150.jpg 150w, https:\/\/www2.unifap.br\/meninasnacomputacao\/files\/2021\/05\/182576757_1181123209027036_8884560115475699158_n.jpg 640w\" sizes=\"(max-width: 300px) 100vw, 300px\" \/><\/span><\/p>\n<h3 style=\"text-align: center\">&nbsp;<\/h3>\n<p>&nbsp;<\/p>\n<blockquote>\n<h2><strong>Acad\u00eamicas participantes do projeto:<\/strong><\/h2>\n<\/blockquote>\n<blockquote><p>&nbsp;<\/p>\n<p><img decoding=\"async\" class=\"alignnone size-medium wp-image-512\" src=\"http:\/\/www2.unifap.br\/meninasnacomputacao\/files\/2021\/05\/181723812_2931830293762992_2872998368821284849_n-300x300.jpg\" alt=\"\" width=\"300\" height=\"300\" srcset=\"https:\/\/www2.unifap.br\/meninasnacomputacao\/files\/2021\/05\/181723812_2931830293762992_2872998368821284849_n-300x300.jpg 300w, https:\/\/www2.unifap.br\/meninasnacomputacao\/files\/2021\/05\/181723812_2931830293762992_2872998368821284849_n-150x150.jpg 150w, https:\/\/www2.unifap.br\/meninasnacomputacao\/files\/2021\/05\/181723812_2931830293762992_2872998368821284849_n.jpg 640w\" sizes=\"(max-width: 300px) 100vw, 300px\" \/>&nbsp; <img decoding=\"async\" class=\"alignnone size-medium wp-image-513\" src=\"http:\/\/www2.unifap.br\/meninasnacomputacao\/files\/2021\/05\/182032107_1911489192365834_4668927167589627335_n-300x300.jpg\" alt=\"\" width=\"300\" height=\"300\" srcset=\"https:\/\/www2.unifap.br\/meninasnacomputacao\/files\/2021\/05\/182032107_1911489192365834_4668927167589627335_n-300x300.jpg 300w, https:\/\/www2.unifap.br\/meninasnacomputacao\/files\/2021\/05\/182032107_1911489192365834_4668927167589627335_n-150x150.jpg 150w, https:\/\/www2.unifap.br\/meninasnacomputacao\/files\/2021\/05\/182032107_1911489192365834_4668927167589627335_n.jpg 640w\" sizes=\"(max-width: 300px) 100vw, 300px\" \/><img loading=\"lazy\" decoding=\"async\" class=\"alignnone size-medium wp-image-529\" src=\"http:\/\/www2.unifap.br\/meninasnacomputacao\/files\/2021\/05\/181654018_506602824113079_8600588365469459801_n-300x300.jpg\" alt=\"\" width=\"300\" height=\"300\" srcset=\"https:\/\/www2.unifap.br\/meninasnacomputacao\/files\/2021\/05\/181654018_506602824113079_8600588365469459801_n-300x300.jpg 300w, https:\/\/www2.unifap.br\/meninasnacomputacao\/files\/2021\/05\/181654018_506602824113079_8600588365469459801_n-150x150.jpg 150w, https:\/\/www2.unifap.br\/meninasnacomputacao\/files\/2021\/05\/181654018_506602824113079_8600588365469459801_n.jpg 640w\" sizes=\"(max-width: 300px) 100vw, 300px\" \/> &nbsp; &nbsp; &nbsp; &nbsp; &nbsp; &nbsp; &nbsp; &nbsp; &nbsp; &nbsp; <img loading=\"lazy\" decoding=\"async\" class=\"alignnone size-medium wp-image-515\" src=\"http:\/\/www2.unifap.br\/meninasnacomputacao\/files\/2021\/05\/181797740_472755310619421_4093406485679014515_n-300x300.jpg\" alt=\"\" width=\"300\" height=\"300\" srcset=\"https:\/\/www2.unifap.br\/meninasnacomputacao\/files\/2021\/05\/181797740_472755310619421_4093406485679014515_n-300x300.jpg 300w, https:\/\/www2.unifap.br\/meninasnacomputacao\/files\/2021\/05\/181797740_472755310619421_4093406485679014515_n-150x150.jpg 150w, https:\/\/www2.unifap.br\/meninasnacomputacao\/files\/2021\/05\/181797740_472755310619421_4093406485679014515_n.jpg 640w\" sizes=\"(max-width: 300px) 100vw, 300px\" \/><img loading=\"lazy\" decoding=\"async\" class=\"alignnone size-medium wp-image-530\" src=\"http:\/\/www2.unifap.br\/meninasnacomputacao\/files\/2021\/05\/182032015_132945022216607_3148251725449645271_n-300x300.jpg\" alt=\"\" width=\"300\" height=\"300\" srcset=\"https:\/\/www2.unifap.br\/meninasnacomputacao\/files\/2021\/05\/182032015_132945022216607_3148251725449645271_n-300x300.jpg 300w, https:\/\/www2.unifap.br\/meninasnacomputacao\/files\/2021\/05\/182032015_132945022216607_3148251725449645271_n-150x150.jpg 150w, https:\/\/www2.unifap.br\/meninasnacomputacao\/files\/2021\/05\/182032015_132945022216607_3148251725449645271_n.jpg 640w\" sizes=\"(max-width: 300px) 100vw, 300px\" \/><img loading=\"lazy\" decoding=\"async\" class=\"alignnone size-medium wp-image-531\" src=\"http:\/\/www2.unifap.br\/meninasnacomputacao\/files\/2021\/05\/181140228_2108038676004720_1182867249282452529_n-300x300.jpg\" alt=\"\" width=\"300\" height=\"300\" srcset=\"https:\/\/www2.unifap.br\/meninasnacomputacao\/files\/2021\/05\/181140228_2108038676004720_1182867249282452529_n-300x300.jpg 300w, https:\/\/www2.unifap.br\/meninasnacomputacao\/files\/2021\/05\/181140228_2108038676004720_1182867249282452529_n-150x150.jpg 150w, https:\/\/www2.unifap.br\/meninasnacomputacao\/files\/2021\/05\/181140228_2108038676004720_1182867249282452529_n.jpg 640w\" sizes=\"(max-width: 300px) 100vw, 300px\" \/><img loading=\"lazy\" decoding=\"async\" class=\"alignnone size-medium wp-image-516\" src=\"http:\/\/www2.unifap.br\/meninasnacomputacao\/files\/2021\/05\/182283256_300293671625449_5884018804691962399_n-300x300.jpg\" alt=\"\" width=\"300\" height=\"300\" srcset=\"https:\/\/www2.unifap.br\/meninasnacomputacao\/files\/2021\/05\/182283256_300293671625449_5884018804691962399_n-300x300.jpg 300w, https:\/\/www2.unifap.br\/meninasnacomputacao\/files\/2021\/05\/182283256_300293671625449_5884018804691962399_n-150x150.jpg 150w, https:\/\/www2.unifap.br\/meninasnacomputacao\/files\/2021\/05\/182283256_300293671625449_5884018804691962399_n.jpg 640w\" sizes=\"(max-width: 300px) 100vw, 300px\" \/><img loading=\"lazy\" decoding=\"async\" class=\"alignnone size-medium wp-image-517\" src=\"http:\/\/www2.unifap.br\/meninasnacomputacao\/files\/2021\/05\/182070632_922634458536463_4576192288891207683_n-300x300.jpg\" alt=\"\" width=\"300\" height=\"300\" srcset=\"https:\/\/www2.unifap.br\/meninasnacomputacao\/files\/2021\/05\/182070632_922634458536463_4576192288891207683_n-300x300.jpg 300w, https:\/\/www2.unifap.br\/meninasnacomputacao\/files\/2021\/05\/182070632_922634458536463_4576192288891207683_n-150x150.jpg 150w, https:\/\/www2.unifap.br\/meninasnacomputacao\/files\/2021\/05\/182070632_922634458536463_4576192288891207683_n.jpg 640w\" sizes=\"(max-width: 300px) 100vw, 300px\" \/><img loading=\"lazy\" decoding=\"async\" class=\"alignnone size-medium wp-image-518\" src=\"http:\/\/www2.unifap.br\/meninasnacomputacao\/files\/2021\/05\/182079976_174985751163769_8412074735077465206_n-300x300.jpg\" alt=\"\" width=\"300\" height=\"300\" srcset=\"https:\/\/www2.unifap.br\/meninasnacomputacao\/files\/2021\/05\/182079976_174985751163769_8412074735077465206_n-300x300.jpg 300w, https:\/\/www2.unifap.br\/meninasnacomputacao\/files\/2021\/05\/182079976_174985751163769_8412074735077465206_n-150x150.jpg 150w, https:\/\/www2.unifap.br\/meninasnacomputacao\/files\/2021\/05\/182079976_174985751163769_8412074735077465206_n.jpg 640w\" sizes=\"(max-width: 300px) 100vw, 300px\" \/><img loading=\"lazy\" decoding=\"async\" class=\"alignnone size-medium wp-image-519\" src=\"http:\/\/www2.unifap.br\/meninasnacomputacao\/files\/2021\/05\/181868110_4051665608282879_4817347643094103245_n-300x300.jpg\" alt=\"\" width=\"300\" height=\"300\" srcset=\"https:\/\/www2.unifap.br\/meninasnacomputacao\/files\/2021\/05\/181868110_4051665608282879_4817347643094103245_n-300x300.jpg 300w, https:\/\/www2.unifap.br\/meninasnacomputacao\/files\/2021\/05\/181868110_4051665608282879_4817347643094103245_n-150x150.jpg 150w, https:\/\/www2.unifap.br\/meninasnacomputacao\/files\/2021\/05\/181868110_4051665608282879_4817347643094103245_n.jpg 640w\" sizes=\"(max-width: 300px) 100vw, 300px\" \/><\/p>\n<h3><strong>&nbsp; &nbsp; &nbsp; &nbsp; &nbsp; &nbsp; &nbsp; &nbsp; &nbsp; &nbsp; &nbsp; &nbsp; &nbsp; &nbsp; &nbsp; &nbsp; &nbsp; &nbsp; &nbsp; &nbsp; &nbsp; &nbsp; &nbsp; &nbsp; &nbsp; &nbsp; &nbsp; &nbsp; &nbsp; &nbsp; &nbsp; &nbsp; &nbsp; &nbsp; &nbsp; &nbsp; &nbsp; &nbsp; &nbsp; &nbsp; &nbsp; &nbsp; &nbsp; &nbsp; &nbsp; &nbsp; &nbsp; &nbsp; &nbsp; &nbsp; &nbsp; &nbsp; &nbsp; &nbsp; &nbsp;&nbsp;<\/strong><strong>&nbsp; &nbsp; &nbsp; &nbsp; &nbsp; &nbsp;&nbsp;<\/strong><\/h3>\n<p>&nbsp;<\/p>\n<p>&nbsp;<\/p>\n<p>&nbsp;<\/p><\/blockquote>\n<h3>&nbsp;<\/h3>\n<blockquote>\n<h2><strong>Colaboradores:<\/strong><\/h2>\n<\/blockquote>\n<blockquote><p>&nbsp;<\/p>\n<p>&nbsp;<\/p>\n<ul>\n<li>\n<h3>Prof. Thiago Pinheiro<\/h3>\n<\/li>\n<li>\n<h3>Prof. Marco Leal<\/h3>\n<\/li>\n<li>\n<h3>Rafael Cavalcante<strong style=\"font-size: 16px\">&nbsp; &nbsp; &nbsp; &nbsp; &nbsp; &nbsp; &nbsp; &nbsp; &nbsp; &nbsp; &nbsp; &nbsp; &nbsp; &nbsp; &nbsp; &nbsp; &nbsp; &nbsp; &nbsp; &nbsp; &nbsp; &nbsp; &nbsp; &nbsp; &nbsp; &nbsp; &nbsp; &nbsp; &nbsp; &nbsp; &nbsp; &nbsp; &nbsp; &nbsp; &nbsp; &nbsp; &nbsp; &nbsp; &nbsp; &nbsp; &nbsp; &nbsp; &nbsp; &nbsp; &nbsp;<\/strong><\/h3>\n<\/li>\n<\/ul>\n<\/blockquote>\n<h3><strong>&nbsp;&nbsp;&nbsp;&nbsp;&nbsp;&nbsp;&nbsp;&nbsp;&nbsp;&nbsp;&nbsp;&nbsp;&nbsp;&nbsp;&nbsp;&nbsp;&nbsp;&nbsp;&nbsp;&nbsp;&nbsp;&nbsp;&nbsp;&nbsp;&nbsp;&nbsp;&nbsp;&nbsp;&nbsp;&nbsp;&nbsp;&nbsp;&nbsp;&nbsp;&nbsp;&nbsp;&nbsp;&nbsp;&nbsp;&nbsp;&nbsp;&nbsp;&nbsp;&nbsp;&nbsp;&nbsp;&nbsp;&nbsp;&nbsp;&nbsp;&nbsp;&nbsp;&nbsp;&nbsp;&nbsp;&nbsp;&nbsp;&nbsp;&nbsp;&nbsp;&nbsp;&nbsp;&nbsp;&nbsp;&nbsp;&nbsp;&nbsp;&nbsp;&nbsp;&nbsp;&nbsp;&nbsp;&nbsp;&nbsp;&nbsp;&nbsp;&nbsp;&nbsp;&nbsp;&nbsp;&nbsp;&nbsp;&nbsp;&nbsp;&nbsp;&nbsp;&nbsp;&nbsp;&nbsp;&nbsp;&nbsp;&nbsp;&nbsp;&nbsp;&nbsp;&nbsp;&nbsp;&nbsp;&nbsp;&nbsp;&nbsp;&nbsp;&nbsp;&nbsp;&nbsp;&nbsp;&nbsp;&nbsp;&nbsp;&nbsp;&nbsp;&nbsp;&nbsp;&nbsp;&nbsp;&nbsp;&nbsp;&nbsp;&nbsp;&nbsp;&nbsp;&nbsp;&nbsp;&nbsp;&nbsp;&nbsp;&nbsp;&nbsp;&nbsp;&nbsp;&nbsp;&nbsp;&nbsp;&nbsp;&nbsp;&nbsp;&nbsp;&nbsp;&nbsp;&nbsp;&nbsp;&nbsp;&nbsp;&nbsp;&nbsp;&nbsp;&nbsp;&nbsp;&nbsp;&nbsp;&nbsp;&nbsp;&nbsp;&nbsp;&nbsp;&nbsp;&nbsp;&nbsp;&nbsp;&nbsp;&nbsp;&nbsp;&nbsp;&nbsp;&nbsp;&nbsp;&nbsp;&nbsp;&nbsp;&nbsp;&nbsp;&nbsp;&nbsp;&nbsp;&nbsp;&nbsp;&nbsp;&nbsp;&nbsp;&nbsp;&nbsp;&nbsp;&nbsp;&nbsp;&nbsp;&nbsp;&nbsp;&nbsp;&nbsp;&nbsp;&nbsp;&nbsp;&nbsp;&nbsp;&nbsp;&nbsp;&nbsp;&nbsp;&nbsp;<br \/>\n<\/strong><\/h3>\n","protected":false},"excerpt":{"rendered":"<p>Coordena\u00e7\u00e3o: &nbsp; &nbsp; Acad\u00eamicas participantes do projeto: &nbsp; &nbsp; &nbsp; &nbsp; &nbsp; &nbsp; &nbsp; &nbsp; &nbsp; &nbsp; &nbsp; &nbsp; &nbsp; &nbsp; &nbsp; &nbsp; &nbsp; &nbsp; &nbsp; &nbsp; &nbsp; &nbsp; &nbsp; &nbsp; &nbsp; &nbsp; &nbsp; &nbsp; &nbsp; &nbsp; &nbsp; &nbsp; &nbsp; &nbsp; &nbsp; &nbsp; &nbsp; &nbsp; &nbsp; &nbsp; &nbsp; &nbsp; &nbsp; &nbsp; &nbsp; &nbsp; &nbsp; &nbsp;&#8230;<\/p>\n","protected":false},"author":3877,"featured_media":0,"parent":0,"menu_order":0,"comment_status":"closed","ping_status":"closed","template":"","meta":{"inline_featured_image":false,"ngg_post_thumbnail":0,"footnotes":""},"class_list":["post-103","page","type-page","status-publish","hentry","entry"],"_links":{"self":[{"href":"https:\/\/www2.unifap.br\/meninasnacomputacao\/wp-json\/wp\/v2\/pages\/103","targetHints":{"allow":["GET"]}}],"collection":[{"href":"https:\/\/www2.unifap.br\/meninasnacomputacao\/wp-json\/wp\/v2\/pages"}],"about":[{"href":"https:\/\/www2.unifap.br\/meninasnacomputacao\/wp-json\/wp\/v2\/types\/page"}],"author":[{"embeddable":true,"href":"https:\/\/www2.unifap.br\/meninasnacomputacao\/wp-json\/wp\/v2\/users\/3877"}],"replies":[{"embeddable":true,"href":"https:\/\/www2.unifap.br\/meninasnacomputacao\/wp-json\/wp\/v2\/comments?post=103"}],"version-history":[{"count":40,"href":"https:\/\/www2.unifap.br\/meninasnacomputacao\/wp-json\/wp\/v2\/pages\/103\/revisions"}],"predecessor-version":[{"id":532,"href":"https:\/\/www2.unifap.br\/meninasnacomputacao\/wp-json\/wp\/v2\/pages\/103\/revisions\/532"}],"wp:attachment":[{"href":"https:\/\/www2.unifap.br\/meninasnacomputacao\/wp-json\/wp\/v2\/media?parent=103"}],"curies":[{"name":"wp","href":"https:\/\/api.w.org\/{rel}","templated":true}]}}