{"id":57,"date":"2020-06-28T19:46:30","date_gmt":"2020-06-28T22:46:30","guid":{"rendered":"http:\/\/www2.unifap.br\/meninasnacomputacao\/?page_id=57"},"modified":"2020-08-13T18:14:53","modified_gmt":"2020-08-13T21:14:53","slug":"sobre","status":"publish","type":"page","link":"https:\/\/www2.unifap.br\/meninasnacomputacao\/sobre\/","title":{"rendered":"Sobre"},"content":{"rendered":"<div class=\"conteudo\">\n<p><span style=\"font-weight: 400\">Meninas na Computa\u00e7\u00e3o \u00e9 um projeto de extens\u00e3o da Universidade Federal do Amap\u00e1 (UNIFAP) que nasceu em setembro de 2018, e \u00e9 voltado ao incentivo para que mulheres ingressem e permane\u00e7am nos cursos da \u00e1rea da computa\u00e7\u00e3o.<\/span><\/p>\n<p><span style=\"font-weight: 400\">Para este prop\u00f3sito, apresentamos eventos abertos \u00e0 comunidade e oficinas para ensinar sobre as bases da gradua\u00e7\u00e3o de computa\u00e7\u00e3o, saiba mais na p\u00e1gina de <strong><a href=\"https:\/\/www2.unifap.br\/meninasnacomputacao\/acoes\/\">A\u00e7\u00f5es<\/a><\/strong>.<\/span><\/p>\n<p><span id=\"fbPhotoSnowliftCaption\" class=\"fbPhotosPhotoCaption\" data-ft=\"{&quot;tn&quot;:&quot;K&quot;}\"><span class=\"hasCaption\">Desde o nosso primeiro evento, o \u201cOnde ela quiser\u201d, j\u00e1 participamos de programas de R\u00e1dio, demos entrevistas para TV e at\u00e9 participamos de um programa no Canal Futura.&nbsp;<span class=\"_47e3 _5mfr\" title=\"Emoticon grin\"><img decoding=\"async\" class=\"img\" role=\"presentation\" src=\"https:\/\/static.xx.fbcdn.net\/images\/emoji.php\/v9\/t51\/1\/16\/1f603.png\" alt=\"\" width=\"16\" height=\"16\"><\/span><\/span><\/span><\/p>\n<p>As Oficinas de L\u00f3gica de Programa\u00e7\u00e3o, Programa\u00e7\u00e3o Arduino e Programa\u00e7\u00e3o Android foram ofertadas em 2019 para meninas do Ensino Fundamental II, mas pretendemos atingir muito mais menina<span class=\"text_exposed_show\">s e nos pr\u00f3ximos anos queremos ofertar oficinas tamb\u00e9m para estudantes do Ensino M\u00e9dio.<\/span><\/p>\n<p>A partir das oficinas iniciaremos projetos de inicia\u00e7\u00e3o cient\u00edfica e inicia\u00e7\u00e3o cient\u00edfica jr., em que estar\u00e3o envolvidas tanto as alunas do ensino fundamental e m\u00e9dio como as alunas do curso de gradua\u00e7\u00e3o da UNIFAP.<\/p>\n<p>Estamos planejando muito mais coisas, dentre elas mais CINEMANA UNIFAP e a produ\u00e7\u00e3o de conte\u00fado para o YouTube, aguardem!&nbsp;<span class=\"_47e3 _5mfr\" title=\"Emoticon smile\"><img decoding=\"async\" class=\"img\" role=\"presentation\" src=\"https:\/\/static.xx.fbcdn.net\/images\/emoji.php\/v9\/t4c\/1\/16\/1f642.png\" alt=\"\" width=\"16\" height=\"16\"><\/span><\/p>\n<p>Agradecemos todo o apoio que recebemos at\u00e9 aqui e contamos com todos para que o projeto continue caminhando com sucesso!<\/p>\n<p>Muito Obrigada!<\/p>\n<\/div>\n","protected":false},"excerpt":{"rendered":"<p>Meninas na Computa\u00e7\u00e3o \u00e9 um projeto de extens\u00e3o da Universidade Federal do Amap\u00e1 (UNIFAP) que nasceu em setembro de 2018, e \u00e9 voltado ao incentivo para que mulheres ingressem e permane\u00e7am nos cursos da \u00e1rea da computa\u00e7\u00e3o. Para este prop\u00f3sito, apresentamos eventos abertos \u00e0 comunidade e oficinas para ensinar sobre as bases da gradua\u00e7\u00e3o de&#8230;<\/p>\n","protected":false},"author":3877,"featured_media":0,"parent":0,"menu_order":0,"comment_status":"closed","ping_status":"closed","template":"","meta":{"inline_featured_image":false,"ngg_post_thumbnail":0,"footnotes":""},"class_list":["post-57","page","type-page","status-publish","hentry","entry"],"_links":{"self":[{"href":"https:\/\/www2.unifap.br\/meninasnacomputacao\/wp-json\/wp\/v2\/pages\/57","targetHints":{"allow":["GET"]}}],"collection":[{"href":"https:\/\/www2.unifap.br\/meninasnacomputacao\/wp-json\/wp\/v2\/pages"}],"about":[{"href":"https:\/\/www2.unifap.br\/meninasnacomputacao\/wp-json\/wp\/v2\/types\/page"}],"author":[{"embeddable":true,"href":"https:\/\/www2.unifap.br\/meninasnacomputacao\/wp-json\/wp\/v2\/users\/3877"}],"replies":[{"embeddable":true,"href":"https:\/\/www2.unifap.br\/meninasnacomputacao\/wp-json\/wp\/v2\/comments?post=57"}],"version-history":[{"count":8,"href":"https:\/\/www2.unifap.br\/meninasnacomputacao\/wp-json\/wp\/v2\/pages\/57\/revisions"}],"predecessor-version":[{"id":161,"href":"https:\/\/www2.unifap.br\/meninasnacomputacao\/wp-json\/wp\/v2\/pages\/57\/revisions\/161"}],"wp:attachment":[{"href":"https:\/\/www2.unifap.br\/meninasnacomputacao\/wp-json\/wp\/v2\/media?parent=57"}],"curies":[{"name":"wp","href":"https:\/\/api.w.org\/{rel}","templated":true}]}}