{"id":83,"date":"2024-12-17T20:57:33","date_gmt":"2024-12-17T23:57:33","guid":{"rendered":"https:\/\/www2.unifap.br\/mnpef\/?page_id=83"},"modified":"2024-12-17T20:57:33","modified_gmt":"2024-12-17T23:57:33","slug":"resultado-final","status":"publish","type":"page","link":"https:\/\/www2.unifap.br\/mnpef\/resultado-final\/","title":{"rendered":"Resultado Final"},"content":{"rendered":"<p><a href=\"http:\/\/www2.unifap.br\/mnpef\/files\/2024\/12\/Lista-Resultado-Final-Polo-67.pdf\">Lista Resultado Final Polo 67<\/a><\/p>\n<p>A Comiss\u00e3o de Sele\u00e7\u00e3o 2025 do Polo 67 do Mestrado Nacional Profissional em Ensino de F\u00edsica (MNPEF) da Universidade Federal do Amap\u00e1 torna p\u00fablico o Resultado Final do Processo Seletivo para ingresso ao MNPEF, Polo 67<\/p>\n","protected":false},"excerpt":{"rendered":"<p>Lista Resultado Final Polo 67 A Comiss\u00e3o de Sele\u00e7\u00e3o 2025 do Polo 67 do Mestrado Nacional Profissional em Ensino de F\u00edsica (MNPEF) da Universidade Federal do Amap\u00e1 torna p\u00fablico o Resultado Final do Processo Seletivo para ingresso ao MNPEF, Polo 67<\/p>\n","protected":false},"author":4039,"featured_media":0,"parent":0,"menu_order":0,"comment_status":"closed","ping_status":"closed","template":"","meta":{"inline_featured_image":false,"site-sidebar-layout":"default","site-content-layout":"","ast-site-content-layout":"default","site-content-style":"default","site-sidebar-style":"default","ast-global-header-display":"","ast-banner-title-visibility":"","ast-main-header-display":"","ast-hfb-above-header-display":"","ast-hfb-below-header-display":"","ast-hfb-mobile-header-display":"","site-post-title":"","ast-breadcrumbs-content":"","ast-featured-img":"","footer-sml-layout":"","theme-transparent-header-meta":"default","adv-header-id-meta":"","stick-header-meta":"","header-above-stick-meta":"","header-main-stick-meta":"","header-below-stick-meta":"","astra-migrate-meta-layouts":"set","ast-page-background-enabled":"default","ast-page-background-meta":{"desktop":{"background-color":"var(--ast-global-color-4)","background-image":"","background-repeat":"repeat","background-position":"center center","background-size":"auto","background-attachment":"scroll","background-type":"","background-media":"","overlay-type":"","overlay-color":"","overlay-opacity":"","overlay-gradient":""},"tablet":{"background-color":"","background-image":"","background-repeat":"repeat","background-position":"center center","background-size":"auto","background-attachment":"scroll","background-type":"","background-media":"","overlay-type":"","overlay-color":"","overlay-opacity":"","overlay-gradient":""},"mobile":{"background-color":"","background-image":"","background-repeat":"repeat","background-position":"center center","background-size":"auto","background-attachment":"scroll","background-type":"","background-media":"","overlay-type":"","overlay-color":"","overlay-opacity":"","overlay-gradient":""}},"ast-content-background-meta":{"desktop":{"background-color":"var(--ast-global-color-5)","background-image":"","background-repeat":"repeat","background-position":"center center","background-size":"auto","background-attachment":"scroll","background-type":"","background-media":"","overlay-type":"","overlay-color":"","overlay-opacity":"","overlay-gradient":""},"tablet":{"background-color":"var(--ast-global-color-5)","background-image":"","background-repeat":"repeat","background-position":"center center","background-size":"auto","background-attachment":"scroll","background-type":"","background-media":"","overlay-type":"","overlay-color":"","overlay-opacity":"","overlay-gradient":""},"mobile":{"background-color":"var(--ast-global-color-5)","background-image":"","background-repeat":"repeat","background-position":"center center","background-size":"auto","background-attachment":"scroll","background-type":"","background-media":"","overlay-type":"","overlay-color":"","overlay-opacity":"","overlay-gradient":""}},"ngg_post_thumbnail":0,"footnotes":""},"class_list":["post-83","page","type-page","status-publish","hentry"],"_links":{"self":[{"href":"https:\/\/www2.unifap.br\/mnpef\/wp-json\/wp\/v2\/pages\/83","targetHints":{"allow":["GET"]}}],"collection":[{"href":"https:\/\/www2.unifap.br\/mnpef\/wp-json\/wp\/v2\/pages"}],"about":[{"href":"https:\/\/www2.unifap.br\/mnpef\/wp-json\/wp\/v2\/types\/page"}],"author":[{"embeddable":true,"href":"https:\/\/www2.unifap.br\/mnpef\/wp-json\/wp\/v2\/users\/4039"}],"replies":[{"embeddable":true,"href":"https:\/\/www2.unifap.br\/mnpef\/wp-json\/wp\/v2\/comments?post=83"}],"version-history":[{"count":1,"href":"https:\/\/www2.unifap.br\/mnpef\/wp-json\/wp\/v2\/pages\/83\/revisions"}],"predecessor-version":[{"id":85,"href":"https:\/\/www2.unifap.br\/mnpef\/wp-json\/wp\/v2\/pages\/83\/revisions\/85"}],"wp:attachment":[{"href":"https:\/\/www2.unifap.br\/mnpef\/wp-json\/wp\/v2\/media?parent=83"}],"curies":[{"name":"wp","href":"https:\/\/api.w.org\/{rel}","templated":true}]}}