{"id":3020,"date":"2017-02-21T15:21:58","date_gmt":"2017-02-21T15:21:58","guid":{"rendered":"http:\/\/www2.unifap.br\/nai\/?page_id=3020"},"modified":"2024-08-29T20:32:13","modified_gmt":"2024-08-29T20:32:13","slug":"ficha-cadastral-de-academico","status":"publish","type":"page","link":"https:\/\/www2.unifap.br\/nai\/administracao\/ficha-cadastral-de-academico\/","title":{"rendered":"CADASTRO DE ACAD\u00caMICO"},"content":{"rendered":"\t\t<div data-elementor-type=\"wp-page\" data-elementor-id=\"3020\" class=\"elementor elementor-3020\">\n\t\t\t\t\t\t<section class=\"elementor-section elementor-top-section elementor-element elementor-element-6d187d02 elementor-section-boxed elementor-section-height-default elementor-section-height-default\" data-id=\"6d187d02\" data-element_type=\"section\" data-e-type=\"section\">\n\t\t\t\t\t\t<div class=\"elementor-container elementor-column-gap-default\">\n\t\t\t\t\t<div class=\"elementor-column elementor-col-100 elementor-top-column elementor-element elementor-element-329042aa\" data-id=\"329042aa\" data-element_type=\"column\" data-e-type=\"column\">\n\t\t\t<div class=\"elementor-widget-wrap elementor-element-populated\">\n\t\t\t\t\t\t<div class=\"elementor-element elementor-element-1eec1131 elementor-widget elementor-widget-text-editor\" data-id=\"1eec1131\" data-element_type=\"widget\" data-e-type=\"widget\" data-widget_type=\"text-editor.default\">\n\t\t\t\t<div class=\"elementor-widget-container\">\n\t\t\t\t\t\t\t\t\t<p>Para realizar cadastro no N\u00facleo de Acessibilidade e Inclus\u00e3o \u2013 NAI \u00e9 necess\u00e1rio preencher a <a href=\"https:\/\/docs.google.com\/document\/d\/1CzR-oUXYwoizvTgTJWB3lW_IcJmi5fREqm6oLEzK6-E\/edit?usp=sharing\"><em><strong>ficha de cadastro<\/strong><\/em><\/a> que est\u00e1 dispon\u00edvel para download e entregar junto com o laudo m\u00e9dico, na secretaria do NAI, ou encaminhar a documenta\u00e7\u00e3o para o e-mail: <a href=\"mailto:naiinclusao21@gmail.com\">naiinclusao21@gmail.com<\/a><\/p><p>Ap\u00f3s a entrega<i> <\/i>desta documenta\u00e7\u00e3o a equipe do NAI entrar\u00e1 em contato com o (a) acad\u00eamico (a) para concluir o cadastro e repassar as orienta\u00e7\u00f5es necess\u00e1rias.<\/p>\t\t\t\t\t\t\t\t<\/div>\n\t\t\t\t<\/div>\n\t\t\t\t\t<\/div>\n\t\t<\/div>\n\t\t\t\t\t<\/div>\n\t\t<\/section>\n\t\t\t\t<\/div>\n\t\t","protected":false},"excerpt":{"rendered":"<p>Para realizar cadastro no N\u00facleo de Acessibilidade e Inclus\u00e3o \u2013 NAI \u00e9 necess\u00e1rio preencher a ficha de cadastro que est\u00e1 dispon\u00edvel para download&#8230;<\/p>\n","protected":false},"author":548,"featured_media":0,"parent":42,"menu_order":0,"comment_status":"closed","ping_status":"closed","template":"","meta":{"inline_featured_image":false,"ngg_post_thumbnail":0,"footnotes":""},"class_list":["post-3020","page","type-page","status-publish","hentry"],"_links":{"self":[{"href":"https:\/\/www2.unifap.br\/nai\/wp-json\/wp\/v2\/pages\/3020","targetHints":{"allow":["GET"]}}],"collection":[{"href":"https:\/\/www2.unifap.br\/nai\/wp-json\/wp\/v2\/pages"}],"about":[{"href":"https:\/\/www2.unifap.br\/nai\/wp-json\/wp\/v2\/types\/page"}],"author":[{"embeddable":true,"href":"https:\/\/www2.unifap.br\/nai\/wp-json\/wp\/v2\/users\/548"}],"replies":[{"embeddable":true,"href":"https:\/\/www2.unifap.br\/nai\/wp-json\/wp\/v2\/comments?post=3020"}],"version-history":[{"count":24,"href":"https:\/\/www2.unifap.br\/nai\/wp-json\/wp\/v2\/pages\/3020\/revisions"}],"predecessor-version":[{"id":4973,"href":"https:\/\/www2.unifap.br\/nai\/wp-json\/wp\/v2\/pages\/3020\/revisions\/4973"}],"up":[{"embeddable":true,"href":"https:\/\/www2.unifap.br\/nai\/wp-json\/wp\/v2\/pages\/42"}],"wp:attachment":[{"href":"https:\/\/www2.unifap.br\/nai\/wp-json\/wp\/v2\/media?parent=3020"}],"curies":[{"name":"wp","href":"https:\/\/api.w.org\/{rel}","templated":true}]}}