{"id":2,"date":"2014-12-12T12:42:11","date_gmt":"2014-12-12T12:42:11","guid":{"rendered":"http:\/\/www2.unifap.br\/nanofito\/?page_id=2"},"modified":"2014-12-12T20:53:09","modified_gmt":"2014-12-12T20:53:09","slug":"pagina-exemplo","status":"publish","type":"page","link":"https:\/\/www2.unifap.br\/nanofito\/pagina-exemplo\/","title":{"rendered":"Hist\u00f3rico"},"content":{"rendered":"<p>O Laborat\u00f3rio de NanoBiotecnologia Fitofarmac\u00eautica foi criado a partir da divis\u00e3o do Laborat\u00f3rio de Tecnologia Farmac\u00eautica e Farmacot\u00e9cnica (TecFar) do curso de Farm\u00e1cia.\u00a0O espa\u00e7o f\u00edsico do NanoFito vem desde sua cria\u00e7\u00e3o, sendo utilizado intensamente por alunos e professores participantes do Grupo de Pesquisa em Nanobiotecnologia Fitofarmac\u00eautica, devidamente registrado no Diret\u00f3rio de Grupos de Pesquisa do CNPQ e certificado pela institui\u00e7\u00e3o.\u00a0As atividades deste grupo de pesquisa, inclusive anteriores a sua oficializa\u00e7\u00e3o, serviram de base para o conceito do NanoFito, um local de pesquisa e extens\u00e3o para que os projetos pudessem ser executados com excel\u00eancia acad\u00eamica.<\/p>\n","protected":false},"excerpt":{"rendered":"<p>O Laborat\u00f3rio de NanoBiotecnologia Fitofarmac\u00eautica foi criado a partir da divis\u00e3o do Laborat\u00f3rio de Tecnologia Farmac\u00eautica e Farmacot\u00e9cnica (TecFar) do curso de Farm\u00e1cia.\u00a0O espa\u00e7o f\u00edsico do NanoFito vem desde sua cria\u00e7\u00e3o, sendo utilizado intensamente por alunos e professores participantes do&hellip; <\/p>\n<p><a href=\"https:\/\/www2.unifap.br\/nanofito\/pagina-exemplo\/\" class=\"readmore-button\">Continue Reading<\/a><\/p>\n","protected":false},"author":631,"featured_media":0,"parent":0,"menu_order":0,"comment_status":"open","ping_status":"closed","template":"","meta":{"inline_featured_image":false,"ngg_post_thumbnail":0,"footnotes":""},"class_list":["post-2","page","type-page","status-publish","hentry"],"_links":{"self":[{"href":"https:\/\/www2.unifap.br\/nanofito\/wp-json\/wp\/v2\/pages\/2","targetHints":{"allow":["GET"]}}],"collection":[{"href":"https:\/\/www2.unifap.br\/nanofito\/wp-json\/wp\/v2\/pages"}],"about":[{"href":"https:\/\/www2.unifap.br\/nanofito\/wp-json\/wp\/v2\/types\/page"}],"author":[{"embeddable":true,"href":"https:\/\/www2.unifap.br\/nanofito\/wp-json\/wp\/v2\/users\/631"}],"replies":[{"embeddable":true,"href":"https:\/\/www2.unifap.br\/nanofito\/wp-json\/wp\/v2\/comments?post=2"}],"version-history":[{"count":4,"href":"https:\/\/www2.unifap.br\/nanofito\/wp-json\/wp\/v2\/pages\/2\/revisions"}],"predecessor-version":[{"id":11,"href":"https:\/\/www2.unifap.br\/nanofito\/wp-json\/wp\/v2\/pages\/2\/revisions\/11"}],"wp:attachment":[{"href":"https:\/\/www2.unifap.br\/nanofito\/wp-json\/wp\/v2\/media?parent=2"}],"curies":[{"name":"wp","href":"https:\/\/api.w.org\/{rel}","templated":true}]}}