{"id":1211,"date":"2020-07-09T20:19:16","date_gmt":"2020-07-09T20:19:16","guid":{"rendered":"http:\/\/www2.unifap.br\/neab\/?page_id=1211"},"modified":"2020-07-09T20:23:05","modified_gmt":"2020-07-09T20:23:05","slug":"roda-de-conversa-historia-da-africa-e-afro-brasileira-e-formacao-docente","status":"publish","type":"page","link":"https:\/\/www2.unifap.br\/neab\/memorial\/2017-2\/roda-de-conversa-historia-da-africa-e-afro-brasileira-e-formacao-docente\/","title":{"rendered":"Roda de conversa: Hist\u00f3ria da \u00c1frica e Afro-brasileira e Forma\u00e7\u00e3o Docente"},"content":{"rendered":"<p>Aproveitando a passagem da Profa. Ma. Eliana Boa Morte pela cidade de Macap\u00e1, o Neab organizou uma Roda de conversa, para que a Profa. Eliana Boa Morte pudesse nos abrilhantar com seu vasto conhecimento sobre a Hist\u00f3ria da \u00c1frica e afro-brasileira e como podemos inclui-la no dia-a-dia da doc\u00eancia. O evento ocorreu no audit\u00f3rio 02 do Centro Integrado de Pesquisa e P\u00f3s-gradua\u00e7\u00e3o Cipp\/Unifap, as 15h e contou com grande participa\u00e7\u00e3o da comunidade acad\u00eamica.<\/p>\n<p><img decoding=\"async\" src=\"https:\/\/scontent.fmao1-1.fna.fbcdn.net\/v\/t31.0-8\/21994466_1953288284888702_6984930447767512645_o.jpg?_nc_cat=110&amp;_nc_sid=19026a&amp;_nc_eui2=AeFIXVWcfzi6PPGNOASPMWaz1si_8uBsnqfWyL_y4Gyep1wkSc7nE92ON3wO5R2xF6rdFUZu4nw_lMSn2qZdd-IP&amp;_nc_oc=AQlrEoTYco8Rovu_WK2Rtt33iOULa_gKaKTzCBY_896Zwvfze3GmANhxzLr2_URZ0R69Qp5Jw2V0ehAmj3HE6vVg&amp;_nc_ht=scontent.fmao1-1.fna&amp;oh=5ecbb882d7b880925219691185f0c64d&amp;oe=5F2B1571\" \/><\/p>\n","protected":false},"excerpt":{"rendered":"<p>Aproveitando a passagem da Profa. Ma. Eliana Boa Morte pela cidade de Macap\u00e1, o Neab organizou uma Roda de conversa, para que a Profa. Eliana Boa Morte pudesse nos abrilhantar com seu vasto conhecimento sobre a Hist\u00f3ria da \u00c1frica e&hellip; <\/p>\n<p><a href=\"https:\/\/www2.unifap.br\/neab\/memorial\/2017-2\/roda-de-conversa-historia-da-africa-e-afro-brasileira-e-formacao-docente\/\" class=\"readmore-button\">Continue Reading<\/a><\/p>\n","protected":false},"author":869,"featured_media":0,"parent":910,"menu_order":0,"comment_status":"closed","ping_status":"closed","template":"","meta":{"inline_featured_image":false,"ngg_post_thumbnail":0,"footnotes":""},"class_list":["post-1211","page","type-page","status-publish","hentry"],"_links":{"self":[{"href":"https:\/\/www2.unifap.br\/neab\/wp-json\/wp\/v2\/pages\/1211","targetHints":{"allow":["GET"]}}],"collection":[{"href":"https:\/\/www2.unifap.br\/neab\/wp-json\/wp\/v2\/pages"}],"about":[{"href":"https:\/\/www2.unifap.br\/neab\/wp-json\/wp\/v2\/types\/page"}],"author":[{"embeddable":true,"href":"https:\/\/www2.unifap.br\/neab\/wp-json\/wp\/v2\/users\/869"}],"replies":[{"embeddable":true,"href":"https:\/\/www2.unifap.br\/neab\/wp-json\/wp\/v2\/comments?post=1211"}],"version-history":[{"count":3,"href":"https:\/\/www2.unifap.br\/neab\/wp-json\/wp\/v2\/pages\/1211\/revisions"}],"predecessor-version":[{"id":1215,"href":"https:\/\/www2.unifap.br\/neab\/wp-json\/wp\/v2\/pages\/1211\/revisions\/1215"}],"up":[{"embeddable":true,"href":"https:\/\/www2.unifap.br\/neab\/wp-json\/wp\/v2\/pages\/910"}],"wp:attachment":[{"href":"https:\/\/www2.unifap.br\/neab\/wp-json\/wp\/v2\/media?parent=1211"}],"curies":[{"name":"wp","href":"https:\/\/api.w.org\/{rel}","templated":true}]}}