{"id":1299,"date":"2021-02-02T18:00:11","date_gmt":"2021-02-02T18:00:11","guid":{"rendered":"http:\/\/www2.unifap.br\/neab\/?page_id=1299"},"modified":"2021-02-02T18:00:11","modified_gmt":"2021-02-02T18:00:11","slug":"legislacao-antirracista","status":"publish","type":"page","link":"https:\/\/www2.unifap.br\/neab\/legislacao-antirracista\/","title":{"rendered":"Legisla\u00e7\u00e3o Antirracista"},"content":{"rendered":"<p>Nesta p\u00e1gina voc\u00ea encontrar\u00e1 as leis que versam sobre as rela\u00e7\u00f5es raciais a n\u00edvel nacional e estadual.<\/p>\n<p><a href=\"https:\/\/www.planalto.gov.br\/ccivil_03\/leis\/2003\/l10.639.htm\">Lei 10.639\/2003 &#8211; estabelece as diretrizes e bases da educa\u00e7\u00e3o nacional, para incluir no curr\u00edculo oficial da Rede de Ensino a obrigatoriedade da tem\u00e1tica &#8220;Hist\u00f3ria e Cultura Afro-Brasileira&#8221;, e d\u00e1 outras provid\u00eancias.<\/a><\/p>\n<p><a href=\"http:\/\/www.planalto.gov.br\/ccivil_03\/leis\/l9459.htm#:~:text=Altera%20os%20arts.,7%20de%20dezembro%20de%201940.\">Lei 9.459\/1997 &#8211; define os crimes resultantes de preconceito de ra\u00e7a ou de cor, e acrescenta par\u00e1grafo ao art. 140 do Decreto-lei n\u00ba 2.848, de 7 de dezembro de 1940.<\/a><\/p>\n<p><a href=\"https:\/\/www2.camara.leg.br\/legin\/fed\/decret\/2002\/decreto-4228-13-maio-2002-452042-norma-pe.html#:~:text=EMENTA%3A%20Institui%2C%20no%20%C3%A2mbito%20da,Afirmativas%20e%20d%C3%A1%20outras%20provid%C3%AAncias.\">Decreto n. 4.228\/2002 &#8211; Institui, no \u00e2mbito da Administra\u00e7\u00e3o P\u00fablica Federal, o Programa Nacional de A\u00e7\u00f5es Afirmativas e d\u00e1 outras provid\u00eancias.<\/a><\/p>\n<p><a href=\"https:\/\/www.planalto.gov.br\/ccivil_03\/leis\/l7716.htm\">Lei 7.716\/1989 &#8211;\u00a0 Define os crimes de ra\u00e7a ou de cor<\/a><\/p>\n<p><a href=\"http:\/\/gemaa.iesp.uerj.br\/wp-content\/uploads\/2018\/03\/Lei-1258-Amap%C3%A1.pdf\">Lei 1.258\/2008 &#8211; Institui cota de a\u00e7\u00e3o afirmativa para estudantes no acesso aos cursos da Universidade Estadual do Amap\u00e1 &#8211; UEAP.<\/a><\/p>\n<p><a href=\"http:\/\/www.planalto.gov.br\/ccivil_03\/decreto\/2003\/d4887.htm#:~:text=D4887&amp;text=DECRETO%20N%C2%BA%204.887%2C%20DE%2020,Ato%20das%20Disposi%C3%A7%C3%B5es%20Constitucionais%20Transit%C3%B3rias.\">Decreto n. 4.887\/2003 &#8211; Regulamenta o procedimento para identifica\u00e7\u00e3o, reconhecimento, delimita\u00e7\u00e3o, demarca\u00e7\u00e3o e titula\u00e7\u00e3o das terras ocupadas por remanescentes das comunidades dos quilombos<\/a><\/p>\n<p><a href=\"http:\/\/www.planalto.gov.br\/ccivil_03\/decreto\/2003\/d4886.htm#:~:text=DECRETO%20N%C2%BA%204.886%2C%20DE%2020,PNPIR%20e%20d%C3%A1%20outras%20provid%C3%AAncias.\">Decreto n. 4.886\/2003 &#8211; Institui a Pol\u00edtica Nacional de Promo\u00e7\u00e3o da Igualdade Racial &#8211; PNPIR e d\u00e1 outras provid\u00eancias.<\/a><\/p>\n<p>&nbsp;<\/p>\n","protected":false},"excerpt":{"rendered":"<p>Nesta p\u00e1gina voc\u00ea encontrar\u00e1 as leis que versam sobre as rela\u00e7\u00f5es raciais a n\u00edvel nacional e estadual. Lei 10.639\/2003 &#8211; estabelece as diretrizes e bases da educa\u00e7\u00e3o nacional, para incluir no curr\u00edculo oficial da Rede de Ensino a obrigatoriedade da&hellip; <\/p>\n<p><a href=\"https:\/\/www2.unifap.br\/neab\/legislacao-antirracista\/\" class=\"readmore-button\">Continue Reading<\/a><\/p>\n","protected":false},"author":869,"featured_media":0,"parent":0,"menu_order":0,"comment_status":"closed","ping_status":"closed","template":"","meta":{"inline_featured_image":false,"ngg_post_thumbnail":0,"footnotes":""},"class_list":["post-1299","page","type-page","status-publish","hentry"],"_links":{"self":[{"href":"https:\/\/www2.unifap.br\/neab\/wp-json\/wp\/v2\/pages\/1299","targetHints":{"allow":["GET"]}}],"collection":[{"href":"https:\/\/www2.unifap.br\/neab\/wp-json\/wp\/v2\/pages"}],"about":[{"href":"https:\/\/www2.unifap.br\/neab\/wp-json\/wp\/v2\/types\/page"}],"author":[{"embeddable":true,"href":"https:\/\/www2.unifap.br\/neab\/wp-json\/wp\/v2\/users\/869"}],"replies":[{"embeddable":true,"href":"https:\/\/www2.unifap.br\/neab\/wp-json\/wp\/v2\/comments?post=1299"}],"version-history":[{"count":2,"href":"https:\/\/www2.unifap.br\/neab\/wp-json\/wp\/v2\/pages\/1299\/revisions"}],"predecessor-version":[{"id":1301,"href":"https:\/\/www2.unifap.br\/neab\/wp-json\/wp\/v2\/pages\/1299\/revisions\/1301"}],"wp:attachment":[{"href":"https:\/\/www2.unifap.br\/neab\/wp-json\/wp\/v2\/media?parent=1299"}],"curies":[{"name":"wp","href":"https:\/\/api.w.org\/{rel}","templated":true}]}}