{"id":21,"date":"2016-03-01T16:32:47","date_gmt":"2016-03-01T16:32:47","guid":{"rendered":"http:\/\/www2.unifap.br\/neab\/?page_id=21"},"modified":"2017-01-23T13:15:49","modified_gmt":"2017-01-23T13:15:49","slug":"acervo","status":"publish","type":"page","link":"https:\/\/www2.unifap.br\/neab\/memorial\/acervo\/","title":{"rendered":"Acervo"},"content":{"rendered":"<p><strong style=\"line-height: 1.5em\">Revista Palmares: Cultura Afro-Brasileira:<\/strong><\/p>\n<p>&gt;&gt;<a href=\"http:\/\/www2.unifap.br\/neab\/files\/2016\/03\/Revista-PALMARES-2014.pdf\">Revista-PALMARES-2014<br \/>\n<\/a>A Profa. Dra. Piedade Lino Videira, Coordenadora Geral do NEAB, contribui nessa revista com o artigo intitulado &#8220;O Marabaixo do Amap\u00e1: encontro de saberes, hist\u00f3rias e mem\u00f3rias afro-amapaenses&#8221;.<\/p>\n<p><strong>Passado portugu\u00eas, presente negro\u00a0e indizibilidade amer\u00edndia: o caso de Mazag\u00e3o Velho, Amap\u00e1:<\/strong><br \/>\n&gt;&gt;<a style=\"line-height: 1.5em\" href=\"http:\/\/www2.unifap.br\/neab\/files\/2016\/03\/Boyer_-_Passado_Portugies_Presente_Negro_e_Indizibilidade_Amerindia.pdf\">Boyer_-_Passado_Portugies,_Presente_Negro_e_Indizibilidade_Amerindia<\/a><\/p>\n<p><strong>Filosofia Africana-Textos diasp\u00f3rios<\/strong><br \/>\n&gt;&gt;<a style=\"line-height: 1.5em\" title=\"Textos diasp\u00f3ricos \" href=\"http:\/\/filosofia-africana.weebly.com\/textos-diaspoacutericos.html\">http:\/\/filosofia-africana.weebly.com\/textos-diaspoacutericos.html<\/a><\/p>\n<p><strong>Rol de Bibliografias:<br \/>\n<\/strong><a style=\"line-height: 1.5em\" href=\"http:\/\/www2.unifap.br\/neab\/files\/2016\/03\/100-ANOS-DE-BIBLIOGRAFIA-SOBRE-O-NEGRO.pdf\">100 ANOS DE BIBLIOGRAFIA SOBRE O NEGRO<\/a><\/p>\n<p>&nbsp;<\/p>\n","protected":false},"excerpt":{"rendered":"<p>Revista Palmares: Cultura Afro-Brasileira: &gt;&gt;Revista-PALMARES-2014 A Profa. Dra. Piedade Lino Videira, Coordenadora Geral do NEAB, contribui nessa revista com o artigo intitulado &#8220;O Marabaixo do Amap\u00e1: encontro de saberes, hist\u00f3rias e mem\u00f3rias afro-amapaenses&#8221;. Passado portugu\u00eas, presente negro\u00a0e indizibilidade amer\u00edndia: o&hellip; <\/p>\n<p><a href=\"https:\/\/www2.unifap.br\/neab\/memorial\/acervo\/\" class=\"readmore-button\">Continue Reading<\/a><\/p>\n","protected":false},"author":869,"featured_media":0,"parent":7,"menu_order":3,"comment_status":"open","ping_status":"closed","template":"","meta":{"inline_featured_image":false,"ngg_post_thumbnail":0,"footnotes":""},"class_list":["post-21","page","type-page","status-publish","hentry"],"_links":{"self":[{"href":"https:\/\/www2.unifap.br\/neab\/wp-json\/wp\/v2\/pages\/21","targetHints":{"allow":["GET"]}}],"collection":[{"href":"https:\/\/www2.unifap.br\/neab\/wp-json\/wp\/v2\/pages"}],"about":[{"href":"https:\/\/www2.unifap.br\/neab\/wp-json\/wp\/v2\/types\/page"}],"author":[{"embeddable":true,"href":"https:\/\/www2.unifap.br\/neab\/wp-json\/wp\/v2\/users\/869"}],"replies":[{"embeddable":true,"href":"https:\/\/www2.unifap.br\/neab\/wp-json\/wp\/v2\/comments?post=21"}],"version-history":[{"count":18,"href":"https:\/\/www2.unifap.br\/neab\/wp-json\/wp\/v2\/pages\/21\/revisions"}],"predecessor-version":[{"id":540,"href":"https:\/\/www2.unifap.br\/neab\/wp-json\/wp\/v2\/pages\/21\/revisions\/540"}],"up":[{"embeddable":true,"href":"https:\/\/www2.unifap.br\/neab\/wp-json\/wp\/v2\/pages\/7"}],"wp:attachment":[{"href":"https:\/\/www2.unifap.br\/neab\/wp-json\/wp\/v2\/media?parent=21"}],"curies":[{"name":"wp","href":"https:\/\/api.w.org\/{rel}","templated":true}]}}