{"id":46,"date":"2016-03-01T18:55:01","date_gmt":"2016-03-01T18:55:01","guid":{"rendered":"http:\/\/www2.unifap.br\/neab\/?page_id=46"},"modified":"2016-06-10T16:08:29","modified_gmt":"2016-06-10T16:08:29","slug":"seminario-de-politicas-afirmativas-na-unifap-criacao-e-implementacao-do-neab","status":"publish","type":"page","link":"https:\/\/www2.unifap.br\/neab\/memorial\/2015-2\/seminario-de-politicas-afirmativas-na-unifap-criacao-e-implementacao-do-neab\/","title":{"rendered":"Semin\u00e1rio de Pol\u00edticas Afirmativas na UNIFAP: Cria\u00e7\u00e3o e  Implementa\u00e7\u00e3o do NEAB"},"content":{"rendered":"<p><a href=\"http:\/\/www2.unifap.br\/neab\/files\/2016\/03\/faixa-1.jpg\"><img decoding=\"async\" class=\"alignnone size-medium wp-image-103 alignleft\" alt=\"faixa (1)\" src=\"http:\/\/www2.unifap.br\/neab\/files\/2016\/03\/faixa-1-300x107.jpg\" width=\"300\" height=\"107\" srcset=\"https:\/\/www2.unifap.br\/neab\/files\/2016\/03\/faixa-1-300x107.jpg 300w, https:\/\/www2.unifap.br\/neab\/files\/2016\/03\/faixa-1-1024x365.jpg 1024w\" sizes=\"(max-width: 300px) 100vw, 300px\" \/><\/a>Entende-se que as a\u00e7\u00f5es para o reconhecimento da diversidade na sociedade brasileira, especialmente nos espa\u00e7os acad\u00eamicos implica em possibilitar um processo coletivo em busca de caminhos poss\u00edveis para a efetiva\u00e7\u00e3o de Pol\u00edticas Afirmativas na UNIFAP e Cria\u00e7\u00e3o e Implementa\u00e7\u00e3o do NEAB.<\/p>\n<p>&nbsp;<\/p>\n<p>Assista a entrevista da Profa. Dra. Piedade Lino Videira no Bom dia Amaz\u00f4nia da TV Amap\u00e1 sobre o evento:<br \/>\n&gt;&gt;<a style=\"line-height: 1.5em\" href=\"http:\/\/g1.globo.com\/ap\/amapa\/bom-dia-amazonia\/videos\/v\/unifap-vai-promover-rodada-de-debates-sobre-politicas-afirmativas\/4172433\/\">Entrevista da Profa. Dra. Piedade Lino Videira<\/a><\/p>\n<p>Cerim\u00f4nia de abertura do Evento<\/p>\n<p><a href=\"http:\/\/www2.unifap.br\/neab\/files\/2016\/06\/11259507_1628815337336000_3280335116521199949_n.jpg\"><img fetchpriority=\"high\" decoding=\"async\" alt=\"11259507_1628815337336000_3280335116521199949_n\" src=\"http:\/\/www2.unifap.br\/neab\/files\/2016\/06\/11259507_1628815337336000_3280335116521199949_n-300x198.jpg\" width=\"300\" height=\"198\" \/><\/a><\/p>\n<p><a href=\"http:\/\/www2.unifap.br\/neab\/files\/2016\/06\/11026247_1628815217336012_3737290125926147933_n.jpg\"><img decoding=\"async\" alt=\"11026247_1628815217336012_3737290125926147933_n\" src=\"http:\/\/www2.unifap.br\/neab\/files\/2016\/06\/11026247_1628815217336012_3737290125926147933_n-300x198.jpg\" width=\"300\" height=\"198\" \/><\/a><\/p>\n<p><a href=\"http:\/\/www2.unifap.br\/neab\/files\/2016\/06\/11351458_1628818414002359_2811174909407629677_n.jpg\"><img loading=\"lazy\" decoding=\"async\" alt=\"11351458_1628818414002359_2811174909407629677_n\" src=\"http:\/\/www2.unifap.br\/neab\/files\/2016\/06\/11351458_1628818414002359_2811174909407629677_n-300x198.jpg\" width=\"300\" height=\"198\" \/><\/a><\/p>\n","protected":false},"excerpt":{"rendered":"<p>Entende-se que as a\u00e7\u00f5es para o reconhecimento da diversidade na sociedade brasileira, especialmente nos espa\u00e7os acad\u00eamicos implica em possibilitar um processo coletivo em busca de caminhos poss\u00edveis para a efetiva\u00e7\u00e3o de Pol\u00edticas Afirmativas na UNIFAP e Cria\u00e7\u00e3o e Implementa\u00e7\u00e3o do&hellip; <\/p>\n<p><a href=\"https:\/\/www2.unifap.br\/neab\/memorial\/2015-2\/seminario-de-politicas-afirmativas-na-unifap-criacao-e-implementacao-do-neab\/\" class=\"readmore-button\">Continue Reading<\/a><\/p>\n","protected":false},"author":869,"featured_media":0,"parent":50,"menu_order":1,"comment_status":"open","ping_status":"open","template":"","meta":{"inline_featured_image":false,"ngg_post_thumbnail":0,"footnotes":""},"class_list":["post-46","page","type-page","status-publish","hentry"],"_links":{"self":[{"href":"https:\/\/www2.unifap.br\/neab\/wp-json\/wp\/v2\/pages\/46","targetHints":{"allow":["GET"]}}],"collection":[{"href":"https:\/\/www2.unifap.br\/neab\/wp-json\/wp\/v2\/pages"}],"about":[{"href":"https:\/\/www2.unifap.br\/neab\/wp-json\/wp\/v2\/types\/page"}],"author":[{"embeddable":true,"href":"https:\/\/www2.unifap.br\/neab\/wp-json\/wp\/v2\/users\/869"}],"replies":[{"embeddable":true,"href":"https:\/\/www2.unifap.br\/neab\/wp-json\/wp\/v2\/comments?post=46"}],"version-history":[{"count":6,"href":"https:\/\/www2.unifap.br\/neab\/wp-json\/wp\/v2\/pages\/46\/revisions"}],"predecessor-version":[{"id":249,"href":"https:\/\/www2.unifap.br\/neab\/wp-json\/wp\/v2\/pages\/46\/revisions\/249"}],"up":[{"embeddable":true,"href":"https:\/\/www2.unifap.br\/neab\/wp-json\/wp\/v2\/pages\/50"}],"wp:attachment":[{"href":"https:\/\/www2.unifap.br\/neab\/wp-json\/wp\/v2\/media?parent=46"}],"curies":[{"name":"wp","href":"https:\/\/api.w.org\/{rel}","templated":true}]}}