{"id":469,"date":"2016-08-04T15:45:16","date_gmt":"2016-08-04T15:45:16","guid":{"rendered":"http:\/\/www2.unifap.br\/neab\/?page_id=469"},"modified":"2016-08-19T13:13:40","modified_gmt":"2016-08-19T13:13:40","slug":"documentos","status":"publish","type":"page","link":"https:\/\/www2.unifap.br\/neab\/memorial\/2016-2\/curso-extensionista\/documentos\/","title":{"rendered":"Normas Gerais"},"content":{"rendered":"<p>Guia de apresenta\u00e7\u00e3o de Artigo&gt;&gt;<a href=\"http:\/\/www2.unifap.br\/neab\/files\/2016\/08\/Guia-para-elabora\u00e7\u00e3o-de-Artigo.pdf\">Clique aqui<\/a><\/p>\n<p>Artigo-Modelo Edit\u00e1vel&gt;&gt;<a href=\"http:\/\/www2.unifap.br\/neab\/files\/2016\/08\/ARTIGO-Modelo-Edit\u00e1vel1.docx\">Clique aqui<\/a><a href=\"http:\/\/www2.unifap.br\/neab\/files\/2016\/08\/ARTIGO-Modelo-Edit\u00e1vel.docx\"><br \/>\n<\/a><\/p>\n<p>Normas Gerais (Orientadores e Prazos)&gt;&gt;<a href=\"http:\/\/www2.unifap.br\/neab\/files\/2016\/08\/NORMAS-GERAIS1.pdf\">NORMAS GERAIS<\/a>\u00a0(atualizado em: 17\/08\/2016)<strong><br \/>\n<\/strong><\/p>\n<p>As <strong>Normas Gerais<\/strong> para produ\u00e7\u00e3o de Trabalho de Conclus\u00e3o de Curso sofreram \u00a0que est\u00e3o destacadas de vermelho.<\/p>\n<p>Quaisquer d\u00favidas estamos \u00e0 disposi\u00e7\u00e3o.<\/p>\n<p>Equipe do NEAB<\/p>\n","protected":false},"excerpt":{"rendered":"<p>Guia de apresenta\u00e7\u00e3o de Artigo&gt;&gt;Clique aqui Artigo-Modelo Edit\u00e1vel&gt;&gt;Clique aqui Normas Gerais (Orientadores e Prazos)&gt;&gt;NORMAS GERAIS\u00a0(atualizado em: 17\/08\/2016) As Normas Gerais para produ\u00e7\u00e3o de Trabalho de Conclus\u00e3o de Curso sofreram \u00a0que est\u00e3o destacadas de vermelho. Quaisquer d\u00favidas estamos \u00e0 disposi\u00e7\u00e3o. Equipe&hellip; <\/p>\n<p><a href=\"https:\/\/www2.unifap.br\/neab\/memorial\/2016-2\/curso-extensionista\/documentos\/\" class=\"readmore-button\">Continue Reading<\/a><\/p>\n","protected":false},"author":869,"featured_media":0,"parent":254,"menu_order":0,"comment_status":"open","ping_status":"open","template":"","meta":{"inline_featured_image":false,"ngg_post_thumbnail":0,"footnotes":""},"class_list":["post-469","page","type-page","status-publish","hentry"],"_links":{"self":[{"href":"https:\/\/www2.unifap.br\/neab\/wp-json\/wp\/v2\/pages\/469","targetHints":{"allow":["GET"]}}],"collection":[{"href":"https:\/\/www2.unifap.br\/neab\/wp-json\/wp\/v2\/pages"}],"about":[{"href":"https:\/\/www2.unifap.br\/neab\/wp-json\/wp\/v2\/types\/page"}],"author":[{"embeddable":true,"href":"https:\/\/www2.unifap.br\/neab\/wp-json\/wp\/v2\/users\/869"}],"replies":[{"embeddable":true,"href":"https:\/\/www2.unifap.br\/neab\/wp-json\/wp\/v2\/comments?post=469"}],"version-history":[{"count":19,"href":"https:\/\/www2.unifap.br\/neab\/wp-json\/wp\/v2\/pages\/469\/revisions"}],"predecessor-version":[{"id":520,"href":"https:\/\/www2.unifap.br\/neab\/wp-json\/wp\/v2\/pages\/469\/revisions\/520"}],"up":[{"embeddable":true,"href":"https:\/\/www2.unifap.br\/neab\/wp-json\/wp\/v2\/pages\/254"}],"wp:attachment":[{"href":"https:\/\/www2.unifap.br\/neab\/wp-json\/wp\/v2\/media?parent=469"}],"curies":[{"name":"wp","href":"https:\/\/api.w.org\/{rel}","templated":true}]}}