{"id":84,"date":"2016-03-01T20:26:41","date_gmt":"2016-03-01T20:26:41","guid":{"rendered":"http:\/\/www2.unifap.br\/neab\/?page_id=84"},"modified":"2021-10-08T15:22:13","modified_gmt":"2021-10-08T15:22:13","slug":"estrutura-organizacional","status":"publish","type":"page","link":"https:\/\/www2.unifap.br\/neab\/estrutura-organizacional\/","title":{"rendered":"Membros do Neab\/Unifap"},"content":{"rendered":"<p>O NEAB \u00e9 constitu\u00eddo por: servidores (as) docentes e t\u00e9cnico-administrativos, discentes, pesquisadores (as), representantes dos movimentos sociais negros, da sociedade civil organizada, al\u00e9m de outros sujeitos interessados em desenvolver pesquisas cient\u00edfico-acad\u00eamicas, atividades de extens\u00e3o e de forma\u00e7\u00e3o cultural, voltadas \u00e0 quest\u00e3o \u00e9tnico-racial e que possam subsidiar e ampliar o pensamento e a discuss\u00e3o sobre as \u00e1reas de atua\u00e7\u00e3o do referido N\u00facleo.<\/p>\n<p>O NEAB \u00e9 gerido por uma Coordena\u00e7\u00e3o Colegiada, composta pelas Coordena\u00e7\u00f5es Geral, \u00a0Coordena\u00e7\u00e3o de Pesquisa e P\u00f3s-gradua\u00e7\u00e3o, \u00a0Coordena\u00e7\u00e3o de Ensino,Coordena\u00e7\u00e3o de Extens\u00e3o, Coordena\u00e7\u00e3o Acad\u00eamica.<\/p>\n<table style=\"height: 2619px\" width=\"1383\">\n<tbody>\n<tr>\n<td width=\"311\">\n<p style=\"text-align: center\"><strong>MEMBROS<\/strong><\/p>\n<\/td>\n<td width=\"311\">\n<p style=\"text-align: center\"><strong>FORMA\u00c7\u00c3O<\/strong><\/p>\n<p style=\"text-align: center\"><strong>ACAD\u00caMICA\/TITULA\u00c7\u00c3O<\/strong><\/p>\n<\/td>\n<td width=\"311\">\n<p style=\"text-align: center\"><strong>\u00c1REA DE ATUA\u00c7\u00c3O E<\/strong><\/p>\n<p style=\"text-align: center\"><strong>PESQUISA\/ PUBLICA\u00c7\u00d5ES<\/strong><\/p>\n<\/td>\n<\/tr>\n<tr>\n<td width=\"311\">\n<p style=\"text-align: justify\">Profa. Me. Irislane Pereira de Moraes Ewjimi<\/p>\n<p style=\"text-align: justify\"><strong>Vincula\u00e7\u00e3o: <\/strong>UNIFAP\/ Departamento de Filosofia e Ci\u00eancias Humanas\/Hist\u00f3ria<\/p>\n<p style=\"text-align: justify\"><strong>Fun\u00e7\u00e3o:\u00a0<\/strong>Coordenadora Geral<\/p>\n<\/td>\n<td width=\"311\">Gradua\u00e7\u00e3o em Ci\u00eancias Sociais (UFPA); Especializa\u00e7\u00e3o em Arqueologia (UFPA); Mestrado em Programa de P\u00f3s-gradua\u00e7\u00e3o em Antropologia (UFPA); Doutorado em Arqueologia (UFMG)<\/p>\n<p style=\"text-align: justify\">\n<\/td>\n<td width=\"311\"><strong>\u00c1rea de Pesquisa:<\/strong> Arqueologia, Pr\u00e9-hist\u00f3ria Brasileira, Arqueologia Hist\u00f3rica e Estudos \u00c9tnicos, Patrim\u00f4nio Cultural.<strong>Para mais informa\u00e7\u00f5es ver curr\u00edculo lattes: <\/strong><a href=\"http:\/\/buscatextual.cnpq.br\/buscatextual\/visualizacv.do?id=K4486797E5\">Lattes<\/a><\/td>\n<\/tr>\n<tr>\n<td width=\"311\">Profa. Dra. Piedade Lino Videira<\/p>\n<p><strong>Vincula\u00e7\u00e3o<\/strong>: UNIFAP\/ Departamento de Educa\u00e7\u00e3o\/ Pedagogia<\/p>\n<p><strong>Fun\u00e7\u00e3o<\/strong>: Coordenadora de Ensino<\/td>\n<td width=\"311\">\n<p style=\"text-align: justify\">Graduada em Artes; Especialista em Psicopedagogia; Mestrado e Doutorado em Educa\u00e7\u00e3o Brasileira pela Faculdade de Educa\u00e7\u00e3o\/FACED da Universidade Federal do Cear\u00e1\/UFC.<\/p>\n<\/td>\n<td width=\"311\">\n<p style=\"text-align: justify\"><strong>\u00c1rea de Atua\u00e7\u00e3o<\/strong>: Arte\/Educa\u00e7\u00e3o, Educa\u00e7\u00e3o, Cultura e Identidade \u00c9tnica; Rela\u00e7\u00f5es \u00c9tnico-Raciais com \u00canfase em Educa\u00e7\u00e3o Quilombola.<\/p>\n<p style=\"text-align: justify\"><strong>Publica\u00e7\u00f5es<\/strong>: Marabaixo, Dan\u00e7a Afrodescendente: Significando a Identidade \u00c9tnica do Negro Amapaense. Fortaleza: Edi\u00e7\u00f5es UFC, 2009 e, Batuques, Folias e Ladainhas: A Cultura do Quilombo do Cria-\u00fa em Macap\u00e1 e sua Educa\u00e7\u00e3o. Fortaleza: Edi\u00e7\u00f5es UFC, 2012.<\/p>\n<p style=\"text-align: justify\"><strong>L\u00edder do Grupo de Pesquisa:<\/strong> Corporeidade, Artes, Cultura e Educa\u00e7\u00e3o para as Rela\u00e7\u00f5es \u00c9tnico Raciais com \u00canfase em Educa\u00e7\u00e3o Quilombola.<\/p>\n<p style=\"text-align: justify\"><strong>Linhas de Pesquisa: <\/strong><em>Corporeidade, Artes, Cultura e Educa\u00e7\u00e3o para as Rela\u00e7\u00f5es \u00c9tnico Raciais com \u00canfase em Educa\u00e7\u00e3o Quilombola.<\/em><\/p>\n<p style=\"text-align: justify\"><strong><em>Para mais informa\u00e7\u00f5es<\/em><\/strong><strong> ver curr\u00edculo lattes: <\/strong><a href=\"http:\/\/buscatextual.cnpq.br\/buscatexual\/visualizacv.do?id=K4188484J9\">Lattes<\/a><\/p>\n<\/td>\n<\/tr>\n<tr>\n<td width=\"311\">\n<p style=\"text-align: justify\">Prof. Dr. Irlon Maciel Ferreira<\/p>\n<p style=\"text-align: justify\"><strong>Vincula\u00e7\u00e3o: <\/strong>UNIFAP\/ Departamento de Ci\u00eancias Exatas e Tecnol\u00f3gicas<\/p>\n<p style=\"text-align: justify\"><strong>Fun\u00e7\u00e3o: <\/strong>Coordenador de Pesquisa e P\u00f3s &#8211; Gradua\u00e7\u00e3o<\/p>\n<\/td>\n<td width=\"311\">Licenciado em Qu\u00edmica (2009) (UEMS). Mestre em Ci\u00eancia e Tecnologia Ambiental pela UFGD (2012). Doutorado em Qu\u00edmica Org\u00e2nica e Biol\u00f3gica pela Universidade de S\u00e3o Paulo &#8211; Instituto de Qu\u00edmica de S\u00e3o Carlos.<\/td>\n<td width=\"311\"><\/td>\n<\/tr>\n<tr>\n<td width=\"311\">\n<p style=\"text-align: justify\">Profa. Me. Annick Marie Belrose<\/p>\n<p style=\"text-align: justify\"><strong>Vincula\u00e7\u00e3o: <\/strong>UNIFAP\/ Departamento de Letras e Artes<\/p>\n<p style=\"text-align: justify\"><strong>Fun\u00e7\u00e3o: <\/strong>Membro do N\u00facleo<\/p>\n<p style=\"text-align: justify\">\n<\/td>\n<td width=\"311\">\n<p style=\"text-align: justify\">Doutoranda em Estudos Liter\u00e1rios (DINTER UNESP Araraquara\/UNIFAP). \u00c9 titular de um Master 2 (mestrado) em Ci\u00eancias da Linguagem-Especialidade FLE pela Universidade Stendhal Grenoble 3 (Fran\u00e7a,2015). Possui Especializa\u00e7\u00e3o em L\u00edngua Francesa e gradua\u00e7\u00e3o em Letras-Tradutor Portugu\u00eas-Franc\u00eas pelo Instituto de Ensino Superior do Amap\u00e1 (2008). Atualmente \u00e9 Professora assistente no colegiado de Letras portugu\u00eas\/Franc\u00eas da Universidade Federal do Amap\u00e1 (UNIFAP).<\/p>\n<\/td>\n<td width=\"311\"><\/td>\n<\/tr>\n<tr>\n<td width=\"311\">\n<p style=\"text-align: justify\">Prof. Ms. Silvaney Rubens A. de Souza<\/p>\n<p style=\"text-align: justify\"><strong>Vincula\u00e7\u00e3o: <\/strong>Secretaria de Estado da Educa\u00e7\u00e3o (SEED)<\/p>\n<p style=\"text-align: justify\"><strong>Fun\u00e7\u00e3o: <\/strong>Colaborador nas Comiss\u00f5es de Heteroidentifica\u00e7\u00e3o\u00a0 e Recursal<\/p>\n<\/td>\n<td width=\"311\">\n<p style=\"text-align: justify\">Mestre em Desenvolvimento Regional pela UNIFAP\/PPGMDR (2020), Especialista em Historiografia da Amaz\u00f4nia\/UFPA (2017), Graduado em HIST\u00d3RIA (LICENCIATURA E BACHARELADO) pela UFPA. Prof. Efetivo da Secretaria de Estado da Educa\u00e7\u00e3o (SEED), atuando na educa\u00e7\u00e3o de jovens e adultos &#8211; EJA.<\/p>\n<\/td>\n<td width=\"311\">\n<p style=\"text-align: justify\"><strong>\u00c1rea de Pesquisa: <\/strong>Desenvolve pesquisas e atividades nos<\/p>\n<p style=\"text-align: justify\">seguintes temas: educa\u00e7\u00e3o das rela\u00e7\u00f5es \u00e9tnico-raciais, lei 10.639\/03 e 11.645, educa\u00e7\u00e3o de Jovens e adultos, Hist\u00f3ria da<\/p>\n<p style=\"text-align: justify\">Amaz\u00f4nia e do Amap\u00e1.<\/p>\n<\/td>\n<\/tr>\n<tr>\n<td width=\"311\">\n<p style=\"text-align: justify\">Profa. Me. Maria das Dores<\/p>\n<p style=\"text-align: justify\"><strong>Vincula\u00e7\u00e3o:<\/strong> Secretaria de Estado da Educa\u00e7\u00e3o (AP)<\/p>\n<p style=\"text-align: justify\"><strong>Fun\u00e7\u00e3o: <\/strong>Colaboradora nas Comiss\u00f5es de Heteroidentifica\u00e7\u00e3o\u00a0 e Recursal<\/p>\n<\/td>\n<td width=\"311\">\n<p style=\"text-align: justify\">Mestra em Desenvolvimento Sustent\u00e1vel junto aos Povos e Terras Tradicionais pela Universidade de Bras\u00edlia (UnB). Especialista em Hist\u00f3ria e Cultura Africana e Afro-brasileira. Licenciada ou Bacharelada em Economia Dom\u00e9stica pela Universidade Federal Rural do Rio de Janeiro (1986). Atualmente \u00e9 magist\u00e9rio do Ensino B\u00e1sico T\u00e9cnico Tecnol\u00f3gico &#8211; Secretaria de Estado da Educa\u00e7\u00e3o (AP).<\/p>\n<\/td>\n<td width=\"311\">\n<p style=\"text-align: justify\"><strong>\u00c1rea de Pesquisa: <\/strong>Militante do movimento de mulheres negras brasileira (AMNB) desde 1999. Ambientalista. Cofundadora do Instituto de Mulheres Negras do Amap\u00e1 &#8211; IMENA e Rede Fulanas &#8211; Negras da Amaz\u00f4nia Brasileira &#8211; NAB. Com interesse nas seguintes temas: Mulheres negras amaz\u00f4nicas. Racismo. Saberes e fazeres. Educa\u00e7\u00e3o etnicorracial.<\/p>\n<\/td>\n<\/tr>\n<tr>\n<td width=\"311\">\n<p style=\"text-align: justify\">Esp. Enilton Ferreira Vieira<\/p>\n<p style=\"text-align: justify\"><strong>Vincula\u00e7\u00e3o: <\/strong>(PPGED-UNIFAP)<\/p>\n<p style=\"text-align: justify\"><strong>Fun\u00e7\u00e3o: <\/strong>Colaborador Do N\u00facleo<\/p>\n<\/td>\n<td width=\"311\">\n<p style=\"text-align: justify\">Graduado em Administra\u00e7\u00e3o pela Associa\u00e7\u00e3o Internacional de Educa\u00e7\u00e3o Continuada &#8211; AIEC (2014), graduando de Direito da Universidade Federal do Amap\u00e1 &#8211; UNIFAP. Especialista em Administra\u00e7\u00e3o p\u00fablica pela Est\u00e1cio de S\u00e1( 2017), com \u00eanfase em Contabilidade e Finan\u00e7as P\u00fablicas e Auditoria e Mestrando em Educa\u00e7\u00e3o<\/p>\n<p>&nbsp;<\/td>\n<td width=\"311\"><\/td>\n<\/tr>\n<tr>\n<td width=\"311\"><\/td>\n<td width=\"311\"><\/td>\n<td width=\"311\"><\/td>\n<\/tr>\n<tr>\n<td width=\"311\"><\/td>\n<td width=\"311\"><\/td>\n<td width=\"311\"><\/td>\n<\/tr>\n<tr>\n<td width=\"311\"><\/td>\n<td width=\"311\"><\/td>\n<td width=\"311\"><\/td>\n<\/tr>\n<tr>\n<td width=\"311\"><\/td>\n<td width=\"311\"><\/td>\n<td width=\"311\"><\/td>\n<\/tr>\n<tr>\n<td width=\"311\"><\/td>\n<td width=\"311\"><\/td>\n<td width=\"311\"><\/td>\n<\/tr>\n<\/tbody>\n<\/table>\n<p>&nbsp;<\/p>\n<p>&nbsp;<\/p>\n","protected":false},"excerpt":{"rendered":"<p>O NEAB \u00e9 constitu\u00eddo por: servidores (as) docentes e t\u00e9cnico-administrativos, discentes, pesquisadores (as), representantes dos movimentos sociais negros, da sociedade civil organizada, al\u00e9m de outros sujeitos interessados em desenvolver pesquisas cient\u00edfico-acad\u00eamicas, atividades de extens\u00e3o e de forma\u00e7\u00e3o cultural, voltadas \u00e0&hellip; <\/p>\n<p><a href=\"https:\/\/www2.unifap.br\/neab\/estrutura-organizacional\/\" class=\"readmore-button\">Continue Reading<\/a><\/p>\n","protected":false},"author":869,"featured_media":0,"parent":0,"menu_order":1,"comment_status":"closed","ping_status":"closed","template":"","meta":{"inline_featured_image":false,"ngg_post_thumbnail":0,"footnotes":""},"class_list":["post-84","page","type-page","status-publish","hentry"],"_links":{"self":[{"href":"https:\/\/www2.unifap.br\/neab\/wp-json\/wp\/v2\/pages\/84","targetHints":{"allow":["GET"]}}],"collection":[{"href":"https:\/\/www2.unifap.br\/neab\/wp-json\/wp\/v2\/pages"}],"about":[{"href":"https:\/\/www2.unifap.br\/neab\/wp-json\/wp\/v2\/types\/page"}],"author":[{"embeddable":true,"href":"https:\/\/www2.unifap.br\/neab\/wp-json\/wp\/v2\/users\/869"}],"replies":[{"embeddable":true,"href":"https:\/\/www2.unifap.br\/neab\/wp-json\/wp\/v2\/comments?post=84"}],"version-history":[{"count":61,"href":"https:\/\/www2.unifap.br\/neab\/wp-json\/wp\/v2\/pages\/84\/revisions"}],"predecessor-version":[{"id":1335,"href":"https:\/\/www2.unifap.br\/neab\/wp-json\/wp\/v2\/pages\/84\/revisions\/1335"}],"wp:attachment":[{"href":"https:\/\/www2.unifap.br\/neab\/wp-json\/wp\/v2\/media?parent=84"}],"curies":[{"name":"wp","href":"https:\/\/api.w.org\/{rel}","templated":true}]}}