{"id":941,"date":"2017-08-04T17:13:38","date_gmt":"2017-08-04T17:13:38","guid":{"rendered":"http:\/\/www2.unifap.br\/neab\/?page_id=941"},"modified":"2017-08-04T17:59:27","modified_gmt":"2017-08-04T17:59:27","slug":"ciclo-de-estudos-neab","status":"publish","type":"page","link":"https:\/\/www2.unifap.br\/neab\/ciclo-de-estudos-neab\/","title":{"rendered":"Ciclo de Estudos Neab"},"content":{"rendered":"<p>O Ciclo de Estudos do N\u00facleo de Estudos Afro-Brasileiros &#8211; Neab\/Unifap contempla a necessidade de atualiza\u00e7\u00e3o de conte\u00fados, temas e problemas como agenda sempre provocadora e urgente. Nossos encontros seguir\u00e3o calend\u00e1rio proposto a cada ciclo, com as leituras b\u00e1sicas sugeridas. Outros autores e obras podem ser inclu\u00eddos ao longo do processo. Uma copia dos textos estar\u00e1 dispon\u00edvel em ambiente virtual (<a href=\"https:\/\/drive.google.com\/open?id=0ByJGsZyMi03delpKZlJUUWVFTVE\">Clique Aqui<\/a>) \u00a0e em forma f\u00edsica em pasta (com nome ESTUDOS NEAB\/UNIFAP) na copiadora pr\u00f3xima \u00e0 Cantina Central, vizinha ao bloco de Geografia na UNIFAP. A cada semestre os Estudos NEAB contemplar\u00e3o uma tem\u00e1tica diferente com diferentes coordenadores em suas discuss\u00f5es. Em 2017.2 teremos o tema geral:<b> <\/b><b>QUILOMBOLISMO, TERRITORIALIDADE, IDENTIDADE, DISPUTAS<\/b>. Os encontros sempre ocorrer\u00e3o a partir das 15 horas, no audit\u00f3rio 02 do Centro Integrado de Pesquisa e P\u00f3s-gradua\u00e7\u00e3o &#8211; Cipp\/Unifap (Pr\u00e9dio Aranha).<\/p>\n<p>N\u00e3o deixe de acompanhar nossas atualiza\u00e7\u00f5es nas <a href=\"https:\/\/www.facebook.com\/neabunifap\/\">redes sociais<\/a> e no <a href=\"http:\/\/www2.unifap.br\/neab\/\">site do NEAB<\/a>!<\/p>\n<p>Convite feito!<\/p>\n<p>Atenciosamente,<\/p>\n<p>Msc. Luciano Magnus de Ara\u00fajo<\/p>\n<p>Coordenador de Extens\u00e3o NEAB\/UNIFAP<\/p>\n","protected":false},"excerpt":{"rendered":"<p>O Ciclo de Estudos do N\u00facleo de Estudos Afro-Brasileiros &#8211; Neab\/Unifap contempla a necessidade de atualiza\u00e7\u00e3o de conte\u00fados, temas e problemas como agenda sempre provocadora e urgente. Nossos encontros seguir\u00e3o calend\u00e1rio proposto a cada ciclo, com as leituras b\u00e1sicas sugeridas.&hellip; <\/p>\n<p><a href=\"https:\/\/www2.unifap.br\/neab\/ciclo-de-estudos-neab\/\" class=\"readmore-button\">Continue Reading<\/a><\/p>\n","protected":false},"author":872,"featured_media":0,"parent":0,"menu_order":6,"comment_status":"open","ping_status":"open","template":"","meta":{"inline_featured_image":false,"ngg_post_thumbnail":0,"footnotes":""},"class_list":["post-941","page","type-page","status-publish","hentry"],"_links":{"self":[{"href":"https:\/\/www2.unifap.br\/neab\/wp-json\/wp\/v2\/pages\/941","targetHints":{"allow":["GET"]}}],"collection":[{"href":"https:\/\/www2.unifap.br\/neab\/wp-json\/wp\/v2\/pages"}],"about":[{"href":"https:\/\/www2.unifap.br\/neab\/wp-json\/wp\/v2\/types\/page"}],"author":[{"embeddable":true,"href":"https:\/\/www2.unifap.br\/neab\/wp-json\/wp\/v2\/users\/872"}],"replies":[{"embeddable":true,"href":"https:\/\/www2.unifap.br\/neab\/wp-json\/wp\/v2\/comments?post=941"}],"version-history":[{"count":5,"href":"https:\/\/www2.unifap.br\/neab\/wp-json\/wp\/v2\/pages\/941\/revisions"}],"predecessor-version":[{"id":953,"href":"https:\/\/www2.unifap.br\/neab\/wp-json\/wp\/v2\/pages\/941\/revisions\/953"}],"wp:attachment":[{"href":"https:\/\/www2.unifap.br\/neab\/wp-json\/wp\/v2\/media?parent=941"}],"curies":[{"name":"wp","href":"https:\/\/api.w.org\/{rel}","templated":true}]}}