{"id":967,"date":"2017-10-05T18:44:01","date_gmt":"2017-10-05T18:44:01","guid":{"rendered":"http:\/\/www2.unifap.br\/neab\/?page_id=967"},"modified":"2017-10-05T18:44:35","modified_gmt":"2017-10-05T18:44:35","slug":"regimento-interno","status":"publish","type":"page","link":"https:\/\/www2.unifap.br\/neab\/apresentacao\/regimento-interno\/","title":{"rendered":"Regimento Interno"},"content":{"rendered":"<p><a href=\"http:\/\/www2.unifap.br\/neab\/files\/2017\/10\/Resolu\u00e7\u00e3o-de-Aprova\u00e7\u00e3o-e-Regimento-Interno-do-Neab.pdf\">Clique aqui<\/a>\u00a0para ter acesso ao Regimento Interno do Neab.<\/p>\n","protected":false},"excerpt":{"rendered":"<p>Clique aqui\u00a0para ter acesso ao Regimento Interno do Neab.<\/p>\n","protected":false},"author":869,"featured_media":0,"parent":10,"menu_order":0,"comment_status":"open","ping_status":"open","template":"","meta":{"inline_featured_image":false,"ngg_post_thumbnail":0,"footnotes":""},"class_list":["post-967","page","type-page","status-publish","hentry"],"_links":{"self":[{"href":"https:\/\/www2.unifap.br\/neab\/wp-json\/wp\/v2\/pages\/967","targetHints":{"allow":["GET"]}}],"collection":[{"href":"https:\/\/www2.unifap.br\/neab\/wp-json\/wp\/v2\/pages"}],"about":[{"href":"https:\/\/www2.unifap.br\/neab\/wp-json\/wp\/v2\/types\/page"}],"author":[{"embeddable":true,"href":"https:\/\/www2.unifap.br\/neab\/wp-json\/wp\/v2\/users\/869"}],"replies":[{"embeddable":true,"href":"https:\/\/www2.unifap.br\/neab\/wp-json\/wp\/v2\/comments?post=967"}],"version-history":[{"count":1,"href":"https:\/\/www2.unifap.br\/neab\/wp-json\/wp\/v2\/pages\/967\/revisions"}],"predecessor-version":[{"id":969,"href":"https:\/\/www2.unifap.br\/neab\/wp-json\/wp\/v2\/pages\/967\/revisions\/969"}],"up":[{"embeddable":true,"href":"https:\/\/www2.unifap.br\/neab\/wp-json\/wp\/v2\/pages\/10"}],"wp:attachment":[{"href":"https:\/\/www2.unifap.br\/neab\/wp-json\/wp\/v2\/media?parent=967"}],"curies":[{"name":"wp","href":"https:\/\/api.w.org\/{rel}","templated":true}]}}